{"id":14278,"date":"2025-02-25T11:38:19","date_gmt":"2025-02-25T10:38:19","guid":{"rendered":"https:\/\/www.ebp.be\/?post_type=speakers&#038;p=14278"},"modified":"2026-04-20T13:04:08","modified_gmt":"2026-04-20T12:04:08","slug":"olivier-lefevre","status":"publish","type":"speakers","link":"https:\/\/www.ebp.be\/fr\/speakers\/olivier-lefevre\/","title":{"rendered":"Olivier Lefevre"},"content":{"rendered":"\t\t<div data-elementor-type=\"wp-post\" data-elementor-id=\"14278\" class=\"elementor elementor-14278\" data-elementor-post-type=\"speakers\">\n\t\t\t\t<div class=\"elementor-element elementor-element-5570ad1f e-flex e-con-boxed e-con e-parent\" data-id=\"5570ad1f\" data-element_type=\"container\" data-e-type=\"container\">\n\t\t\t\t\t<div class=\"e-con-inner\">\n\t\t\t\t<div class=\"elementor-element elementor-element-19cb92c5 elementor-widget elementor-widget-text-editor\" data-id=\"19cb92c5\" data-element_type=\"widget\" data-e-type=\"widget\" data-widget_type=\"text-editor.default\">\n\t\t\t\t<div class=\"elementor-widget-container\">\n\t\t\t\t\t\t\t\t\t<ul><li>Son approche : en co-cr\u00e9ation, nous faisons la diff\u00e9rence.<\/li><li>Sa devise : Merci au pass\u00e9 pour les le\u00e7ons apprises. Bienvenue au futur pour les opportunit\u00e9s qu&rsquo;il apporte !<\/li><li>Son chemin vers le succ\u00e8s : inspirez et, encore plus important, laissez-vous inspirer.<\/li><\/ul><p>Des m\u00e9dias au partenaire pour les talents : le parcours d\u2019Olivier en communication<\/p><p>Olivier a commenc\u00e9 sa carri\u00e8re dans les m\u00e9dias, o\u00f9 il a appris comme nul autre l&rsquo;importance d&rsquo;une communication forte, tant au niveau professionnel qu&rsquo;interpersonnel. Son parcours, des m\u00e9dias aux ressources humaines, lui conf\u00e8re une vision unique pour relier les int\u00e9r\u00eats op\u00e9rationnels et strat\u00e9giques des entreprises aux aspirations personnelles.<\/p><p>16 ans chez Randstad : Un parcours de leadership et d&rsquo;innovation<\/p><p>Avec 16 ans d&rsquo;exp\u00e9rience au sein du groupe Randstad, Olivier a occup\u00e9 divers r\u00f4les de direction, allant de la gestion d&rsquo;\u00e9quipes commerciales \u00e0 la r\u00e9alisation de projets innovants tels que le d\u00e9veloppement d&rsquo;une cellule de support aux ventes. Son parcours t\u00e9moigne de son leadership et de sa qu\u00eate constante d&rsquo;innovation.<\/p><p>Inspirateur chez Randstad : le r\u00f4le d\u2019Olivier dans le branding des employeurs et le branding personnel<\/p><p>En tant que consultant principal chez Randstad Advisory Services, Olivier est un moteur dans le domaine de l\u2019employer branding. Aux c\u00f4t\u00e9s de Jan Denys, fondateur de l\u2019\u00e9tude annuelle sur la marque employeur, Olivier a non seulement d\u00e9velopp\u00e9 des strat\u00e9gies, mais a \u00e9galement organis\u00e9 des ateliers pour des entreprises priv\u00e9es et publiques ainsi que pour divers groupes de talents. Son engagement fait de lui une source pr\u00e9cieuse d\u2019inspiration et d\u2019expertise.<\/p>\t\t\t\t\t\t\t\t<\/div>\n\t\t\t\t<\/div>\n\t\t\t\t\t<\/div>\n\t\t\t\t<\/div>\n\t\t\t\t<\/div>\n\t\t","protected":false},"excerpt":{"rendered":"<p>Director Randstad Advisory Services<\/p>\n","protected":false},"featured_media":21400,"template":"","categories":[150,145,141],"tags":[],"class_list":["post-14278","speakers","type-speakers","status-publish","has-post-thumbnail","hentry","category-2024-ngb-fr","category-2025-ngb-fr-fr","category-orateurs"],"acf":[],"yoast_head":"<!-- This site is optimized with the Yoast SEO plugin v27.4 - https:\/\/yoast.com\/product\/yoast-seo-wordpress\/ -->\n<title>Orateur Olivier Lefevre - EBP Website<\/title>\n<meta name=\"robots\" content=\"index, follow, max-snippet:-1, max-image-preview:large, max-video-preview:-1\" \/>\n<link rel=\"canonical\" href=\"https:\/\/www.ebp.be\/fr\/speakers\/olivier-lefevre\/\" \/>\n<meta property=\"og:locale\" content=\"fr_FR\" \/>\n<meta property=\"og:type\" content=\"article\" \/>\n<meta property=\"og:title\" content=\"Orateur Olivier Lefevre - EBP Website\" \/>\n<meta property=\"og:description\" content=\"Director Randstad Advisory Services\" \/>\n<meta property=\"og:url\" content=\"https:\/\/www.ebp.be\/fr\/speakers\/olivier-lefevre\/\" \/>\n<meta property=\"og:site_name\" content=\"EBP Website\" \/>\n<meta property=\"article:modified_time\" content=\"2026-04-20T12:04:08+00:00\" \/>\n<meta property=\"og:image\" content=\"https:\/\/www.ebp.be\/wp-content\/uploads\/2025\/05\/Olivier-Lefevre-scaled.jpg\" \/>\n\t<meta property=\"og:image:width\" content=\"1707\" \/>\n\t<meta property=\"og:image:height\" content=\"2560\" \/>\n\t<meta property=\"og:image:type\" content=\"image\/jpeg\" \/>\n<meta name=\"twitter:card\" content=\"summary_large_image\" \/>\n<meta name=\"twitter:label1\" content=\"Dur\u00e9e de lecture estim\u00e9e\" \/>\n\t<meta name=\"twitter:data1\" content=\"2 minutes\" \/>\n<script type=\"application\/ld+json\" class=\"yoast-schema-graph\">{\"@context\":\"https:\\\/\\\/schema.org\",\"@graph\":[{\"@type\":\"WebPage\",\"@id\":\"https:\\\/\\\/www.ebp.be\\\/fr\\\/speakers\\\/olivier-lefevre\\\/\",\"url\":\"https:\\\/\\\/www.ebp.be\\\/fr\\\/speakers\\\/olivier-lefevre\\\/\",\"name\":\"Orateur Olivier Lefevre - EBP Website\",\"isPartOf\":{\"@id\":\"https:\\\/\\\/www.ebp.be\\\/fr\\\/#website\"},\"primaryImageOfPage\":{\"@id\":\"https:\\\/\\\/www.ebp.be\\\/fr\\\/speakers\\\/olivier-lefevre\\\/#primaryimage\"},\"image\":{\"@id\":\"https:\\\/\\\/www.ebp.be\\\/fr\\\/speakers\\\/olivier-lefevre\\\/#primaryimage\"},\"thumbnailUrl\":\"https:\\\/\\\/www.ebp.be\\\/wp-content\\\/uploads\\\/2025\\\/05\\\/Olivier-Lefevre-scaled.jpg\",\"datePublished\":\"2025-02-25T10:38:19+00:00\",\"dateModified\":\"2026-04-20T12:04:08+00:00\",\"breadcrumb\":{\"@id\":\"https:\\\/\\\/www.ebp.be\\\/fr\\\/speakers\\\/olivier-lefevre\\\/#breadcrumb\"},\"inLanguage\":\"fr-FR\",\"potentialAction\":[{\"@type\":\"ReadAction\",\"target\":[\"https:\\\/\\\/www.ebp.be\\\/fr\\\/speakers\\\/olivier-lefevre\\\/\"]}]},{\"@type\":\"ImageObject\",\"inLanguage\":\"fr-FR\",\"@id\":\"https:\\\/\\\/www.ebp.be\\\/fr\\\/speakers\\\/olivier-lefevre\\\/#primaryimage\",\"url\":\"https:\\\/\\\/www.ebp.be\\\/wp-content\\\/uploads\\\/2025\\\/05\\\/Olivier-Lefevre-scaled.jpg\",\"contentUrl\":\"https:\\\/\\\/www.ebp.be\\\/wp-content\\\/uploads\\\/2025\\\/05\\\/Olivier-Lefevre-scaled.jpg\",\"width\":1707,\"height\":2560},{\"@type\":\"BreadcrumbList\",\"@id\":\"https:\\\/\\\/www.ebp.be\\\/fr\\\/speakers\\\/olivier-lefevre\\\/#breadcrumb\",\"itemListElement\":[{\"@type\":\"ListItem\",\"position\":1,\"name\":\"Home\",\"item\":\"https:\\\/\\\/www.ebp.be\\\/fr\\\/\"},{\"@type\":\"ListItem\",\"position\":2,\"name\":\"Olivier Lefevre\"}]},{\"@type\":\"WebSite\",\"@id\":\"https:\\\/\\\/www.ebp.be\\\/fr\\\/#website\",\"url\":\"https:\\\/\\\/www.ebp.be\\\/fr\\\/\",\"name\":\"EBP Website\",\"description\":\"\",\"publisher\":{\"@id\":\"https:\\\/\\\/www.ebp.be\\\/fr\\\/#organization\"},\"potentialAction\":[{\"@type\":\"SearchAction\",\"target\":{\"@type\":\"EntryPoint\",\"urlTemplate\":\"https:\\\/\\\/www.ebp.be\\\/fr\\\/?s={search_term_string}\"},\"query-input\":{\"@type\":\"PropertyValueSpecification\",\"valueRequired\":true,\"valueName\":\"search_term_string\"}}],\"inLanguage\":\"fr-FR\"},{\"@type\":\"Organization\",\"@id\":\"https:\\\/\\\/www.ebp.be\\\/fr\\\/#organization\",\"name\":\"EBP Website\",\"url\":\"https:\\\/\\\/www.ebp.be\\\/fr\\\/\",\"logo\":{\"@type\":\"ImageObject\",\"inLanguage\":\"fr-FR\",\"@id\":\"https:\\\/\\\/www.ebp.be\\\/fr\\\/#\\\/schema\\\/logo\\\/image\\\/\",\"url\":\"https:\\\/\\\/www.ebp.be\\\/wp-content\\\/uploads\\\/2025\\\/02\\\/EBP_2024_CMYK_500x500.png\",\"contentUrl\":\"https:\\\/\\\/www.ebp.be\\\/wp-content\\\/uploads\\\/2025\\\/02\\\/EBP_2024_CMYK_500x500.png\",\"width\":500,\"height\":500,\"caption\":\"EBP Website\"},\"image\":{\"@id\":\"https:\\\/\\\/www.ebp.be\\\/fr\\\/#\\\/schema\\\/logo\\\/image\\\/\"}}]}<\/script>\n<!-- \/ Yoast SEO plugin. -->","yoast_head_json":{"title":"Orateur Olivier Lefevre - EBP Website","robots":{"index":"index","follow":"follow","max-snippet":"max-snippet:-1","max-image-preview":"max-image-preview:large","max-video-preview":"max-video-preview:-1"},"canonical":"https:\/\/www.ebp.be\/fr\/speakers\/olivier-lefevre\/","og_locale":"fr_FR","og_type":"article","og_title":"Orateur Olivier Lefevre - EBP Website","og_description":"Director Randstad Advisory Services","og_url":"https:\/\/www.ebp.be\/fr\/speakers\/olivier-lefevre\/","og_site_name":"EBP Website","article_modified_time":"2026-04-20T12:04:08+00:00","og_image":[{"width":1707,"height":2560,"url":"https:\/\/www.ebp.be\/wp-content\/uploads\/2025\/05\/Olivier-Lefevre-scaled.jpg","type":"image\/jpeg"}],"twitter_card":"summary_large_image","twitter_misc":{"Dur\u00e9e de lecture estim\u00e9e":"2 minutes"},"schema":{"@context":"https:\/\/schema.org","@graph":[{"@type":"WebPage","@id":"https:\/\/www.ebp.be\/fr\/speakers\/olivier-lefevre\/","url":"https:\/\/www.ebp.be\/fr\/speakers\/olivier-lefevre\/","name":"Orateur Olivier Lefevre - EBP Website","isPartOf":{"@id":"https:\/\/www.ebp.be\/fr\/#website"},"primaryImageOfPage":{"@id":"https:\/\/www.ebp.be\/fr\/speakers\/olivier-lefevre\/#primaryimage"},"image":{"@id":"https:\/\/www.ebp.be\/fr\/speakers\/olivier-lefevre\/#primaryimage"},"thumbnailUrl":"https:\/\/www.ebp.be\/wp-content\/uploads\/2025\/05\/Olivier-Lefevre-scaled.jpg","datePublished":"2025-02-25T10:38:19+00:00","dateModified":"2026-04-20T12:04:08+00:00","breadcrumb":{"@id":"https:\/\/www.ebp.be\/fr\/speakers\/olivier-lefevre\/#breadcrumb"},"inLanguage":"fr-FR","potentialAction":[{"@type":"ReadAction","target":["https:\/\/www.ebp.be\/fr\/speakers\/olivier-lefevre\/"]}]},{"@type":"ImageObject","inLanguage":"fr-FR","@id":"https:\/\/www.ebp.be\/fr\/speakers\/olivier-lefevre\/#primaryimage","url":"https:\/\/www.ebp.be\/wp-content\/uploads\/2025\/05\/Olivier-Lefevre-scaled.jpg","contentUrl":"https:\/\/www.ebp.be\/wp-content\/uploads\/2025\/05\/Olivier-Lefevre-scaled.jpg","width":1707,"height":2560},{"@type":"BreadcrumbList","@id":"https:\/\/www.ebp.be\/fr\/speakers\/olivier-lefevre\/#breadcrumb","itemListElement":[{"@type":"ListItem","position":1,"name":"Home","item":"https:\/\/www.ebp.be\/fr\/"},{"@type":"ListItem","position":2,"name":"Olivier Lefevre"}]},{"@type":"WebSite","@id":"https:\/\/www.ebp.be\/fr\/#website","url":"https:\/\/www.ebp.be\/fr\/","name":"EBP Website","description":"","publisher":{"@id":"https:\/\/www.ebp.be\/fr\/#organization"},"potentialAction":[{"@type":"SearchAction","target":{"@type":"EntryPoint","urlTemplate":"https:\/\/www.ebp.be\/fr\/?s={search_term_string}"},"query-input":{"@type":"PropertyValueSpecification","valueRequired":true,"valueName":"search_term_string"}}],"inLanguage":"fr-FR"},{"@type":"Organization","@id":"https:\/\/www.ebp.be\/fr\/#organization","name":"EBP Website","url":"https:\/\/www.ebp.be\/fr\/","logo":{"@type":"ImageObject","inLanguage":"fr-FR","@id":"https:\/\/www.ebp.be\/fr\/#\/schema\/logo\/image\/","url":"https:\/\/www.ebp.be\/wp-content\/uploads\/2025\/02\/EBP_2024_CMYK_500x500.png","contentUrl":"https:\/\/www.ebp.be\/wp-content\/uploads\/2025\/02\/EBP_2024_CMYK_500x500.png","width":500,"height":500,"caption":"EBP Website"},"image":{"@id":"https:\/\/www.ebp.be\/fr\/#\/schema\/logo\/image\/"}}]}},"_links":{"self":[{"href":"https:\/\/www.ebp.be\/fr\/wp-json\/wp\/v2\/speakers\/14278","targetHints":{"allow":["GET"]}}],"collection":[{"href":"https:\/\/www.ebp.be\/fr\/wp-json\/wp\/v2\/speakers"}],"about":[{"href":"https:\/\/www.ebp.be\/fr\/wp-json\/wp\/v2\/types\/speakers"}],"version-history":[{"count":3,"href":"https:\/\/www.ebp.be\/fr\/wp-json\/wp\/v2\/speakers\/14278\/revisions"}],"predecessor-version":[{"id":34040,"href":"https:\/\/www.ebp.be\/fr\/wp-json\/wp\/v2\/speakers\/14278\/revisions\/34040"}],"wp:featuredmedia":[{"embeddable":true,"href":"https:\/\/www.ebp.be\/fr\/wp-json\/wp\/v2\/media\/21400"}],"wp:attachment":[{"href":"https:\/\/www.ebp.be\/fr\/wp-json\/wp\/v2\/media?parent=14278"}],"wp:term":[{"taxonomy":"category","embeddable":true,"href":"https:\/\/www.ebp.be\/fr\/wp-json\/wp\/v2\/categories?post=14278"},{"taxonomy":"post_tag","embeddable":true,"href":"https:\/\/www.ebp.be\/fr\/wp-json\/wp\/v2\/tags?post=14278"}],"curies":[{"name":"wp","href":"https:\/\/api.w.org\/{rel}","templated":true}]}}

<div data-elementor-type="wp-post" data-elementor-id="14278" class="elementor elementor-14278" data-elementor-post-type="speakers">
				<div class="elementor-element elementor-element-5570ad1f e-flex e-con-boxed e-con e-parent" data-id="5570ad1f" data-element_type="container" data-e-type="container">
					<div class="e-con-inner">
				<div class="elementor-element elementor-element-19cb92c5 elementor-widget elementor-widget-text-editor" data-id="19cb92c5" data-element_type="widget" data-e-type="widget" data-widget_type="text-editor.default">
				<div class="elementor-widget-container">
									<ul><li>Son approche : en co-création, nous faisons la différence.</li><li>Sa devise : Merci au passé pour les leçons apprises. Bienvenue au futur pour les opportunités qu&rsquo;il apporte !</li><li>Son chemin vers le succès : inspirez et, encore plus important, laissez-vous inspirer.</li></ul><p>Des médias au partenaire pour les talents : le parcours d’Olivier en communication</p><p>Olivier a commencé sa carrière dans les médias, où il a appris comme nul autre l&rsquo;importance d&rsquo;une communication forte, tant au niveau professionnel qu&rsquo;interpersonnel. Son parcours, des médias aux ressources humaines, lui confère une vision unique pour relier les intérêts opérationnels et stratégiques des entreprises aux aspirations personnelles.</p><p>16 ans chez Randstad : Un parcours de leadership et d&rsquo;innovation</p><p>Avec 16 ans d&rsquo;expérience au sein du groupe Randstad, Olivier a occupé divers rôles de direction, allant de la gestion d&rsquo;équipes commerciales à la réalisation de projets innovants tels que le développement d&rsquo;une cellule de support aux ventes. Son parcours témoigne de son leadership et de sa quête constante d&rsquo;innovation.</p><p>Inspirateur chez Randstad : le rôle d’Olivier dans le branding des employeurs et le branding personnel</p><p>En tant que consultant principal chez Randstad Advisory Services, Olivier est un moteur dans le domaine de l’employer branding. Aux côtés de Jan Denys, fondateur de l’étude annuelle sur la marque employeur, Olivier a non seulement développé des stratégies, mais a également organisé des ateliers pour des entreprises privées et publiques ainsi que pour divers groupes de talents. Son engagement fait de lui une source précieuse d’inspiration et d’expertise.</p>								</div>
				</div>
					</div>
				</div>
				</div>

<!-- This site is optimized with the Yoast SEO plugin v27.4 - https://yoast.com/product/yoast-seo-wordpress/ -->
<title>Orateur Olivier Lefevre - EBP Website</title>
<meta name="robots" content="index, follow, max-snippet:-1, max-image-preview:large, max-video-preview:-1" />
<link rel="canonical" href="https://www.ebp.be/fr/speakers/olivier-lefevre/" />
<meta property="og:locale" content="fr_FR" />
<meta property="og:type" content="article" />
<meta property="og:title" content="Orateur Olivier Lefevre - EBP Website" />
<meta property="og:description" content="Director Randstad Advisory Services" />
<meta property="og:url" content="https://www.ebp.be/fr/speakers/olivier-lefevre/" />
<meta property="og:site_name" content="EBP Website" />
<meta property="article:modified_time" content="2026-04-20T12:04:08+00:00" />
<meta property="og:image" content="https://www.ebp.be/wp-content/uploads/2025/05/Olivier-Lefevre-scaled.jpg" />
	<meta property="og:image:width" content="1707" />
	<meta property="og:image:height" content="2560" />
	<meta property="og:image:type" content="image/jpeg" />
<meta name="twitter:card" content="summary_large_image" />
<meta name="twitter:label1" content="Durée de lecture estimée" />
	<meta name="twitter:data1" content="2 minutes" />
<script type="application/ld+json" class="yoast-schema-graph">{"@context":"https:\/\/schema.org","@graph":[{"@type":"WebPage","@id":"https:\/\/www.ebp.be\/fr\/speakers\/olivier-lefevre\/","url":"https:\/\/www.ebp.be\/fr\/speakers\/olivier-lefevre\/","name":"Orateur Olivier Lefevre - EBP Website","isPartOf":{"@id":"https:\/\/www.ebp.be\/fr\/#website"},"primaryImageOfPage":{"@id":"https:\/\/www.ebp.be\/fr\/speakers\/olivier-lefevre\/#primaryimage"},"image":{"@id":"https:\/\/www.ebp.be\/fr\/speakers\/olivier-lefevre\/#primaryimage"},"thumbnailUrl":"https:\/\/www.ebp.be\/wp-content\/uploads\/2025\/05\/Olivier-Lefevre-scaled.jpg","datePublished":"2025-02-25T10:38:19+00:00","dateModified":"2026-04-20T12:04:08+00:00","breadcrumb":{"@id":"https:\/\/www.ebp.be\/fr\/speakers\/olivier-lefevre\/#breadcrumb"},"inLanguage":"fr-FR","potentialAction":[{"@type":"ReadAction","target":["https:\/\/www.ebp.be\/fr\/speakers\/olivier-lefevre\/"]}]},{"@type":"ImageObject","inLanguage":"fr-FR","@id":"https:\/\/www.ebp.be\/fr\/speakers\/olivier-lefevre\/#primaryimage","url":"https:\/\/www.ebp.be\/wp-content\/uploads\/2025\/05\/Olivier-Lefevre-scaled.jpg","contentUrl":"https:\/\/www.ebp.be\/wp-content\/uploads\/2025\/05\/Olivier-Lefevre-scaled.jpg","width":1707,"height":2560},{"@type":"BreadcrumbList","@id":"https:\/\/www.ebp.be\/fr\/speakers\/olivier-lefevre\/#breadcrumb","itemListElement":[{"@type":"ListItem","position":1,"name":"Home","item":"https:\/\/www.ebp.be\/fr\/"},{"@type":"ListItem","position":2,"name":"Olivier Lefevre"}]},{"@type":"WebSite","@id":"https:\/\/www.ebp.be\/fr\/#website","url":"https:\/\/www.ebp.be\/fr\/","name":"EBP Website","description":"","publisher":{"@id":"https:\/\/www.ebp.be\/fr\/#organization"},"potentialAction":[{"@type":"SearchAction","target":{"@type":"EntryPoint","urlTemplate":"https:\/\/www.ebp.be\/fr\/?s={search_term_string}"},"query-input":{"@type":"PropertyValueSpecification","valueRequired":true,"valueName":"search_term_string"}}],"inLanguage":"fr-FR"},{"@type":"Organization","@id":"https:\/\/www.ebp.be\/fr\/#organization","name":"EBP Website","url":"https:\/\/www.ebp.be\/fr\/","logo":{"@type":"ImageObject","inLanguage":"fr-FR","@id":"https:\/\/www.ebp.be\/fr\/#\/schema\/logo\/image\/","url":"https:\/\/www.ebp.be\/wp-content\/uploads\/2025\/02\/EBP_2024_CMYK_500x500.png","contentUrl":"https:\/\/www.ebp.be\/wp-content\/uploads\/2025\/02\/EBP_2024_CMYK_500x500.png","width":500,"height":500,"caption":"EBP Website"},"image":{"@id":"https:\/\/www.ebp.be\/fr\/#\/schema\/logo\/image\/"}}]}</script>
<!-- / Yoast SEO plugin. -->
