{"id":14627,"date":"2025-02-25T20:18:44","date_gmt":"2025-02-25T19:18:44","guid":{"rendered":"https:\/\/www.ebp.be\/?post_type=speakers&#038;p=14627"},"modified":"2026-04-20T12:57:56","modified_gmt":"2026-04-20T11:57:56","slug":"jean-paul-gabrys","status":"publish","type":"speakers","link":"https:\/\/www.ebp.be\/fr\/speakers\/jean-paul-gabrys\/","title":{"rendered":"Jean-Paul Gabrys"},"content":{"rendered":"\t\t<div data-elementor-type=\"wp-post\" data-elementor-id=\"14627\" class=\"elementor elementor-14627\" data-elementor-post-type=\"speakers\">\n\t\t\t\t<div class=\"elementor-element elementor-element-5570ad1f e-flex e-con-boxed e-con e-parent\" data-id=\"5570ad1f\" data-element_type=\"container\" data-e-type=\"container\">\n\t\t\t\t\t<div class=\"e-con-inner\">\n\t\t\t\t<div class=\"elementor-element elementor-element-19cb92c5 elementor-widget elementor-widget-text-editor\" data-id=\"19cb92c5\" data-element_type=\"widget\" data-e-type=\"widget\" data-widget_type=\"text-editor.default\">\n\t\t\t\t<div class=\"elementor-widget-container\">\n\t\t\t\t\t\t\t\t\t<p>Apr\u00e8s un court passage dans l\u2019enseignement et le secteur priv\u00e9, Jean-Paul Gabrys a int\u00e9gr\u00e9 l\u2019Office M\u00e9dico-social de l\u2019Etat, plus particuli\u00e8rement le Service de Sant\u00e9 Administratif, en f\u00e9vrier 1988. Il a acquis l\u2019expertise dans les diff\u00e9rentes missions en y prenant des responsabilit\u00e9s de mani\u00e8re successive.<\/p><p>Au tournant des ann\u00e9es 2000 et de la r\u00e9forme Copernic, il a suivi diff\u00e9rentes formations en management et a particip\u00e9 au comit\u00e9 de pilotage du Business Process Reengineering qui a englob\u00e9 l\u2019ensemble de cette administration. Ce BPR a permis de moderniser ses diff\u00e9rentes missions et de la r\u00e9former en la transformant sous le nom de MEDEX.<\/p><p>Depuis juin 2014 il assume la direction de cette importante administration incontournable dans le cadre de l\u2019expertise m\u00e9dicale li\u00e9e \u00e0 diff\u00e9rentes branches de la s\u00e9curit\u00e9 sociale des fonctions publiques en Belgique mais \u00e9galement pour d\u2019autres publics.<\/p><p>Depuis lors, les missions de MEDEX se sont \u00e9tendues. On peut citer le r\u00f4le primordial envers les victimes d\u2019attentats (dans le cadre du statut de solidarit\u00e9 nationale) ainsi que la r\u00e9int\u00e9gration des fonctionnaires f\u00e9d\u00e9raux malades de longues dur\u00e9es.<\/p>\t\t\t\t\t\t\t\t<\/div>\n\t\t\t\t<\/div>\n\t\t\t\t\t<\/div>\n\t\t\t\t<\/div>\n\t\t\t\t<\/div>\n\t\t","protected":false},"excerpt":{"rendered":"<p>Medex SPF Sant\u00e9 Publique<\/p>\n","protected":false},"featured_media":14629,"template":"","categories":[173,141],"tags":[],"class_list":["post-14627","speakers","type-speakers","status-publish","has-post-thumbnail","hentry","category-2023-cfp-fr","category-orateurs"],"acf":[],"yoast_head":"<!-- This site is optimized with the Yoast SEO plugin v27.4 - https:\/\/yoast.com\/product\/yoast-seo-wordpress\/ -->\n<title>Jean-Paul Gabrys - EBP Website<\/title>\n<meta name=\"robots\" content=\"index, follow, max-snippet:-1, max-image-preview:large, max-video-preview:-1\" \/>\n<link rel=\"canonical\" href=\"https:\/\/www.ebp.be\/fr\/speakers\/jean-paul-gabrys\/\" \/>\n<meta property=\"og:locale\" content=\"fr_FR\" \/>\n<meta property=\"og:type\" content=\"article\" \/>\n<meta property=\"og:title\" content=\"Jean-Paul Gabrys - EBP Website\" \/>\n<meta property=\"og:description\" content=\"Medex SPF Sant\u00e9 Publique\" \/>\n<meta property=\"og:url\" content=\"https:\/\/www.ebp.be\/fr\/speakers\/jean-paul-gabrys\/\" \/>\n<meta property=\"og:site_name\" content=\"EBP Website\" \/>\n<meta property=\"article:modified_time\" content=\"2026-04-20T11:57:56+00:00\" \/>\n<meta property=\"og:image\" content=\"https:\/\/www.ebp.be\/wp-content\/uploads\/2025\/02\/Jean-Paul-Gabrys_round.png\" \/>\n\t<meta property=\"og:image:width\" content=\"264\" \/>\n\t<meta property=\"og:image:height\" content=\"264\" \/>\n\t<meta property=\"og:image:type\" content=\"image\/png\" \/>\n<meta name=\"twitter:card\" content=\"summary_large_image\" \/>\n<meta name=\"twitter:label1\" content=\"Dur\u00e9e de lecture estim\u00e9e\" \/>\n\t<meta name=\"twitter:data1\" content=\"1 minute\" \/>\n<script type=\"application\/ld+json\" class=\"yoast-schema-graph\">{\"@context\":\"https:\\\/\\\/schema.org\",\"@graph\":[{\"@type\":\"WebPage\",\"@id\":\"https:\\\/\\\/www.ebp.be\\\/fr\\\/speakers\\\/jean-paul-gabrys\\\/\",\"url\":\"https:\\\/\\\/www.ebp.be\\\/fr\\\/speakers\\\/jean-paul-gabrys\\\/\",\"name\":\"Jean-Paul Gabrys - EBP Website\",\"isPartOf\":{\"@id\":\"https:\\\/\\\/www.ebp.be\\\/fr\\\/#website\"},\"primaryImageOfPage\":{\"@id\":\"https:\\\/\\\/www.ebp.be\\\/fr\\\/speakers\\\/jean-paul-gabrys\\\/#primaryimage\"},\"image\":{\"@id\":\"https:\\\/\\\/www.ebp.be\\\/fr\\\/speakers\\\/jean-paul-gabrys\\\/#primaryimage\"},\"thumbnailUrl\":\"https:\\\/\\\/www.ebp.be\\\/wp-content\\\/uploads\\\/2025\\\/02\\\/Jean-Paul-Gabrys_round.png\",\"datePublished\":\"2025-02-25T19:18:44+00:00\",\"dateModified\":\"2026-04-20T11:57:56+00:00\",\"breadcrumb\":{\"@id\":\"https:\\\/\\\/www.ebp.be\\\/fr\\\/speakers\\\/jean-paul-gabrys\\\/#breadcrumb\"},\"inLanguage\":\"fr-FR\",\"potentialAction\":[{\"@type\":\"ReadAction\",\"target\":[\"https:\\\/\\\/www.ebp.be\\\/fr\\\/speakers\\\/jean-paul-gabrys\\\/\"]}]},{\"@type\":\"ImageObject\",\"inLanguage\":\"fr-FR\",\"@id\":\"https:\\\/\\\/www.ebp.be\\\/fr\\\/speakers\\\/jean-paul-gabrys\\\/#primaryimage\",\"url\":\"https:\\\/\\\/www.ebp.be\\\/wp-content\\\/uploads\\\/2025\\\/02\\\/Jean-Paul-Gabrys_round.png\",\"contentUrl\":\"https:\\\/\\\/www.ebp.be\\\/wp-content\\\/uploads\\\/2025\\\/02\\\/Jean-Paul-Gabrys_round.png\",\"width\":264,\"height\":264},{\"@type\":\"BreadcrumbList\",\"@id\":\"https:\\\/\\\/www.ebp.be\\\/fr\\\/speakers\\\/jean-paul-gabrys\\\/#breadcrumb\",\"itemListElement\":[{\"@type\":\"ListItem\",\"position\":1,\"name\":\"Home\",\"item\":\"https:\\\/\\\/www.ebp.be\\\/fr\\\/\"},{\"@type\":\"ListItem\",\"position\":2,\"name\":\"Jean-Paul Gabrys\"}]},{\"@type\":\"WebSite\",\"@id\":\"https:\\\/\\\/www.ebp.be\\\/fr\\\/#website\",\"url\":\"https:\\\/\\\/www.ebp.be\\\/fr\\\/\",\"name\":\"EBP Website\",\"description\":\"\",\"publisher\":{\"@id\":\"https:\\\/\\\/www.ebp.be\\\/fr\\\/#organization\"},\"potentialAction\":[{\"@type\":\"SearchAction\",\"target\":{\"@type\":\"EntryPoint\",\"urlTemplate\":\"https:\\\/\\\/www.ebp.be\\\/fr\\\/?s={search_term_string}\"},\"query-input\":{\"@type\":\"PropertyValueSpecification\",\"valueRequired\":true,\"valueName\":\"search_term_string\"}}],\"inLanguage\":\"fr-FR\"},{\"@type\":\"Organization\",\"@id\":\"https:\\\/\\\/www.ebp.be\\\/fr\\\/#organization\",\"name\":\"EBP Website\",\"url\":\"https:\\\/\\\/www.ebp.be\\\/fr\\\/\",\"logo\":{\"@type\":\"ImageObject\",\"inLanguage\":\"fr-FR\",\"@id\":\"https:\\\/\\\/www.ebp.be\\\/fr\\\/#\\\/schema\\\/logo\\\/image\\\/\",\"url\":\"https:\\\/\\\/www.ebp.be\\\/wp-content\\\/uploads\\\/2025\\\/02\\\/EBP_2024_CMYK_500x500.png\",\"contentUrl\":\"https:\\\/\\\/www.ebp.be\\\/wp-content\\\/uploads\\\/2025\\\/02\\\/EBP_2024_CMYK_500x500.png\",\"width\":500,\"height\":500,\"caption\":\"EBP Website\"},\"image\":{\"@id\":\"https:\\\/\\\/www.ebp.be\\\/fr\\\/#\\\/schema\\\/logo\\\/image\\\/\"}}]}<\/script>\n<!-- \/ Yoast SEO plugin. -->","yoast_head_json":{"title":"Jean-Paul Gabrys - EBP Website","robots":{"index":"index","follow":"follow","max-snippet":"max-snippet:-1","max-image-preview":"max-image-preview:large","max-video-preview":"max-video-preview:-1"},"canonical":"https:\/\/www.ebp.be\/fr\/speakers\/jean-paul-gabrys\/","og_locale":"fr_FR","og_type":"article","og_title":"Jean-Paul Gabrys - EBP Website","og_description":"Medex SPF Sant\u00e9 Publique","og_url":"https:\/\/www.ebp.be\/fr\/speakers\/jean-paul-gabrys\/","og_site_name":"EBP Website","article_modified_time":"2026-04-20T11:57:56+00:00","og_image":[{"width":264,"height":264,"url":"https:\/\/www.ebp.be\/wp-content\/uploads\/2025\/02\/Jean-Paul-Gabrys_round.png","type":"image\/png"}],"twitter_card":"summary_large_image","twitter_misc":{"Dur\u00e9e de lecture estim\u00e9e":"1 minute"},"schema":{"@context":"https:\/\/schema.org","@graph":[{"@type":"WebPage","@id":"https:\/\/www.ebp.be\/fr\/speakers\/jean-paul-gabrys\/","url":"https:\/\/www.ebp.be\/fr\/speakers\/jean-paul-gabrys\/","name":"Jean-Paul Gabrys - EBP Website","isPartOf":{"@id":"https:\/\/www.ebp.be\/fr\/#website"},"primaryImageOfPage":{"@id":"https:\/\/www.ebp.be\/fr\/speakers\/jean-paul-gabrys\/#primaryimage"},"image":{"@id":"https:\/\/www.ebp.be\/fr\/speakers\/jean-paul-gabrys\/#primaryimage"},"thumbnailUrl":"https:\/\/www.ebp.be\/wp-content\/uploads\/2025\/02\/Jean-Paul-Gabrys_round.png","datePublished":"2025-02-25T19:18:44+00:00","dateModified":"2026-04-20T11:57:56+00:00","breadcrumb":{"@id":"https:\/\/www.ebp.be\/fr\/speakers\/jean-paul-gabrys\/#breadcrumb"},"inLanguage":"fr-FR","potentialAction":[{"@type":"ReadAction","target":["https:\/\/www.ebp.be\/fr\/speakers\/jean-paul-gabrys\/"]}]},{"@type":"ImageObject","inLanguage":"fr-FR","@id":"https:\/\/www.ebp.be\/fr\/speakers\/jean-paul-gabrys\/#primaryimage","url":"https:\/\/www.ebp.be\/wp-content\/uploads\/2025\/02\/Jean-Paul-Gabrys_round.png","contentUrl":"https:\/\/www.ebp.be\/wp-content\/uploads\/2025\/02\/Jean-Paul-Gabrys_round.png","width":264,"height":264},{"@type":"BreadcrumbList","@id":"https:\/\/www.ebp.be\/fr\/speakers\/jean-paul-gabrys\/#breadcrumb","itemListElement":[{"@type":"ListItem","position":1,"name":"Home","item":"https:\/\/www.ebp.be\/fr\/"},{"@type":"ListItem","position":2,"name":"Jean-Paul Gabrys"}]},{"@type":"WebSite","@id":"https:\/\/www.ebp.be\/fr\/#website","url":"https:\/\/www.ebp.be\/fr\/","name":"EBP Website","description":"","publisher":{"@id":"https:\/\/www.ebp.be\/fr\/#organization"},"potentialAction":[{"@type":"SearchAction","target":{"@type":"EntryPoint","urlTemplate":"https:\/\/www.ebp.be\/fr\/?s={search_term_string}"},"query-input":{"@type":"PropertyValueSpecification","valueRequired":true,"valueName":"search_term_string"}}],"inLanguage":"fr-FR"},{"@type":"Organization","@id":"https:\/\/www.ebp.be\/fr\/#organization","name":"EBP Website","url":"https:\/\/www.ebp.be\/fr\/","logo":{"@type":"ImageObject","inLanguage":"fr-FR","@id":"https:\/\/www.ebp.be\/fr\/#\/schema\/logo\/image\/","url":"https:\/\/www.ebp.be\/wp-content\/uploads\/2025\/02\/EBP_2024_CMYK_500x500.png","contentUrl":"https:\/\/www.ebp.be\/wp-content\/uploads\/2025\/02\/EBP_2024_CMYK_500x500.png","width":500,"height":500,"caption":"EBP Website"},"image":{"@id":"https:\/\/www.ebp.be\/fr\/#\/schema\/logo\/image\/"}}]}},"_links":{"self":[{"href":"https:\/\/www.ebp.be\/fr\/wp-json\/wp\/v2\/speakers\/14627","targetHints":{"allow":["GET"]}}],"collection":[{"href":"https:\/\/www.ebp.be\/fr\/wp-json\/wp\/v2\/speakers"}],"about":[{"href":"https:\/\/www.ebp.be\/fr\/wp-json\/wp\/v2\/types\/speakers"}],"version-history":[{"count":3,"href":"https:\/\/www.ebp.be\/fr\/wp-json\/wp\/v2\/speakers\/14627\/revisions"}],"predecessor-version":[{"id":33989,"href":"https:\/\/www.ebp.be\/fr\/wp-json\/wp\/v2\/speakers\/14627\/revisions\/33989"}],"wp:featuredmedia":[{"embeddable":true,"href":"https:\/\/www.ebp.be\/fr\/wp-json\/wp\/v2\/media\/14629"}],"wp:attachment":[{"href":"https:\/\/www.ebp.be\/fr\/wp-json\/wp\/v2\/media?parent=14627"}],"wp:term":[{"taxonomy":"category","embeddable":true,"href":"https:\/\/www.ebp.be\/fr\/wp-json\/wp\/v2\/categories?post=14627"},{"taxonomy":"post_tag","embeddable":true,"href":"https:\/\/www.ebp.be\/fr\/wp-json\/wp\/v2\/tags?post=14627"}],"curies":[{"name":"wp","href":"https:\/\/api.w.org\/{rel}","templated":true}]}}

<div data-elementor-type="wp-post" data-elementor-id="14627" class="elementor elementor-14627" data-elementor-post-type="speakers">
				<div class="elementor-element elementor-element-5570ad1f e-flex e-con-boxed e-con e-parent" data-id="5570ad1f" data-element_type="container" data-e-type="container">
					<div class="e-con-inner">
				<div class="elementor-element elementor-element-19cb92c5 elementor-widget elementor-widget-text-editor" data-id="19cb92c5" data-element_type="widget" data-e-type="widget" data-widget_type="text-editor.default">
				<div class="elementor-widget-container">
									<p>Après un court passage dans l’enseignement et le secteur privé, Jean-Paul Gabrys a intégré l’Office Médico-social de l’Etat, plus particulièrement le Service de Santé Administratif, en février 1988. Il a acquis l’expertise dans les différentes missions en y prenant des responsabilités de manière successive.</p><p>Au tournant des années 2000 et de la réforme Copernic, il a suivi différentes formations en management et a participé au comité de pilotage du Business Process Reengineering qui a englobé l’ensemble de cette administration. Ce BPR a permis de moderniser ses différentes missions et de la réformer en la transformant sous le nom de MEDEX.</p><p>Depuis juin 2014 il assume la direction de cette importante administration incontournable dans le cadre de l’expertise médicale liée à différentes branches de la sécurité sociale des fonctions publiques en Belgique mais également pour d’autres publics.</p><p>Depuis lors, les missions de MEDEX se sont étendues. On peut citer le rôle primordial envers les victimes d’attentats (dans le cadre du statut de solidarité nationale) ainsi que la réintégration des fonctionnaires fédéraux malades de longues durées.</p>								</div>
				</div>
					</div>
				</div>
				</div>

<p>Medex SPF Santé Publique</p>

<!-- This site is optimized with the Yoast SEO plugin v27.4 - https://yoast.com/product/yoast-seo-wordpress/ -->
<title>Jean-Paul Gabrys - EBP Website</title>
<meta name="robots" content="index, follow, max-snippet:-1, max-image-preview:large, max-video-preview:-1" />
<link rel="canonical" href="https://www.ebp.be/fr/speakers/jean-paul-gabrys/" />
<meta property="og:locale" content="fr_FR" />
<meta property="og:type" content="article" />
<meta property="og:title" content="Jean-Paul Gabrys - EBP Website" />
<meta property="og:description" content="Medex SPF Santé Publique" />
<meta property="og:url" content="https://www.ebp.be/fr/speakers/jean-paul-gabrys/" />
<meta property="og:site_name" content="EBP Website" />
<meta property="article:modified_time" content="2026-04-20T11:57:56+00:00" />
<meta property="og:image" content="https://www.ebp.be/wp-content/uploads/2025/02/Jean-Paul-Gabrys_round.png" />
	<meta property="og:image:width" content="264" />
	<meta property="og:image:height" content="264" />
	<meta property="og:image:type" content="image/png" />
<meta name="twitter:card" content="summary_large_image" />
<meta name="twitter:label1" content="Durée de lecture estimée" />
	<meta name="twitter:data1" content="1 minute" />
<script type="application/ld+json" class="yoast-schema-graph">{"@context":"https:\/\/schema.org","@graph":[{"@type":"WebPage","@id":"https:\/\/www.ebp.be\/fr\/speakers\/jean-paul-gabrys\/","url":"https:\/\/www.ebp.be\/fr\/speakers\/jean-paul-gabrys\/","name":"Jean-Paul Gabrys - EBP Website","isPartOf":{"@id":"https:\/\/www.ebp.be\/fr\/#website"},"primaryImageOfPage":{"@id":"https:\/\/www.ebp.be\/fr\/speakers\/jean-paul-gabrys\/#primaryimage"},"image":{"@id":"https:\/\/www.ebp.be\/fr\/speakers\/jean-paul-gabrys\/#primaryimage"},"thumbnailUrl":"https:\/\/www.ebp.be\/wp-content\/uploads\/2025\/02\/Jean-Paul-Gabrys_round.png","datePublished":"2025-02-25T19:18:44+00:00","dateModified":"2026-04-20T11:57:56+00:00","breadcrumb":{"@id":"https:\/\/www.ebp.be\/fr\/speakers\/jean-paul-gabrys\/#breadcrumb"},"inLanguage":"fr-FR","potentialAction":[{"@type":"ReadAction","target":["https:\/\/www.ebp.be\/fr\/speakers\/jean-paul-gabrys\/"]}]},{"@type":"ImageObject","inLanguage":"fr-FR","@id":"https:\/\/www.ebp.be\/fr\/speakers\/jean-paul-gabrys\/#primaryimage","url":"https:\/\/www.ebp.be\/wp-content\/uploads\/2025\/02\/Jean-Paul-Gabrys_round.png","contentUrl":"https:\/\/www.ebp.be\/wp-content\/uploads\/2025\/02\/Jean-Paul-Gabrys_round.png","width":264,"height":264},{"@type":"BreadcrumbList","@id":"https:\/\/www.ebp.be\/fr\/speakers\/jean-paul-gabrys\/#breadcrumb","itemListElement":[{"@type":"ListItem","position":1,"name":"Home","item":"https:\/\/www.ebp.be\/fr\/"},{"@type":"ListItem","position":2,"name":"Jean-Paul Gabrys"}]},{"@type":"WebSite","@id":"https:\/\/www.ebp.be\/fr\/#website","url":"https:\/\/www.ebp.be\/fr\/","name":"EBP Website","description":"","publisher":{"@id":"https:\/\/www.ebp.be\/fr\/#organization"},"potentialAction":[{"@type":"SearchAction","target":{"@type":"EntryPoint","urlTemplate":"https:\/\/www.ebp.be\/fr\/?s={search_term_string}"},"query-input":{"@type":"PropertyValueSpecification","valueRequired":true,"valueName":"search_term_string"}}],"inLanguage":"fr-FR"},{"@type":"Organization","@id":"https:\/\/www.ebp.be\/fr\/#organization","name":"EBP Website","url":"https:\/\/www.ebp.be\/fr\/","logo":{"@type":"ImageObject","inLanguage":"fr-FR","@id":"https:\/\/www.ebp.be\/fr\/#\/schema\/logo\/image\/","url":"https:\/\/www.ebp.be\/wp-content\/uploads\/2025\/02\/EBP_2024_CMYK_500x500.png","contentUrl":"https:\/\/www.ebp.be\/wp-content\/uploads\/2025\/02\/EBP_2024_CMYK_500x500.png","width":500,"height":500,"caption":"EBP Website"},"image":{"@id":"https:\/\/www.ebp.be\/fr\/#\/schema\/logo\/image\/"}}]}</script>
<!-- / Yoast SEO plugin. -->

Medex SPF Santé Publique
