{"id":15025,"date":"2025-02-26T11:51:02","date_gmt":"2025-02-26T10:51:02","guid":{"rendered":"https:\/\/www.ebp.be\/?post_type=speakers&#038;p=15025"},"modified":"2026-04-17T13:43:50","modified_gmt":"2026-04-17T12:43:50","slug":"joelle-genbrugge","status":"publish","type":"speakers","link":"https:\/\/www.ebp.be\/fr\/speakers\/joelle-genbrugge\/","title":{"rendered":"Jo\u00eblle Genbrugge"},"content":{"rendered":"\t\t<div data-elementor-type=\"wp-post\" data-elementor-id=\"15025\" class=\"elementor elementor-15025\" data-elementor-post-type=\"speakers\">\n\t\t\t\t<div class=\"elementor-element elementor-element-5570ad1f e-flex e-con-boxed e-con e-parent\" data-id=\"5570ad1f\" data-element_type=\"container\" data-e-type=\"container\">\n\t\t\t\t\t<div class=\"e-con-inner\">\n\t\t\t\t<div class=\"elementor-element elementor-element-19cb92c5 elementor-widget elementor-widget-text-editor\" data-id=\"19cb92c5\" data-element_type=\"widget\" data-e-type=\"widget\" data-widget_type=\"text-editor.default\">\n\t\t\t\t<div class=\"elementor-widget-container\">\n\t\t\t\t\t\t\t\t\t<p>Jo\u00eblle a 15 ans d&rsquo;exp\u00e9rience dans le secteur public, plus particuli\u00e8rement en march\u00e9s publics.<\/p><p>Elle a acquis cette expertise chez 3P, en tant que consultante. Elle a \u00e9t\u00e9 la personne de r\u00e9f\u00e9rence dans le cadre des march\u00e9s publics pour de nombreuses administrations (r\u00e9gion Bruxelles et Wallonie). Elle \u00e9tait chef de projet pour l\u2019impl\u00e9mentation de l\u2019outil 3P chez plusieurs administrations et les a accompagn\u00e9s pendant des ann\u00e9es afin de guider et \u00e9pauler ces administrations dans le changement de leurs processus achats. Chez 3P elle a \u00e9galement donn\u00e9 de nombreuses formations en march\u00e9s publics \u00e0 tous types d\u2019administrations (communes, CPAS, h\u00f4pitaux, SPF, agences f\u00e9d\u00e9rales, \u00e9coles\u2026).<\/p><p>Ensuite Jo\u00eblle a \u00e9t\u00e9 responsable de l\u2019\u00e9quipe Procurement de Deloitte. En tant que responsable de son \u00e9quipe, elle est familiaris\u00e9e avec la gestion des personnes et le suivi de leurs performances et \u00e9volutions. Elle a l&rsquo;exp\u00e9rience de la rationalisation des diff\u00e9rentes parties prenantes (tant internes qu&rsquo;externes) et de la conduite de projets, combin\u00e9e \u00e0 une approche tr\u00e8s patiente et orient\u00e9e vers les personnes.<\/p><p>Jo\u00eblle a ensuite rejoint le groupe Solvint o\u00f9 elle est en charge de l\u2019ensemble de l\u2019offre de service du groupe Solvint pour le secteur public.<br \/>Elle est une responsable d\u00e9vou\u00e9e qui s\u2019engage pour faire progresser ses collaborateurs en les aidant \u00e0 monter en comp\u00e9tence et \u00e0 s&rsquo;\u00e9panouir. Elle favorise l&rsquo;\u00e9mulation des talents et des comp\u00e9tences au sein de son \u00e9quipe. Ces exp\u00e9riences lui ont conf\u00e9r\u00e9s une solide expertise et exp\u00e9rience sur toutes les th\u00e9matiques principales et connexes aux achats qui sont au c\u0153ur des int\u00e9r\u00eats du secteur public mais \u00e9galement dans l\u2019analyse et la formulation de recommandations. En tant que cheffe de projet, Jo\u00eblle assure tant la d\u00e9finition de la strat\u00e9gie de projet que la supervision au quotidien des \u00e9quipes d\u00e9di\u00e9es et la revue qualit\u00e9 des livrables.<\/p><p>Jo\u00eblle dispose donc d\u2019une grande exp\u00e9rience dans la gestion de projets d\u2019ampleur, complexes et aux objectifs transversaux li\u00e9s aux achats et processus achats dans le secteur public.<\/p><p>\u00a0<\/p><p>\u00a0<\/p>\t\t\t\t\t\t\t\t<\/div>\n\t\t\t\t<\/div>\n\t\t\t\t\t<\/div>\n\t\t\t\t<\/div>\n\t\t\t\t<\/div>\n\t\t","protected":false},"excerpt":{"rendered":"<p>Managing Partner, Solvint<\/p>\n","protected":false},"featured_media":22051,"template":"","categories":[184,169,147,256,298,141],"tags":[],"class_list":["post-15025","speakers","type-speakers","status-publish","has-post-thumbnail","hentry","category-2021-ntd-fr","category-2023-ntd-fr","category-2024-ntd-fr","category-2025-ntd-fr","category-2025-std-fr","category-orateurs"],"acf":[],"yoast_head":"<!-- This site is optimized with the Yoast SEO plugin v27.4 - https:\/\/yoast.com\/product\/yoast-seo-wordpress\/ -->\n<title>Jo\u00eblle Genbrugge - EBP Website<\/title>\n<meta name=\"robots\" content=\"index, follow, max-snippet:-1, max-image-preview:large, max-video-preview:-1\" \/>\n<link rel=\"canonical\" href=\"https:\/\/www.ebp.be\/fr\/speakers\/joelle-genbrugge\/\" \/>\n<meta property=\"og:locale\" content=\"fr_FR\" \/>\n<meta property=\"og:type\" content=\"article\" \/>\n<meta property=\"og:title\" content=\"Jo\u00eblle Genbrugge - EBP Website\" \/>\n<meta property=\"og:description\" content=\"Managing Partner, Solvint\" \/>\n<meta property=\"og:url\" content=\"https:\/\/www.ebp.be\/fr\/speakers\/joelle-genbrugge\/\" \/>\n<meta property=\"og:site_name\" content=\"EBP Website\" \/>\n<meta property=\"article:modified_time\" content=\"2026-04-17T12:43:50+00:00\" \/>\n<meta property=\"og:image\" content=\"https:\/\/www.ebp.be\/wp-content\/uploads\/2025\/02\/Joelle-Genbrugge.jpg\" \/>\n\t<meta property=\"og:image:width\" content=\"2048\" \/>\n\t<meta property=\"og:image:height\" content=\"2048\" \/>\n\t<meta property=\"og:image:type\" content=\"image\/jpeg\" \/>\n<meta name=\"twitter:card\" content=\"summary_large_image\" \/>\n<meta name=\"twitter:label1\" content=\"Dur\u00e9e de lecture estim\u00e9e\" \/>\n\t<meta name=\"twitter:data1\" content=\"2 minutes\" \/>\n<script type=\"application\/ld+json\" class=\"yoast-schema-graph\">{\"@context\":\"https:\\\/\\\/schema.org\",\"@graph\":[{\"@type\":\"WebPage\",\"@id\":\"https:\\\/\\\/www.ebp.be\\\/fr\\\/speakers\\\/joelle-genbrugge\\\/\",\"url\":\"https:\\\/\\\/www.ebp.be\\\/fr\\\/speakers\\\/joelle-genbrugge\\\/\",\"name\":\"Jo\u00eblle Genbrugge - EBP Website\",\"isPartOf\":{\"@id\":\"https:\\\/\\\/www.ebp.be\\\/fr\\\/#website\"},\"primaryImageOfPage\":{\"@id\":\"https:\\\/\\\/www.ebp.be\\\/fr\\\/speakers\\\/joelle-genbrugge\\\/#primaryimage\"},\"image\":{\"@id\":\"https:\\\/\\\/www.ebp.be\\\/fr\\\/speakers\\\/joelle-genbrugge\\\/#primaryimage\"},\"thumbnailUrl\":\"https:\\\/\\\/www.ebp.be\\\/wp-content\\\/uploads\\\/2025\\\/02\\\/Joelle-Genbrugge.jpg\",\"datePublished\":\"2025-02-26T10:51:02+00:00\",\"dateModified\":\"2026-04-17T12:43:50+00:00\",\"breadcrumb\":{\"@id\":\"https:\\\/\\\/www.ebp.be\\\/fr\\\/speakers\\\/joelle-genbrugge\\\/#breadcrumb\"},\"inLanguage\":\"fr-FR\",\"potentialAction\":[{\"@type\":\"ReadAction\",\"target\":[\"https:\\\/\\\/www.ebp.be\\\/fr\\\/speakers\\\/joelle-genbrugge\\\/\"]}]},{\"@type\":\"ImageObject\",\"inLanguage\":\"fr-FR\",\"@id\":\"https:\\\/\\\/www.ebp.be\\\/fr\\\/speakers\\\/joelle-genbrugge\\\/#primaryimage\",\"url\":\"https:\\\/\\\/www.ebp.be\\\/wp-content\\\/uploads\\\/2025\\\/02\\\/Joelle-Genbrugge.jpg\",\"contentUrl\":\"https:\\\/\\\/www.ebp.be\\\/wp-content\\\/uploads\\\/2025\\\/02\\\/Joelle-Genbrugge.jpg\",\"width\":2048,\"height\":2048},{\"@type\":\"BreadcrumbList\",\"@id\":\"https:\\\/\\\/www.ebp.be\\\/fr\\\/speakers\\\/joelle-genbrugge\\\/#breadcrumb\",\"itemListElement\":[{\"@type\":\"ListItem\",\"position\":1,\"name\":\"Home\",\"item\":\"https:\\\/\\\/www.ebp.be\\\/fr\\\/\"},{\"@type\":\"ListItem\",\"position\":2,\"name\":\"Jo\u00eblle Genbrugge\"}]},{\"@type\":\"WebSite\",\"@id\":\"https:\\\/\\\/www.ebp.be\\\/fr\\\/#website\",\"url\":\"https:\\\/\\\/www.ebp.be\\\/fr\\\/\",\"name\":\"EBP Website\",\"description\":\"\",\"publisher\":{\"@id\":\"https:\\\/\\\/www.ebp.be\\\/fr\\\/#organization\"},\"potentialAction\":[{\"@type\":\"SearchAction\",\"target\":{\"@type\":\"EntryPoint\",\"urlTemplate\":\"https:\\\/\\\/www.ebp.be\\\/fr\\\/?s={search_term_string}\"},\"query-input\":{\"@type\":\"PropertyValueSpecification\",\"valueRequired\":true,\"valueName\":\"search_term_string\"}}],\"inLanguage\":\"fr-FR\"},{\"@type\":\"Organization\",\"@id\":\"https:\\\/\\\/www.ebp.be\\\/fr\\\/#organization\",\"name\":\"EBP Website\",\"url\":\"https:\\\/\\\/www.ebp.be\\\/fr\\\/\",\"logo\":{\"@type\":\"ImageObject\",\"inLanguage\":\"fr-FR\",\"@id\":\"https:\\\/\\\/www.ebp.be\\\/fr\\\/#\\\/schema\\\/logo\\\/image\\\/\",\"url\":\"https:\\\/\\\/www.ebp.be\\\/wp-content\\\/uploads\\\/2025\\\/02\\\/EBP_2024_CMYK_500x500.png\",\"contentUrl\":\"https:\\\/\\\/www.ebp.be\\\/wp-content\\\/uploads\\\/2025\\\/02\\\/EBP_2024_CMYK_500x500.png\",\"width\":500,\"height\":500,\"caption\":\"EBP Website\"},\"image\":{\"@id\":\"https:\\\/\\\/www.ebp.be\\\/fr\\\/#\\\/schema\\\/logo\\\/image\\\/\"}}]}<\/script>\n<!-- \/ Yoast SEO plugin. -->","yoast_head_json":{"title":"Jo\u00eblle Genbrugge - EBP Website","robots":{"index":"index","follow":"follow","max-snippet":"max-snippet:-1","max-image-preview":"max-image-preview:large","max-video-preview":"max-video-preview:-1"},"canonical":"https:\/\/www.ebp.be\/fr\/speakers\/joelle-genbrugge\/","og_locale":"fr_FR","og_type":"article","og_title":"Jo\u00eblle Genbrugge - EBP Website","og_description":"Managing Partner, Solvint","og_url":"https:\/\/www.ebp.be\/fr\/speakers\/joelle-genbrugge\/","og_site_name":"EBP Website","article_modified_time":"2026-04-17T12:43:50+00:00","og_image":[{"width":2048,"height":2048,"url":"https:\/\/www.ebp.be\/wp-content\/uploads\/2025\/02\/Joelle-Genbrugge.jpg","type":"image\/jpeg"}],"twitter_card":"summary_large_image","twitter_misc":{"Dur\u00e9e de lecture estim\u00e9e":"2 minutes"},"schema":{"@context":"https:\/\/schema.org","@graph":[{"@type":"WebPage","@id":"https:\/\/www.ebp.be\/fr\/speakers\/joelle-genbrugge\/","url":"https:\/\/www.ebp.be\/fr\/speakers\/joelle-genbrugge\/","name":"Jo\u00eblle Genbrugge - EBP Website","isPartOf":{"@id":"https:\/\/www.ebp.be\/fr\/#website"},"primaryImageOfPage":{"@id":"https:\/\/www.ebp.be\/fr\/speakers\/joelle-genbrugge\/#primaryimage"},"image":{"@id":"https:\/\/www.ebp.be\/fr\/speakers\/joelle-genbrugge\/#primaryimage"},"thumbnailUrl":"https:\/\/www.ebp.be\/wp-content\/uploads\/2025\/02\/Joelle-Genbrugge.jpg","datePublished":"2025-02-26T10:51:02+00:00","dateModified":"2026-04-17T12:43:50+00:00","breadcrumb":{"@id":"https:\/\/www.ebp.be\/fr\/speakers\/joelle-genbrugge\/#breadcrumb"},"inLanguage":"fr-FR","potentialAction":[{"@type":"ReadAction","target":["https:\/\/www.ebp.be\/fr\/speakers\/joelle-genbrugge\/"]}]},{"@type":"ImageObject","inLanguage":"fr-FR","@id":"https:\/\/www.ebp.be\/fr\/speakers\/joelle-genbrugge\/#primaryimage","url":"https:\/\/www.ebp.be\/wp-content\/uploads\/2025\/02\/Joelle-Genbrugge.jpg","contentUrl":"https:\/\/www.ebp.be\/wp-content\/uploads\/2025\/02\/Joelle-Genbrugge.jpg","width":2048,"height":2048},{"@type":"BreadcrumbList","@id":"https:\/\/www.ebp.be\/fr\/speakers\/joelle-genbrugge\/#breadcrumb","itemListElement":[{"@type":"ListItem","position":1,"name":"Home","item":"https:\/\/www.ebp.be\/fr\/"},{"@type":"ListItem","position":2,"name":"Jo\u00eblle Genbrugge"}]},{"@type":"WebSite","@id":"https:\/\/www.ebp.be\/fr\/#website","url":"https:\/\/www.ebp.be\/fr\/","name":"EBP Website","description":"","publisher":{"@id":"https:\/\/www.ebp.be\/fr\/#organization"},"potentialAction":[{"@type":"SearchAction","target":{"@type":"EntryPoint","urlTemplate":"https:\/\/www.ebp.be\/fr\/?s={search_term_string}"},"query-input":{"@type":"PropertyValueSpecification","valueRequired":true,"valueName":"search_term_string"}}],"inLanguage":"fr-FR"},{"@type":"Organization","@id":"https:\/\/www.ebp.be\/fr\/#organization","name":"EBP Website","url":"https:\/\/www.ebp.be\/fr\/","logo":{"@type":"ImageObject","inLanguage":"fr-FR","@id":"https:\/\/www.ebp.be\/fr\/#\/schema\/logo\/image\/","url":"https:\/\/www.ebp.be\/wp-content\/uploads\/2025\/02\/EBP_2024_CMYK_500x500.png","contentUrl":"https:\/\/www.ebp.be\/wp-content\/uploads\/2025\/02\/EBP_2024_CMYK_500x500.png","width":500,"height":500,"caption":"EBP Website"},"image":{"@id":"https:\/\/www.ebp.be\/fr\/#\/schema\/logo\/image\/"}}]}},"_links":{"self":[{"href":"https:\/\/www.ebp.be\/fr\/wp-json\/wp\/v2\/speakers\/15025","targetHints":{"allow":["GET"]}}],"collection":[{"href":"https:\/\/www.ebp.be\/fr\/wp-json\/wp\/v2\/speakers"}],"about":[{"href":"https:\/\/www.ebp.be\/fr\/wp-json\/wp\/v2\/types\/speakers"}],"version-history":[{"count":3,"href":"https:\/\/www.ebp.be\/fr\/wp-json\/wp\/v2\/speakers\/15025\/revisions"}],"predecessor-version":[{"id":33781,"href":"https:\/\/www.ebp.be\/fr\/wp-json\/wp\/v2\/speakers\/15025\/revisions\/33781"}],"wp:featuredmedia":[{"embeddable":true,"href":"https:\/\/www.ebp.be\/fr\/wp-json\/wp\/v2\/media\/22051"}],"wp:attachment":[{"href":"https:\/\/www.ebp.be\/fr\/wp-json\/wp\/v2\/media?parent=15025"}],"wp:term":[{"taxonomy":"category","embeddable":true,"href":"https:\/\/www.ebp.be\/fr\/wp-json\/wp\/v2\/categories?post=15025"},{"taxonomy":"post_tag","embeddable":true,"href":"https:\/\/www.ebp.be\/fr\/wp-json\/wp\/v2\/tags?post=15025"}],"curies":[{"name":"wp","href":"https:\/\/api.w.org\/{rel}","templated":true}]}}

Joëlle Genbrugge

<div data-elementor-type="wp-post" data-elementor-id="15025" class="elementor elementor-15025" data-elementor-post-type="speakers">
				<div class="elementor-element elementor-element-5570ad1f e-flex e-con-boxed e-con e-parent" data-id="5570ad1f" data-element_type="container" data-e-type="container">
					<div class="e-con-inner">
				<div class="elementor-element elementor-element-19cb92c5 elementor-widget elementor-widget-text-editor" data-id="19cb92c5" data-element_type="widget" data-e-type="widget" data-widget_type="text-editor.default">
				<div class="elementor-widget-container">
									<p>Joëlle a 15 ans d&rsquo;expérience dans le secteur public, plus particulièrement en marchés publics.</p><p>Elle a acquis cette expertise chez 3P, en tant que consultante. Elle a été la personne de référence dans le cadre des marchés publics pour de nombreuses administrations (région Bruxelles et Wallonie). Elle était chef de projet pour l’implémentation de l’outil 3P chez plusieurs administrations et les a accompagnés pendant des années afin de guider et épauler ces administrations dans le changement de leurs processus achats. Chez 3P elle a également donné de nombreuses formations en marchés publics à tous types d’administrations (communes, CPAS, hôpitaux, SPF, agences fédérales, écoles…).</p><p>Ensuite Joëlle a été responsable de l’équipe Procurement de Deloitte. En tant que responsable de son équipe, elle est familiarisée avec la gestion des personnes et le suivi de leurs performances et évolutions. Elle a l&rsquo;expérience de la rationalisation des différentes parties prenantes (tant internes qu&rsquo;externes) et de la conduite de projets, combinée à une approche très patiente et orientée vers les personnes.</p><p>Joëlle a ensuite rejoint le groupe Solvint où elle est en charge de l’ensemble de l’offre de service du groupe Solvint pour le secteur public.<br />Elle est une responsable dévouée qui s’engage pour faire progresser ses collaborateurs en les aidant à monter en compétence et à s&rsquo;épanouir. Elle favorise l&rsquo;émulation des talents et des compétences au sein de son équipe. Ces expériences lui ont conférés une solide expertise et expérience sur toutes les thématiques principales et connexes aux achats qui sont au cœur des intérêts du secteur public mais également dans l’analyse et la formulation de recommandations. En tant que cheffe de projet, Joëlle assure tant la définition de la stratégie de projet que la supervision au quotidien des équipes dédiées et la revue qualité des livrables.</p><p>Joëlle dispose donc d’une grande expérience dans la gestion de projets d’ampleur, complexes et aux objectifs transversaux liés aux achats et processus achats dans le secteur public.</p><p> </p><p> </p>								</div>
				</div>
					</div>
				</div>
				</div>

<!-- This site is optimized with the Yoast SEO plugin v27.4 - https://yoast.com/product/yoast-seo-wordpress/ -->
<title>Joëlle Genbrugge - EBP Website</title>
<meta name="robots" content="index, follow, max-snippet:-1, max-image-preview:large, max-video-preview:-1" />
<link rel="canonical" href="https://www.ebp.be/fr/speakers/joelle-genbrugge/" />
<meta property="og:locale" content="fr_FR" />
<meta property="og:type" content="article" />
<meta property="og:title" content="Joëlle Genbrugge - EBP Website" />
<meta property="og:description" content="Managing Partner, Solvint" />
<meta property="og:url" content="https://www.ebp.be/fr/speakers/joelle-genbrugge/" />
<meta property="og:site_name" content="EBP Website" />
<meta property="article:modified_time" content="2026-04-17T12:43:50+00:00" />
<meta property="og:image" content="https://www.ebp.be/wp-content/uploads/2025/02/Joelle-Genbrugge.jpg" />
	<meta property="og:image:width" content="2048" />
	<meta property="og:image:height" content="2048" />
	<meta property="og:image:type" content="image/jpeg" />
<meta name="twitter:card" content="summary_large_image" />
<meta name="twitter:label1" content="Durée de lecture estimée" />
	<meta name="twitter:data1" content="2 minutes" />
<script type="application/ld+json" class="yoast-schema-graph">{"@context":"https:\/\/schema.org","@graph":[{"@type":"WebPage","@id":"https:\/\/www.ebp.be\/fr\/speakers\/joelle-genbrugge\/","url":"https:\/\/www.ebp.be\/fr\/speakers\/joelle-genbrugge\/","name":"Joëlle Genbrugge - EBP Website","isPartOf":{"@id":"https:\/\/www.ebp.be\/fr\/#website"},"primaryImageOfPage":{"@id":"https:\/\/www.ebp.be\/fr\/speakers\/joelle-genbrugge\/#primaryimage"},"image":{"@id":"https:\/\/www.ebp.be\/fr\/speakers\/joelle-genbrugge\/#primaryimage"},"thumbnailUrl":"https:\/\/www.ebp.be\/wp-content\/uploads\/2025\/02\/Joelle-Genbrugge.jpg","datePublished":"2025-02-26T10:51:02+00:00","dateModified":"2026-04-17T12:43:50+00:00","breadcrumb":{"@id":"https:\/\/www.ebp.be\/fr\/speakers\/joelle-genbrugge\/#breadcrumb"},"inLanguage":"fr-FR","potentialAction":[{"@type":"ReadAction","target":["https:\/\/www.ebp.be\/fr\/speakers\/joelle-genbrugge\/"]}]},{"@type":"ImageObject","inLanguage":"fr-FR","@id":"https:\/\/www.ebp.be\/fr\/speakers\/joelle-genbrugge\/#primaryimage","url":"https:\/\/www.ebp.be\/wp-content\/uploads\/2025\/02\/Joelle-Genbrugge.jpg","contentUrl":"https:\/\/www.ebp.be\/wp-content\/uploads\/2025\/02\/Joelle-Genbrugge.jpg","width":2048,"height":2048},{"@type":"BreadcrumbList","@id":"https:\/\/www.ebp.be\/fr\/speakers\/joelle-genbrugge\/#breadcrumb","itemListElement":[{"@type":"ListItem","position":1,"name":"Home","item":"https:\/\/www.ebp.be\/fr\/"},{"@type":"ListItem","position":2,"name":"Joëlle Genbrugge"}]},{"@type":"WebSite","@id":"https:\/\/www.ebp.be\/fr\/#website","url":"https:\/\/www.ebp.be\/fr\/","name":"EBP Website","description":"","publisher":{"@id":"https:\/\/www.ebp.be\/fr\/#organization"},"potentialAction":[{"@type":"SearchAction","target":{"@type":"EntryPoint","urlTemplate":"https:\/\/www.ebp.be\/fr\/?s={search_term_string}"},"query-input":{"@type":"PropertyValueSpecification","valueRequired":true,"valueName":"search_term_string"}}],"inLanguage":"fr-FR"},{"@type":"Organization","@id":"https:\/\/www.ebp.be\/fr\/#organization","name":"EBP Website","url":"https:\/\/www.ebp.be\/fr\/","logo":{"@type":"ImageObject","inLanguage":"fr-FR","@id":"https:\/\/www.ebp.be\/fr\/#\/schema\/logo\/image\/","url":"https:\/\/www.ebp.be\/wp-content\/uploads\/2025\/02\/EBP_2024_CMYK_500x500.png","contentUrl":"https:\/\/www.ebp.be\/wp-content\/uploads\/2025\/02\/EBP_2024_CMYK_500x500.png","width":500,"height":500,"caption":"EBP Website"},"image":{"@id":"https:\/\/www.ebp.be\/fr\/#\/schema\/logo\/image\/"}}]}</script>
<!-- / Yoast SEO plugin. -->

Joëlle Genbrugge - EBP Website
