{"id":23835,"date":"2025-10-07T12:32:07","date_gmt":"2025-10-07T11:32:07","guid":{"rendered":"https:\/\/www.ebp.be\/?post_type=speakers&#038;p=23835"},"modified":"2026-04-17T13:37:35","modified_gmt":"2026-04-17T12:37:35","slug":"thomas-stevenart","status":"publish","type":"speakers","link":"https:\/\/www.ebp.be\/fr\/speakers\/thomas-stevenart\/","title":{"rendered":"Thomas St\u00e9venart"},"content":{"rendered":"\t\t<div data-elementor-type=\"wp-post\" data-elementor-id=\"23835\" class=\"elementor elementor-23835\" data-elementor-post-type=\"speakers\">\n\t\t\t\t<div class=\"elementor-element elementor-element-5570ad1f e-flex e-con-boxed e-con e-parent\" data-id=\"5570ad1f\" data-element_type=\"container\" data-e-type=\"container\">\n\t\t\t\t\t<div class=\"e-con-inner\">\n\t\t\t\t<div class=\"elementor-element elementor-element-19cb92c5 elementor-widget elementor-widget-text-editor\" data-id=\"19cb92c5\" data-element_type=\"widget\" data-e-type=\"widget\" data-widget_type=\"text-editor.default\">\n\t\t\t\t<div class=\"elementor-widget-container\">\n\t\t\t\t\t\t\t\t\t<p>Juriste de formation, Thomas St\u00e9venart a d\u00e9but\u00e9 sa carri\u00e8re comme acheteur public dans le secteur hospitalier \u00e0 Bruxelles, o\u00f9 il a exerc\u00e9 pendant pr\u00e8s de quatre ans.<\/p><p>Depuis 2023, il est responsable du programme \u00ab\u00a0achats durables\u00a0\u00bb \u00e0 la SNCB. Il y d\u00e9veloppe la politique d\u2019achats durables, accompagne les acheteurs dans l\u2019int\u00e9gration de clauses sociales et environnementales dans les march\u00e9s publics, et sensibilise aux enjeux li\u00e9s aux pratiques d&rsquo;approvisionnement et de consommation responsable.<\/p>\t\t\t\t\t\t\t\t<\/div>\n\t\t\t\t<\/div>\n\t\t\t\t\t<\/div>\n\t\t\t\t<\/div>\n\t\t\t\t<\/div>\n\t\t","protected":false},"excerpt":{"rendered":"<p>Sustainable Procurement Expert, SNCB<\/p>\n","protected":false},"featured_media":23844,"template":"","categories":[298,141],"tags":[],"class_list":["post-23835","speakers","type-speakers","status-publish","has-post-thumbnail","hentry","category-2025-std-fr","category-orateurs"],"acf":[],"yoast_head":"<!-- This site is optimized with the Yoast SEO plugin v27.4 - https:\/\/yoast.com\/product\/yoast-seo-wordpress\/ -->\n<title>Thomas St\u00e9venart - EBP Website<\/title>\n<meta name=\"robots\" content=\"index, follow, max-snippet:-1, max-image-preview:large, max-video-preview:-1\" \/>\n<link rel=\"canonical\" href=\"https:\/\/www.ebp.be\/fr\/speakers\/thomas-stevenart\/\" \/>\n<meta property=\"og:locale\" content=\"fr_FR\" \/>\n<meta property=\"og:type\" content=\"article\" \/>\n<meta property=\"og:title\" content=\"Thomas St\u00e9venart - EBP Website\" \/>\n<meta property=\"og:description\" content=\"Sustainable Procurement Expert, SNCB\" \/>\n<meta property=\"og:url\" content=\"https:\/\/www.ebp.be\/fr\/speakers\/thomas-stevenart\/\" \/>\n<meta property=\"og:site_name\" content=\"EBP Website\" \/>\n<meta property=\"article:modified_time\" content=\"2026-04-17T12:37:35+00:00\" \/>\n<meta property=\"og:image\" content=\"https:\/\/www.ebp.be\/wp-content\/uploads\/2025\/10\/Photo-profil-SNCB_Thomas.jpg\" \/>\n\t<meta property=\"og:image:width\" content=\"800\" \/>\n\t<meta property=\"og:image:height\" content=\"800\" \/>\n\t<meta property=\"og:image:type\" content=\"image\/jpeg\" \/>\n<meta name=\"twitter:card\" content=\"summary_large_image\" \/>\n<meta name=\"twitter:label1\" content=\"Dur\u00e9e de lecture estim\u00e9e\" \/>\n\t<meta name=\"twitter:data1\" content=\"1 minute\" \/>\n<script type=\"application\/ld+json\" class=\"yoast-schema-graph\">{\"@context\":\"https:\\\/\\\/schema.org\",\"@graph\":[{\"@type\":\"WebPage\",\"@id\":\"https:\\\/\\\/www.ebp.be\\\/fr\\\/speakers\\\/thomas-stevenart\\\/\",\"url\":\"https:\\\/\\\/www.ebp.be\\\/fr\\\/speakers\\\/thomas-stevenart\\\/\",\"name\":\"Thomas St\u00e9venart - EBP Website\",\"isPartOf\":{\"@id\":\"https:\\\/\\\/www.ebp.be\\\/fr\\\/#website\"},\"primaryImageOfPage\":{\"@id\":\"https:\\\/\\\/www.ebp.be\\\/fr\\\/speakers\\\/thomas-stevenart\\\/#primaryimage\"},\"image\":{\"@id\":\"https:\\\/\\\/www.ebp.be\\\/fr\\\/speakers\\\/thomas-stevenart\\\/#primaryimage\"},\"thumbnailUrl\":\"https:\\\/\\\/www.ebp.be\\\/wp-content\\\/uploads\\\/2025\\\/10\\\/Photo-profil-SNCB_Thomas.jpg\",\"datePublished\":\"2025-10-07T11:32:07+00:00\",\"dateModified\":\"2026-04-17T12:37:35+00:00\",\"breadcrumb\":{\"@id\":\"https:\\\/\\\/www.ebp.be\\\/fr\\\/speakers\\\/thomas-stevenart\\\/#breadcrumb\"},\"inLanguage\":\"fr-FR\",\"potentialAction\":[{\"@type\":\"ReadAction\",\"target\":[\"https:\\\/\\\/www.ebp.be\\\/fr\\\/speakers\\\/thomas-stevenart\\\/\"]}]},{\"@type\":\"ImageObject\",\"inLanguage\":\"fr-FR\",\"@id\":\"https:\\\/\\\/www.ebp.be\\\/fr\\\/speakers\\\/thomas-stevenart\\\/#primaryimage\",\"url\":\"https:\\\/\\\/www.ebp.be\\\/wp-content\\\/uploads\\\/2025\\\/10\\\/Photo-profil-SNCB_Thomas.jpg\",\"contentUrl\":\"https:\\\/\\\/www.ebp.be\\\/wp-content\\\/uploads\\\/2025\\\/10\\\/Photo-profil-SNCB_Thomas.jpg\",\"width\":800,\"height\":800},{\"@type\":\"BreadcrumbList\",\"@id\":\"https:\\\/\\\/www.ebp.be\\\/fr\\\/speakers\\\/thomas-stevenart\\\/#breadcrumb\",\"itemListElement\":[{\"@type\":\"ListItem\",\"position\":1,\"name\":\"Home\",\"item\":\"https:\\\/\\\/www.ebp.be\\\/fr\\\/\"},{\"@type\":\"ListItem\",\"position\":2,\"name\":\"Thomas St\u00e9venart\"}]},{\"@type\":\"WebSite\",\"@id\":\"https:\\\/\\\/www.ebp.be\\\/fr\\\/#website\",\"url\":\"https:\\\/\\\/www.ebp.be\\\/fr\\\/\",\"name\":\"EBP Website\",\"description\":\"\",\"publisher\":{\"@id\":\"https:\\\/\\\/www.ebp.be\\\/fr\\\/#organization\"},\"potentialAction\":[{\"@type\":\"SearchAction\",\"target\":{\"@type\":\"EntryPoint\",\"urlTemplate\":\"https:\\\/\\\/www.ebp.be\\\/fr\\\/?s={search_term_string}\"},\"query-input\":{\"@type\":\"PropertyValueSpecification\",\"valueRequired\":true,\"valueName\":\"search_term_string\"}}],\"inLanguage\":\"fr-FR\"},{\"@type\":\"Organization\",\"@id\":\"https:\\\/\\\/www.ebp.be\\\/fr\\\/#organization\",\"name\":\"EBP Website\",\"url\":\"https:\\\/\\\/www.ebp.be\\\/fr\\\/\",\"logo\":{\"@type\":\"ImageObject\",\"inLanguage\":\"fr-FR\",\"@id\":\"https:\\\/\\\/www.ebp.be\\\/fr\\\/#\\\/schema\\\/logo\\\/image\\\/\",\"url\":\"https:\\\/\\\/www.ebp.be\\\/wp-content\\\/uploads\\\/2025\\\/02\\\/EBP_2024_CMYK_500x500.png\",\"contentUrl\":\"https:\\\/\\\/www.ebp.be\\\/wp-content\\\/uploads\\\/2025\\\/02\\\/EBP_2024_CMYK_500x500.png\",\"width\":500,\"height\":500,\"caption\":\"EBP Website\"},\"image\":{\"@id\":\"https:\\\/\\\/www.ebp.be\\\/fr\\\/#\\\/schema\\\/logo\\\/image\\\/\"}}]}<\/script>\n<!-- \/ Yoast SEO plugin. -->","yoast_head_json":{"title":"Thomas St\u00e9venart - EBP Website","robots":{"index":"index","follow":"follow","max-snippet":"max-snippet:-1","max-image-preview":"max-image-preview:large","max-video-preview":"max-video-preview:-1"},"canonical":"https:\/\/www.ebp.be\/fr\/speakers\/thomas-stevenart\/","og_locale":"fr_FR","og_type":"article","og_title":"Thomas St\u00e9venart - EBP Website","og_description":"Sustainable Procurement Expert, SNCB","og_url":"https:\/\/www.ebp.be\/fr\/speakers\/thomas-stevenart\/","og_site_name":"EBP Website","article_modified_time":"2026-04-17T12:37:35+00:00","og_image":[{"width":800,"height":800,"url":"https:\/\/www.ebp.be\/wp-content\/uploads\/2025\/10\/Photo-profil-SNCB_Thomas.jpg","type":"image\/jpeg"}],"twitter_card":"summary_large_image","twitter_misc":{"Dur\u00e9e de lecture estim\u00e9e":"1 minute"},"schema":{"@context":"https:\/\/schema.org","@graph":[{"@type":"WebPage","@id":"https:\/\/www.ebp.be\/fr\/speakers\/thomas-stevenart\/","url":"https:\/\/www.ebp.be\/fr\/speakers\/thomas-stevenart\/","name":"Thomas St\u00e9venart - EBP Website","isPartOf":{"@id":"https:\/\/www.ebp.be\/fr\/#website"},"primaryImageOfPage":{"@id":"https:\/\/www.ebp.be\/fr\/speakers\/thomas-stevenart\/#primaryimage"},"image":{"@id":"https:\/\/www.ebp.be\/fr\/speakers\/thomas-stevenart\/#primaryimage"},"thumbnailUrl":"https:\/\/www.ebp.be\/wp-content\/uploads\/2025\/10\/Photo-profil-SNCB_Thomas.jpg","datePublished":"2025-10-07T11:32:07+00:00","dateModified":"2026-04-17T12:37:35+00:00","breadcrumb":{"@id":"https:\/\/www.ebp.be\/fr\/speakers\/thomas-stevenart\/#breadcrumb"},"inLanguage":"fr-FR","potentialAction":[{"@type":"ReadAction","target":["https:\/\/www.ebp.be\/fr\/speakers\/thomas-stevenart\/"]}]},{"@type":"ImageObject","inLanguage":"fr-FR","@id":"https:\/\/www.ebp.be\/fr\/speakers\/thomas-stevenart\/#primaryimage","url":"https:\/\/www.ebp.be\/wp-content\/uploads\/2025\/10\/Photo-profil-SNCB_Thomas.jpg","contentUrl":"https:\/\/www.ebp.be\/wp-content\/uploads\/2025\/10\/Photo-profil-SNCB_Thomas.jpg","width":800,"height":800},{"@type":"BreadcrumbList","@id":"https:\/\/www.ebp.be\/fr\/speakers\/thomas-stevenart\/#breadcrumb","itemListElement":[{"@type":"ListItem","position":1,"name":"Home","item":"https:\/\/www.ebp.be\/fr\/"},{"@type":"ListItem","position":2,"name":"Thomas St\u00e9venart"}]},{"@type":"WebSite","@id":"https:\/\/www.ebp.be\/fr\/#website","url":"https:\/\/www.ebp.be\/fr\/","name":"EBP Website","description":"","publisher":{"@id":"https:\/\/www.ebp.be\/fr\/#organization"},"potentialAction":[{"@type":"SearchAction","target":{"@type":"EntryPoint","urlTemplate":"https:\/\/www.ebp.be\/fr\/?s={search_term_string}"},"query-input":{"@type":"PropertyValueSpecification","valueRequired":true,"valueName":"search_term_string"}}],"inLanguage":"fr-FR"},{"@type":"Organization","@id":"https:\/\/www.ebp.be\/fr\/#organization","name":"EBP Website","url":"https:\/\/www.ebp.be\/fr\/","logo":{"@type":"ImageObject","inLanguage":"fr-FR","@id":"https:\/\/www.ebp.be\/fr\/#\/schema\/logo\/image\/","url":"https:\/\/www.ebp.be\/wp-content\/uploads\/2025\/02\/EBP_2024_CMYK_500x500.png","contentUrl":"https:\/\/www.ebp.be\/wp-content\/uploads\/2025\/02\/EBP_2024_CMYK_500x500.png","width":500,"height":500,"caption":"EBP Website"},"image":{"@id":"https:\/\/www.ebp.be\/fr\/#\/schema\/logo\/image\/"}}]}},"_links":{"self":[{"href":"https:\/\/www.ebp.be\/fr\/wp-json\/wp\/v2\/speakers\/23835","targetHints":{"allow":["GET"]}}],"collection":[{"href":"https:\/\/www.ebp.be\/fr\/wp-json\/wp\/v2\/speakers"}],"about":[{"href":"https:\/\/www.ebp.be\/fr\/wp-json\/wp\/v2\/types\/speakers"}],"version-history":[{"count":3,"href":"https:\/\/www.ebp.be\/fr\/wp-json\/wp\/v2\/speakers\/23835\/revisions"}],"predecessor-version":[{"id":33766,"href":"https:\/\/www.ebp.be\/fr\/wp-json\/wp\/v2\/speakers\/23835\/revisions\/33766"}],"wp:featuredmedia":[{"embeddable":true,"href":"https:\/\/www.ebp.be\/fr\/wp-json\/wp\/v2\/media\/23844"}],"wp:attachment":[{"href":"https:\/\/www.ebp.be\/fr\/wp-json\/wp\/v2\/media?parent=23835"}],"wp:term":[{"taxonomy":"category","embeddable":true,"href":"https:\/\/www.ebp.be\/fr\/wp-json\/wp\/v2\/categories?post=23835"},{"taxonomy":"post_tag","embeddable":true,"href":"https:\/\/www.ebp.be\/fr\/wp-json\/wp\/v2\/tags?post=23835"}],"curies":[{"name":"wp","href":"https:\/\/api.w.org\/{rel}","templated":true}]}}

Thomas Stévenart

<div data-elementor-type="wp-post" data-elementor-id="23835" class="elementor elementor-23835" data-elementor-post-type="speakers">
				<div class="elementor-element elementor-element-5570ad1f e-flex e-con-boxed e-con e-parent" data-id="5570ad1f" data-element_type="container" data-e-type="container">
					<div class="e-con-inner">
				<div class="elementor-element elementor-element-19cb92c5 elementor-widget elementor-widget-text-editor" data-id="19cb92c5" data-element_type="widget" data-e-type="widget" data-widget_type="text-editor.default">
				<div class="elementor-widget-container">
									<p>Juriste de formation, Thomas Stévenart a débuté sa carrière comme acheteur public dans le secteur hospitalier à Bruxelles, où il a exercé pendant près de quatre ans.</p><p>Depuis 2023, il est responsable du programme « achats durables » à la SNCB. Il y développe la politique d’achats durables, accompagne les acheteurs dans l’intégration de clauses sociales et environnementales dans les marchés publics, et sensibilise aux enjeux liés aux pratiques d&rsquo;approvisionnement et de consommation responsable.</p>								</div>
				</div>
					</div>
				</div>
				</div>

<!-- This site is optimized with the Yoast SEO plugin v27.4 - https://yoast.com/product/yoast-seo-wordpress/ -->
<title>Thomas Stévenart - EBP Website</title>
<meta name="robots" content="index, follow, max-snippet:-1, max-image-preview:large, max-video-preview:-1" />
<link rel="canonical" href="https://www.ebp.be/fr/speakers/thomas-stevenart/" />
<meta property="og:locale" content="fr_FR" />
<meta property="og:type" content="article" />
<meta property="og:title" content="Thomas Stévenart - EBP Website" />
<meta property="og:description" content="Sustainable Procurement Expert, SNCB" />
<meta property="og:url" content="https://www.ebp.be/fr/speakers/thomas-stevenart/" />
<meta property="og:site_name" content="EBP Website" />
<meta property="article:modified_time" content="2026-04-17T12:37:35+00:00" />
<meta property="og:image" content="https://www.ebp.be/wp-content/uploads/2025/10/Photo-profil-SNCB_Thomas.jpg" />
	<meta property="og:image:width" content="800" />
	<meta property="og:image:height" content="800" />
	<meta property="og:image:type" content="image/jpeg" />
<meta name="twitter:card" content="summary_large_image" />
<meta name="twitter:label1" content="Durée de lecture estimée" />
	<meta name="twitter:data1" content="1 minute" />
<script type="application/ld+json" class="yoast-schema-graph">{"@context":"https:\/\/schema.org","@graph":[{"@type":"WebPage","@id":"https:\/\/www.ebp.be\/fr\/speakers\/thomas-stevenart\/","url":"https:\/\/www.ebp.be\/fr\/speakers\/thomas-stevenart\/","name":"Thomas Stévenart - EBP Website","isPartOf":{"@id":"https:\/\/www.ebp.be\/fr\/#website"},"primaryImageOfPage":{"@id":"https:\/\/www.ebp.be\/fr\/speakers\/thomas-stevenart\/#primaryimage"},"image":{"@id":"https:\/\/www.ebp.be\/fr\/speakers\/thomas-stevenart\/#primaryimage"},"thumbnailUrl":"https:\/\/www.ebp.be\/wp-content\/uploads\/2025\/10\/Photo-profil-SNCB_Thomas.jpg","datePublished":"2025-10-07T11:32:07+00:00","dateModified":"2026-04-17T12:37:35+00:00","breadcrumb":{"@id":"https:\/\/www.ebp.be\/fr\/speakers\/thomas-stevenart\/#breadcrumb"},"inLanguage":"fr-FR","potentialAction":[{"@type":"ReadAction","target":["https:\/\/www.ebp.be\/fr\/speakers\/thomas-stevenart\/"]}]},{"@type":"ImageObject","inLanguage":"fr-FR","@id":"https:\/\/www.ebp.be\/fr\/speakers\/thomas-stevenart\/#primaryimage","url":"https:\/\/www.ebp.be\/wp-content\/uploads\/2025\/10\/Photo-profil-SNCB_Thomas.jpg","contentUrl":"https:\/\/www.ebp.be\/wp-content\/uploads\/2025\/10\/Photo-profil-SNCB_Thomas.jpg","width":800,"height":800},{"@type":"BreadcrumbList","@id":"https:\/\/www.ebp.be\/fr\/speakers\/thomas-stevenart\/#breadcrumb","itemListElement":[{"@type":"ListItem","position":1,"name":"Home","item":"https:\/\/www.ebp.be\/fr\/"},{"@type":"ListItem","position":2,"name":"Thomas Stévenart"}]},{"@type":"WebSite","@id":"https:\/\/www.ebp.be\/fr\/#website","url":"https:\/\/www.ebp.be\/fr\/","name":"EBP Website","description":"","publisher":{"@id":"https:\/\/www.ebp.be\/fr\/#organization"},"potentialAction":[{"@type":"SearchAction","target":{"@type":"EntryPoint","urlTemplate":"https:\/\/www.ebp.be\/fr\/?s={search_term_string}"},"query-input":{"@type":"PropertyValueSpecification","valueRequired":true,"valueName":"search_term_string"}}],"inLanguage":"fr-FR"},{"@type":"Organization","@id":"https:\/\/www.ebp.be\/fr\/#organization","name":"EBP Website","url":"https:\/\/www.ebp.be\/fr\/","logo":{"@type":"ImageObject","inLanguage":"fr-FR","@id":"https:\/\/www.ebp.be\/fr\/#\/schema\/logo\/image\/","url":"https:\/\/www.ebp.be\/wp-content\/uploads\/2025\/02\/EBP_2024_CMYK_500x500.png","contentUrl":"https:\/\/www.ebp.be\/wp-content\/uploads\/2025\/02\/EBP_2024_CMYK_500x500.png","width":500,"height":500,"caption":"EBP Website"},"image":{"@id":"https:\/\/www.ebp.be\/fr\/#\/schema\/logo\/image\/"}}]}</script>
<!-- / Yoast SEO plugin. -->

Thomas Stévenart - EBP Website
