{"id":16418,"date":"2025-03-05T15:11:45","date_gmt":"2025-03-05T14:11:45","guid":{"rendered":"https:\/\/www.ebp.be\/?post_type=verklarende_woordenl&#038;p=16418"},"modified":"2025-12-22T16:19:48","modified_gmt":"2025-12-22T15:19:48","slug":"chronique-des-marches-publics","status":"publish","type":"verklarende_woorden","link":"https:\/\/www.ebp.be\/fr\/verklarende_woorden\/chronique-des-marches-publics\/","title":{"rendered":"Chronique des march\u00e9s publics"},"content":{"rendered":"\n<p>Le best-seller juridique de l\u2019ann\u00e9e, publi\u00e9 par EBP, qui reprend les derni\u00e8res actualit\u00e9s des march\u00e9s publics au niveau belge et europ\u00e9en, des commentaires pratiques, des arr\u00eats les plus percutants rendus au cours de l\u2019ann\u00e9e \u00e9coul\u00e9e et des articles doctrinaux des plus grands experts en la mati\u00e8re.<\/p>\n\n\n\n<p><strong>Voir aussi\u00a0<\/strong>: EBP<\/p>\n\n\n\n<p><\/p>\n","protected":false},"excerpt":{"rendered":"<p>Le best-seller juridique de l\u2019ann\u00e9e, publi\u00e9 par EBP, qui reprend les derni\u00e8res actualit\u00e9s des march\u00e9s publics au niveau belge et europ\u00e9en, des commentaires pratiques, des arr\u00eats les plus percutants rendus au cours de l\u2019ann\u00e9e \u00e9coul\u00e9e et des articles doctrinaux des plus grands experts en la mati\u00e8re. Voir aussi\u00a0: EBP<\/p>\n","protected":false},"featured_media":0,"template":"","letters":[266],"class_list":["post-16418","verklarende_woorden","type-verklarende_woorden","status-publish","hentry","letters-c"],"acf":[],"yoast_head":"<!-- This site is optimized with the Yoast SEO plugin v27.4 - https:\/\/yoast.com\/product\/yoast-seo-wordpress\/ -->\n<title>Chronique des march\u00e9s publics - EBP Website<\/title>\n<meta name=\"robots\" content=\"index, follow, max-snippet:-1, max-image-preview:large, max-video-preview:-1\" \/>\n<link rel=\"canonical\" href=\"https:\/\/www.ebp.be\/fr\/verklarende_woorden\/chronique-des-marches-publics\/\" \/>\n<meta property=\"og:locale\" content=\"fr_FR\" \/>\n<meta property=\"og:type\" content=\"article\" \/>\n<meta property=\"og:title\" content=\"Chronique des march\u00e9s publics - EBP Website\" \/>\n<meta property=\"og:description\" content=\"Le best-seller juridique de l\u2019ann\u00e9e, publi\u00e9 par EBP, qui reprend les derni\u00e8res actualit\u00e9s des march\u00e9s publics au niveau belge et europ\u00e9en, des commentaires pratiques, des arr\u00eats les plus percutants rendus au cours de l\u2019ann\u00e9e \u00e9coul\u00e9e et des articles doctrinaux des plus grands experts en la mati\u00e8re. Voir aussi\u00a0: EBP\" \/>\n<meta property=\"og:url\" content=\"https:\/\/www.ebp.be\/fr\/verklarende_woorden\/chronique-des-marches-publics\/\" \/>\n<meta property=\"og:site_name\" content=\"EBP Website\" \/>\n<meta property=\"article:modified_time\" content=\"2025-12-22T15:19:48+00:00\" \/>\n<meta name=\"twitter:card\" content=\"summary_large_image\" \/>\n<meta name=\"twitter:label1\" content=\"Dur\u00e9e de lecture estim\u00e9e\" \/>\n\t<meta name=\"twitter:data1\" content=\"1 minute\" \/>\n<script type=\"application\/ld+json\" class=\"yoast-schema-graph\">{\"@context\":\"https:\\\/\\\/schema.org\",\"@graph\":[{\"@type\":\"WebPage\",\"@id\":\"https:\\\/\\\/www.ebp.be\\\/fr\\\/verklarende_woorden\\\/chronique-des-marches-publics\\\/\",\"url\":\"https:\\\/\\\/www.ebp.be\\\/fr\\\/verklarende_woorden\\\/chronique-des-marches-publics\\\/\",\"name\":\"Chronique des march\u00e9s publics - EBP Website\",\"isPartOf\":{\"@id\":\"https:\\\/\\\/www.ebp.be\\\/fr\\\/#website\"},\"datePublished\":\"2025-03-05T14:11:45+00:00\",\"dateModified\":\"2025-12-22T15:19:48+00:00\",\"breadcrumb\":{\"@id\":\"https:\\\/\\\/www.ebp.be\\\/fr\\\/verklarende_woorden\\\/chronique-des-marches-publics\\\/#breadcrumb\"},\"inLanguage\":\"fr-FR\",\"potentialAction\":[{\"@type\":\"ReadAction\",\"target\":[\"https:\\\/\\\/www.ebp.be\\\/fr\\\/verklarende_woorden\\\/chronique-des-marches-publics\\\/\"]}]},{\"@type\":\"BreadcrumbList\",\"@id\":\"https:\\\/\\\/www.ebp.be\\\/fr\\\/verklarende_woorden\\\/chronique-des-marches-publics\\\/#breadcrumb\",\"itemListElement\":[{\"@type\":\"ListItem\",\"position\":1,\"name\":\"Home\",\"item\":\"https:\\\/\\\/www.ebp.be\\\/fr\\\/\"},{\"@type\":\"ListItem\",\"position\":2,\"name\":\"Chronique des march\u00e9s publics\"}]},{\"@type\":\"WebSite\",\"@id\":\"https:\\\/\\\/www.ebp.be\\\/fr\\\/#website\",\"url\":\"https:\\\/\\\/www.ebp.be\\\/fr\\\/\",\"name\":\"EBP Website\",\"description\":\"\",\"publisher\":{\"@id\":\"https:\\\/\\\/www.ebp.be\\\/fr\\\/#organization\"},\"potentialAction\":[{\"@type\":\"SearchAction\",\"target\":{\"@type\":\"EntryPoint\",\"urlTemplate\":\"https:\\\/\\\/www.ebp.be\\\/fr\\\/?s={search_term_string}\"},\"query-input\":{\"@type\":\"PropertyValueSpecification\",\"valueRequired\":true,\"valueName\":\"search_term_string\"}}],\"inLanguage\":\"fr-FR\"},{\"@type\":\"Organization\",\"@id\":\"https:\\\/\\\/www.ebp.be\\\/fr\\\/#organization\",\"name\":\"EBP Website\",\"url\":\"https:\\\/\\\/www.ebp.be\\\/fr\\\/\",\"logo\":{\"@type\":\"ImageObject\",\"inLanguage\":\"fr-FR\",\"@id\":\"https:\\\/\\\/www.ebp.be\\\/fr\\\/#\\\/schema\\\/logo\\\/image\\\/\",\"url\":\"https:\\\/\\\/www.ebp.be\\\/wp-content\\\/uploads\\\/2025\\\/02\\\/EBP_2024_CMYK_500x500.png\",\"contentUrl\":\"https:\\\/\\\/www.ebp.be\\\/wp-content\\\/uploads\\\/2025\\\/02\\\/EBP_2024_CMYK_500x500.png\",\"width\":500,\"height\":500,\"caption\":\"EBP Website\"},\"image\":{\"@id\":\"https:\\\/\\\/www.ebp.be\\\/fr\\\/#\\\/schema\\\/logo\\\/image\\\/\"}}]}<\/script>\n<!-- \/ Yoast SEO plugin. -->","yoast_head_json":{"title":"Chronique des march\u00e9s publics - EBP Website","robots":{"index":"index","follow":"follow","max-snippet":"max-snippet:-1","max-image-preview":"max-image-preview:large","max-video-preview":"max-video-preview:-1"},"canonical":"https:\/\/www.ebp.be\/fr\/verklarende_woorden\/chronique-des-marches-publics\/","og_locale":"fr_FR","og_type":"article","og_title":"Chronique des march\u00e9s publics - EBP Website","og_description":"Le best-seller juridique de l\u2019ann\u00e9e, publi\u00e9 par EBP, qui reprend les derni\u00e8res actualit\u00e9s des march\u00e9s publics au niveau belge et europ\u00e9en, des commentaires pratiques, des arr\u00eats les plus percutants rendus au cours de l\u2019ann\u00e9e \u00e9coul\u00e9e et des articles doctrinaux des plus grands experts en la mati\u00e8re. Voir aussi\u00a0: EBP","og_url":"https:\/\/www.ebp.be\/fr\/verklarende_woorden\/chronique-des-marches-publics\/","og_site_name":"EBP Website","article_modified_time":"2025-12-22T15:19:48+00:00","twitter_card":"summary_large_image","twitter_misc":{"Dur\u00e9e de lecture estim\u00e9e":"1 minute"},"schema":{"@context":"https:\/\/schema.org","@graph":[{"@type":"WebPage","@id":"https:\/\/www.ebp.be\/fr\/verklarende_woorden\/chronique-des-marches-publics\/","url":"https:\/\/www.ebp.be\/fr\/verklarende_woorden\/chronique-des-marches-publics\/","name":"Chronique des march\u00e9s publics - EBP Website","isPartOf":{"@id":"https:\/\/www.ebp.be\/fr\/#website"},"datePublished":"2025-03-05T14:11:45+00:00","dateModified":"2025-12-22T15:19:48+00:00","breadcrumb":{"@id":"https:\/\/www.ebp.be\/fr\/verklarende_woorden\/chronique-des-marches-publics\/#breadcrumb"},"inLanguage":"fr-FR","potentialAction":[{"@type":"ReadAction","target":["https:\/\/www.ebp.be\/fr\/verklarende_woorden\/chronique-des-marches-publics\/"]}]},{"@type":"BreadcrumbList","@id":"https:\/\/www.ebp.be\/fr\/verklarende_woorden\/chronique-des-marches-publics\/#breadcrumb","itemListElement":[{"@type":"ListItem","position":1,"name":"Home","item":"https:\/\/www.ebp.be\/fr\/"},{"@type":"ListItem","position":2,"name":"Chronique des march\u00e9s publics"}]},{"@type":"WebSite","@id":"https:\/\/www.ebp.be\/fr\/#website","url":"https:\/\/www.ebp.be\/fr\/","name":"EBP Website","description":"","publisher":{"@id":"https:\/\/www.ebp.be\/fr\/#organization"},"potentialAction":[{"@type":"SearchAction","target":{"@type":"EntryPoint","urlTemplate":"https:\/\/www.ebp.be\/fr\/?s={search_term_string}"},"query-input":{"@type":"PropertyValueSpecification","valueRequired":true,"valueName":"search_term_string"}}],"inLanguage":"fr-FR"},{"@type":"Organization","@id":"https:\/\/www.ebp.be\/fr\/#organization","name":"EBP Website","url":"https:\/\/www.ebp.be\/fr\/","logo":{"@type":"ImageObject","inLanguage":"fr-FR","@id":"https:\/\/www.ebp.be\/fr\/#\/schema\/logo\/image\/","url":"https:\/\/www.ebp.be\/wp-content\/uploads\/2025\/02\/EBP_2024_CMYK_500x500.png","contentUrl":"https:\/\/www.ebp.be\/wp-content\/uploads\/2025\/02\/EBP_2024_CMYK_500x500.png","width":500,"height":500,"caption":"EBP Website"},"image":{"@id":"https:\/\/www.ebp.be\/fr\/#\/schema\/logo\/image\/"}}]}},"_links":{"self":[{"href":"https:\/\/www.ebp.be\/fr\/wp-json\/wp\/v2\/verklarende_woorden\/16418","targetHints":{"allow":["GET"]}}],"collection":[{"href":"https:\/\/www.ebp.be\/fr\/wp-json\/wp\/v2\/verklarende_woorden"}],"about":[{"href":"https:\/\/www.ebp.be\/fr\/wp-json\/wp\/v2\/types\/verklarende_woorden"}],"wp:attachment":[{"href":"https:\/\/www.ebp.be\/fr\/wp-json\/wp\/v2\/media?parent=16418"}],"wp:term":[{"taxonomy":"letters","embeddable":true,"href":"https:\/\/www.ebp.be\/fr\/wp-json\/wp\/v2\/letters?post=16418"}],"curies":[{"name":"wp","href":"https:\/\/api.w.org\/{rel}","templated":true}]}}

Chronique des marchés publics

<p>Le best-seller juridique de l’année, publié par EBP, qui reprend les dernières actualités des marchés publics au niveau belge et européen, des commentaires pratiques, des arrêts les plus percutants rendus au cours de l’année écoulée et des articles doctrinaux des plus grands experts en la matière.</p>



<p><strong>Voir aussi </strong>: EBP</p>



<p></p>

<p>Le best-seller juridique de l’année, publié par EBP, qui reprend les dernières actualités des marchés publics au niveau belge et européen, des commentaires pratiques, des arrêts les plus percutants rendus au cours de l’année écoulée et des articles doctrinaux des plus grands experts en la matière. Voir aussi : EBP</p>

<!-- This site is optimized with the Yoast SEO plugin v27.4 - https://yoast.com/product/yoast-seo-wordpress/ -->
<title>Chronique des marchés publics - EBP Website</title>
<meta name="robots" content="index, follow, max-snippet:-1, max-image-preview:large, max-video-preview:-1" />
<link rel="canonical" href="https://www.ebp.be/fr/verklarende_woorden/chronique-des-marches-publics/" />
<meta property="og:locale" content="fr_FR" />
<meta property="og:type" content="article" />
<meta property="og:title" content="Chronique des marchés publics - EBP Website" />
<meta property="og:description" content="Le best-seller juridique de l’année, publié par EBP, qui reprend les dernières actualités des marchés publics au niveau belge et européen, des commentaires pratiques, des arrêts les plus percutants rendus au cours de l’année écoulée et des articles doctrinaux des plus grands experts en la matière. Voir aussi : EBP" />
<meta property="og:url" content="https://www.ebp.be/fr/verklarende_woorden/chronique-des-marches-publics/" />
<meta property="og:site_name" content="EBP Website" />
<meta property="article:modified_time" content="2025-12-22T15:19:48+00:00" />
<meta name="twitter:card" content="summary_large_image" />
<meta name="twitter:label1" content="Durée de lecture estimée" />
	<meta name="twitter:data1" content="1 minute" />
<script type="application/ld+json" class="yoast-schema-graph">{"@context":"https:\/\/schema.org","@graph":[{"@type":"WebPage","@id":"https:\/\/www.ebp.be\/fr\/verklarende_woorden\/chronique-des-marches-publics\/","url":"https:\/\/www.ebp.be\/fr\/verklarende_woorden\/chronique-des-marches-publics\/","name":"Chronique des marchés publics - EBP Website","isPartOf":{"@id":"https:\/\/www.ebp.be\/fr\/#website"},"datePublished":"2025-03-05T14:11:45+00:00","dateModified":"2025-12-22T15:19:48+00:00","breadcrumb":{"@id":"https:\/\/www.ebp.be\/fr\/verklarende_woorden\/chronique-des-marches-publics\/#breadcrumb"},"inLanguage":"fr-FR","potentialAction":[{"@type":"ReadAction","target":["https:\/\/www.ebp.be\/fr\/verklarende_woorden\/chronique-des-marches-publics\/"]}]},{"@type":"BreadcrumbList","@id":"https:\/\/www.ebp.be\/fr\/verklarende_woorden\/chronique-des-marches-publics\/#breadcrumb","itemListElement":[{"@type":"ListItem","position":1,"name":"Home","item":"https:\/\/www.ebp.be\/fr\/"},{"@type":"ListItem","position":2,"name":"Chronique des marchés publics"}]},{"@type":"WebSite","@id":"https:\/\/www.ebp.be\/fr\/#website","url":"https:\/\/www.ebp.be\/fr\/","name":"EBP Website","description":"","publisher":{"@id":"https:\/\/www.ebp.be\/fr\/#organization"},"potentialAction":[{"@type":"SearchAction","target":{"@type":"EntryPoint","urlTemplate":"https:\/\/www.ebp.be\/fr\/?s={search_term_string}"},"query-input":{"@type":"PropertyValueSpecification","valueRequired":true,"valueName":"search_term_string"}}],"inLanguage":"fr-FR"},{"@type":"Organization","@id":"https:\/\/www.ebp.be\/fr\/#organization","name":"EBP Website","url":"https:\/\/www.ebp.be\/fr\/","logo":{"@type":"ImageObject","inLanguage":"fr-FR","@id":"https:\/\/www.ebp.be\/fr\/#\/schema\/logo\/image\/","url":"https:\/\/www.ebp.be\/wp-content\/uploads\/2025\/02\/EBP_2024_CMYK_500x500.png","contentUrl":"https:\/\/www.ebp.be\/wp-content\/uploads\/2025\/02\/EBP_2024_CMYK_500x500.png","width":500,"height":500,"caption":"EBP Website"},"image":{"@id":"https:\/\/www.ebp.be\/fr\/#\/schema\/logo\/image\/"}}]}</script>
<!-- / Yoast SEO plugin. -->

Chronique des marchés publics - EBP Website

Le best-seller juridique de l’année, publié par EBP, qui reprend les dernières actualités des marchés publics au niveau belge et européen, des commentaires pratiques, des arrêts les plus percutants rendus au cours de l’année écoulée et des articles doctrinaux des plus grands experts en la matière. Voir aussi : EBP
