{"id":16422,"date":"2025-03-05T15:14:07","date_gmt":"2025-03-05T14:14:07","guid":{"rendered":"https:\/\/www.ebp.be\/?post_type=verklarende_woordenl&#038;p=16422"},"modified":"2025-12-22T16:19:48","modified_gmt":"2025-12-22T15:19:48","slug":"congres-de-la-fonction-publique","status":"publish","type":"verklarende_woorden","link":"https:\/\/www.ebp.be\/fr\/verklarende_woorden\/congres-de-la-fonction-publique\/","title":{"rendered":"Congr\u00e8s de la Fonction Publique"},"content":{"rendered":"\n<p>Le Congr\u00e8s de la Fonction Publique vise \u00e0 fournir une r\u00e9ponse claire aux questions actuelles relatives au droit de la fonction publique. L\u2019\u00e9v\u00e9nement s\u2019adresse \u00e0 toute personne qui souhaite enrichir ses connaissances en mati\u00e8re de gestion des ressources humaines dans le secteur public et rencontrer des experts dans ce domaine.<\/p>\n\n\n\n<p><strong>Voir aussi&nbsp;<\/strong>: National Tender Day \/ Healthcare Tender Day \/ Publica Awards<br><strong>Rendez-vous sur<\/strong>&nbsp;<a href=\"https:\/\/www.ebp.be\/fr\/event\/congres-fonction-publique-2025\/\">https:\/\/www.ebp.be\/fr\/event\/congres-fonction-publique-2025\/<\/a>&nbsp;&nbsp;pour plus d\u2019informations<\/p>\n\n\n\n<p><\/p>\n","protected":false},"excerpt":{"rendered":"<p>Le Congr\u00e8s de la Fonction Publique vise \u00e0 fournir une r\u00e9ponse claire aux questions actuelles relatives au droit de la fonction publique. L\u2019\u00e9v\u00e9nement s\u2019adresse \u00e0 toute personne qui souhaite enrichir ses connaissances en mati\u00e8re de gestion des ressources humaines dans le secteur public et rencontrer des experts dans ce domaine. Voir aussi&nbsp;: National Tender Day &#8230; <a title=\"Congr\u00e8s de la Fonction Publique\" class=\"read-more\" href=\"https:\/\/www.ebp.be\/fr\/verklarende_woorden\/congres-de-la-fonction-publique\/\" aria-label=\"En savoir plus sur Congr\u00e8s de la Fonction Publique\">Lire la suite<\/a><\/p>\n","protected":false},"featured_media":0,"template":"","letters":[266],"class_list":["post-16422","verklarende_woorden","type-verklarende_woorden","status-publish","hentry","letters-c"],"acf":[],"yoast_head":"<!-- This site is optimized with the Yoast SEO plugin v27.4 - https:\/\/yoast.com\/product\/yoast-seo-wordpress\/ -->\n<title>Congr\u00e8s de la Fonction Publique - EBP Website<\/title>\n<meta name=\"robots\" content=\"index, follow, max-snippet:-1, max-image-preview:large, max-video-preview:-1\" \/>\n<link rel=\"canonical\" href=\"https:\/\/www.ebp.be\/fr\/verklarende_woorden\/congres-de-la-fonction-publique\/\" \/>\n<meta property=\"og:locale\" content=\"fr_FR\" \/>\n<meta property=\"og:type\" content=\"article\" \/>\n<meta property=\"og:title\" content=\"Congr\u00e8s de la Fonction Publique - EBP Website\" \/>\n<meta property=\"og:description\" content=\"Le Congr\u00e8s de la Fonction Publique vise \u00e0 fournir une r\u00e9ponse claire aux questions actuelles relatives au droit de la fonction publique. L\u2019\u00e9v\u00e9nement s\u2019adresse \u00e0 toute personne qui souhaite enrichir ses connaissances en mati\u00e8re de gestion des ressources humaines dans le secteur public et rencontrer des experts dans ce domaine. Voir aussi&nbsp;: National Tender Day ... Lire la suite\" \/>\n<meta property=\"og:url\" content=\"https:\/\/www.ebp.be\/fr\/verklarende_woorden\/congres-de-la-fonction-publique\/\" \/>\n<meta property=\"og:site_name\" content=\"EBP Website\" \/>\n<meta property=\"article:modified_time\" content=\"2025-12-22T15:19:48+00:00\" \/>\n<meta name=\"twitter:card\" content=\"summary_large_image\" \/>\n<meta name=\"twitter:label1\" content=\"Dur\u00e9e de lecture estim\u00e9e\" \/>\n\t<meta name=\"twitter:data1\" content=\"1 minute\" \/>\n<script type=\"application\/ld+json\" class=\"yoast-schema-graph\">{\"@context\":\"https:\\\/\\\/schema.org\",\"@graph\":[{\"@type\":\"WebPage\",\"@id\":\"https:\\\/\\\/www.ebp.be\\\/fr\\\/verklarende_woorden\\\/congres-de-la-fonction-publique\\\/\",\"url\":\"https:\\\/\\\/www.ebp.be\\\/fr\\\/verklarende_woorden\\\/congres-de-la-fonction-publique\\\/\",\"name\":\"Congr\u00e8s de la Fonction Publique - EBP Website\",\"isPartOf\":{\"@id\":\"https:\\\/\\\/www.ebp.be\\\/fr\\\/#website\"},\"datePublished\":\"2025-03-05T14:14:07+00:00\",\"dateModified\":\"2025-12-22T15:19:48+00:00\",\"breadcrumb\":{\"@id\":\"https:\\\/\\\/www.ebp.be\\\/fr\\\/verklarende_woorden\\\/congres-de-la-fonction-publique\\\/#breadcrumb\"},\"inLanguage\":\"fr-FR\",\"potentialAction\":[{\"@type\":\"ReadAction\",\"target\":[\"https:\\\/\\\/www.ebp.be\\\/fr\\\/verklarende_woorden\\\/congres-de-la-fonction-publique\\\/\"]}]},{\"@type\":\"BreadcrumbList\",\"@id\":\"https:\\\/\\\/www.ebp.be\\\/fr\\\/verklarende_woorden\\\/congres-de-la-fonction-publique\\\/#breadcrumb\",\"itemListElement\":[{\"@type\":\"ListItem\",\"position\":1,\"name\":\"Home\",\"item\":\"https:\\\/\\\/www.ebp.be\\\/fr\\\/\"},{\"@type\":\"ListItem\",\"position\":2,\"name\":\"Congr\u00e8s de la Fonction Publique\"}]},{\"@type\":\"WebSite\",\"@id\":\"https:\\\/\\\/www.ebp.be\\\/fr\\\/#website\",\"url\":\"https:\\\/\\\/www.ebp.be\\\/fr\\\/\",\"name\":\"EBP Website\",\"description\":\"\",\"publisher\":{\"@id\":\"https:\\\/\\\/www.ebp.be\\\/fr\\\/#organization\"},\"potentialAction\":[{\"@type\":\"SearchAction\",\"target\":{\"@type\":\"EntryPoint\",\"urlTemplate\":\"https:\\\/\\\/www.ebp.be\\\/fr\\\/?s={search_term_string}\"},\"query-input\":{\"@type\":\"PropertyValueSpecification\",\"valueRequired\":true,\"valueName\":\"search_term_string\"}}],\"inLanguage\":\"fr-FR\"},{\"@type\":\"Organization\",\"@id\":\"https:\\\/\\\/www.ebp.be\\\/fr\\\/#organization\",\"name\":\"EBP Website\",\"url\":\"https:\\\/\\\/www.ebp.be\\\/fr\\\/\",\"logo\":{\"@type\":\"ImageObject\",\"inLanguage\":\"fr-FR\",\"@id\":\"https:\\\/\\\/www.ebp.be\\\/fr\\\/#\\\/schema\\\/logo\\\/image\\\/\",\"url\":\"https:\\\/\\\/www.ebp.be\\\/wp-content\\\/uploads\\\/2025\\\/02\\\/EBP_2024_CMYK_500x500.png\",\"contentUrl\":\"https:\\\/\\\/www.ebp.be\\\/wp-content\\\/uploads\\\/2025\\\/02\\\/EBP_2024_CMYK_500x500.png\",\"width\":500,\"height\":500,\"caption\":\"EBP Website\"},\"image\":{\"@id\":\"https:\\\/\\\/www.ebp.be\\\/fr\\\/#\\\/schema\\\/logo\\\/image\\\/\"}}]}<\/script>\n<!-- \/ Yoast SEO plugin. -->","yoast_head_json":{"title":"Congr\u00e8s de la Fonction Publique - EBP Website","robots":{"index":"index","follow":"follow","max-snippet":"max-snippet:-1","max-image-preview":"max-image-preview:large","max-video-preview":"max-video-preview:-1"},"canonical":"https:\/\/www.ebp.be\/fr\/verklarende_woorden\/congres-de-la-fonction-publique\/","og_locale":"fr_FR","og_type":"article","og_title":"Congr\u00e8s de la Fonction Publique - EBP Website","og_description":"Le Congr\u00e8s de la Fonction Publique vise \u00e0 fournir une r\u00e9ponse claire aux questions actuelles relatives au droit de la fonction publique. L\u2019\u00e9v\u00e9nement s\u2019adresse \u00e0 toute personne qui souhaite enrichir ses connaissances en mati\u00e8re de gestion des ressources humaines dans le secteur public et rencontrer des experts dans ce domaine. Voir aussi&nbsp;: National Tender Day ... Lire la suite","og_url":"https:\/\/www.ebp.be\/fr\/verklarende_woorden\/congres-de-la-fonction-publique\/","og_site_name":"EBP Website","article_modified_time":"2025-12-22T15:19:48+00:00","twitter_card":"summary_large_image","twitter_misc":{"Dur\u00e9e de lecture estim\u00e9e":"1 minute"},"schema":{"@context":"https:\/\/schema.org","@graph":[{"@type":"WebPage","@id":"https:\/\/www.ebp.be\/fr\/verklarende_woorden\/congres-de-la-fonction-publique\/","url":"https:\/\/www.ebp.be\/fr\/verklarende_woorden\/congres-de-la-fonction-publique\/","name":"Congr\u00e8s de la Fonction Publique - EBP Website","isPartOf":{"@id":"https:\/\/www.ebp.be\/fr\/#website"},"datePublished":"2025-03-05T14:14:07+00:00","dateModified":"2025-12-22T15:19:48+00:00","breadcrumb":{"@id":"https:\/\/www.ebp.be\/fr\/verklarende_woorden\/congres-de-la-fonction-publique\/#breadcrumb"},"inLanguage":"fr-FR","potentialAction":[{"@type":"ReadAction","target":["https:\/\/www.ebp.be\/fr\/verklarende_woorden\/congres-de-la-fonction-publique\/"]}]},{"@type":"BreadcrumbList","@id":"https:\/\/www.ebp.be\/fr\/verklarende_woorden\/congres-de-la-fonction-publique\/#breadcrumb","itemListElement":[{"@type":"ListItem","position":1,"name":"Home","item":"https:\/\/www.ebp.be\/fr\/"},{"@type":"ListItem","position":2,"name":"Congr\u00e8s de la Fonction Publique"}]},{"@type":"WebSite","@id":"https:\/\/www.ebp.be\/fr\/#website","url":"https:\/\/www.ebp.be\/fr\/","name":"EBP Website","description":"","publisher":{"@id":"https:\/\/www.ebp.be\/fr\/#organization"},"potentialAction":[{"@type":"SearchAction","target":{"@type":"EntryPoint","urlTemplate":"https:\/\/www.ebp.be\/fr\/?s={search_term_string}"},"query-input":{"@type":"PropertyValueSpecification","valueRequired":true,"valueName":"search_term_string"}}],"inLanguage":"fr-FR"},{"@type":"Organization","@id":"https:\/\/www.ebp.be\/fr\/#organization","name":"EBP Website","url":"https:\/\/www.ebp.be\/fr\/","logo":{"@type":"ImageObject","inLanguage":"fr-FR","@id":"https:\/\/www.ebp.be\/fr\/#\/schema\/logo\/image\/","url":"https:\/\/www.ebp.be\/wp-content\/uploads\/2025\/02\/EBP_2024_CMYK_500x500.png","contentUrl":"https:\/\/www.ebp.be\/wp-content\/uploads\/2025\/02\/EBP_2024_CMYK_500x500.png","width":500,"height":500,"caption":"EBP Website"},"image":{"@id":"https:\/\/www.ebp.be\/fr\/#\/schema\/logo\/image\/"}}]}},"_links":{"self":[{"href":"https:\/\/www.ebp.be\/fr\/wp-json\/wp\/v2\/verklarende_woorden\/16422","targetHints":{"allow":["GET"]}}],"collection":[{"href":"https:\/\/www.ebp.be\/fr\/wp-json\/wp\/v2\/verklarende_woorden"}],"about":[{"href":"https:\/\/www.ebp.be\/fr\/wp-json\/wp\/v2\/types\/verklarende_woorden"}],"wp:attachment":[{"href":"https:\/\/www.ebp.be\/fr\/wp-json\/wp\/v2\/media?parent=16422"}],"wp:term":[{"taxonomy":"letters","embeddable":true,"href":"https:\/\/www.ebp.be\/fr\/wp-json\/wp\/v2\/letters?post=16422"}],"curies":[{"name":"wp","href":"https:\/\/api.w.org\/{rel}","templated":true}]}}

Congrès de la Fonction Publique

<p>Le Congrès de la Fonction Publique vise à fournir une réponse claire aux questions actuelles relatives au droit de la fonction publique. L’événement s’adresse à toute personne qui souhaite enrichir ses connaissances en matière de gestion des ressources humaines dans le secteur public et rencontrer des experts dans ce domaine.</p>



<p><strong>Voir aussi&nbsp;</strong>: National Tender Day / Healthcare Tender Day / Publica Awards<br><strong>Rendez-vous sur</strong>&nbsp;<a href="https://www.ebp.be/fr/event/congres-fonction-publique-2025/">https://www.ebp.be/fr/event/congres-fonction-publique-2025/</a>&nbsp;&nbsp;pour plus d’informations</p>



<p></p>

<p>Le Congrès de la Fonction Publique vise à fournir une réponse claire aux questions actuelles relatives au droit de la fonction publique. L’événement s’adresse à toute personne qui souhaite enrichir ses connaissances en matière de gestion des ressources humaines dans le secteur public et rencontrer des experts dans ce domaine. Voir aussi&nbsp;: National Tender Day &#8230; <a title="Congrès de la Fonction Publique" class="read-more" href="https://www.ebp.be/fr/verklarende_woorden/congres-de-la-fonction-publique/" aria-label="En savoir plus sur Congrès de la Fonction Publique">Lire la suite</a></p>

<!-- This site is optimized with the Yoast SEO plugin v27.4 - https://yoast.com/product/yoast-seo-wordpress/ -->
<title>Congrès de la Fonction Publique - EBP Website</title>
<meta name="robots" content="index, follow, max-snippet:-1, max-image-preview:large, max-video-preview:-1" />
<link rel="canonical" href="https://www.ebp.be/fr/verklarende_woorden/congres-de-la-fonction-publique/" />
<meta property="og:locale" content="fr_FR" />
<meta property="og:type" content="article" />
<meta property="og:title" content="Congrès de la Fonction Publique - EBP Website" />
<meta property="og:description" content="Le Congrès de la Fonction Publique vise à fournir une réponse claire aux questions actuelles relatives au droit de la fonction publique. L’événement s’adresse à toute personne qui souhaite enrichir ses connaissances en matière de gestion des ressources humaines dans le secteur public et rencontrer des experts dans ce domaine. Voir aussi&nbsp;: National Tender Day ... Lire la suite" />
<meta property="og:url" content="https://www.ebp.be/fr/verklarende_woorden/congres-de-la-fonction-publique/" />
<meta property="og:site_name" content="EBP Website" />
<meta property="article:modified_time" content="2025-12-22T15:19:48+00:00" />
<meta name="twitter:card" content="summary_large_image" />
<meta name="twitter:label1" content="Durée de lecture estimée" />
	<meta name="twitter:data1" content="1 minute" />
<script type="application/ld+json" class="yoast-schema-graph">{"@context":"https:\/\/schema.org","@graph":[{"@type":"WebPage","@id":"https:\/\/www.ebp.be\/fr\/verklarende_woorden\/congres-de-la-fonction-publique\/","url":"https:\/\/www.ebp.be\/fr\/verklarende_woorden\/congres-de-la-fonction-publique\/","name":"Congrès de la Fonction Publique - EBP Website","isPartOf":{"@id":"https:\/\/www.ebp.be\/fr\/#website"},"datePublished":"2025-03-05T14:14:07+00:00","dateModified":"2025-12-22T15:19:48+00:00","breadcrumb":{"@id":"https:\/\/www.ebp.be\/fr\/verklarende_woorden\/congres-de-la-fonction-publique\/#breadcrumb"},"inLanguage":"fr-FR","potentialAction":[{"@type":"ReadAction","target":["https:\/\/www.ebp.be\/fr\/verklarende_woorden\/congres-de-la-fonction-publique\/"]}]},{"@type":"BreadcrumbList","@id":"https:\/\/www.ebp.be\/fr\/verklarende_woorden\/congres-de-la-fonction-publique\/#breadcrumb","itemListElement":[{"@type":"ListItem","position":1,"name":"Home","item":"https:\/\/www.ebp.be\/fr\/"},{"@type":"ListItem","position":2,"name":"Congrès de la Fonction Publique"}]},{"@type":"WebSite","@id":"https:\/\/www.ebp.be\/fr\/#website","url":"https:\/\/www.ebp.be\/fr\/","name":"EBP Website","description":"","publisher":{"@id":"https:\/\/www.ebp.be\/fr\/#organization"},"potentialAction":[{"@type":"SearchAction","target":{"@type":"EntryPoint","urlTemplate":"https:\/\/www.ebp.be\/fr\/?s={search_term_string}"},"query-input":{"@type":"PropertyValueSpecification","valueRequired":true,"valueName":"search_term_string"}}],"inLanguage":"fr-FR"},{"@type":"Organization","@id":"https:\/\/www.ebp.be\/fr\/#organization","name":"EBP Website","url":"https:\/\/www.ebp.be\/fr\/","logo":{"@type":"ImageObject","inLanguage":"fr-FR","@id":"https:\/\/www.ebp.be\/fr\/#\/schema\/logo\/image\/","url":"https:\/\/www.ebp.be\/wp-content\/uploads\/2025\/02\/EBP_2024_CMYK_500x500.png","contentUrl":"https:\/\/www.ebp.be\/wp-content\/uploads\/2025\/02\/EBP_2024_CMYK_500x500.png","width":500,"height":500,"caption":"EBP Website"},"image":{"@id":"https:\/\/www.ebp.be\/fr\/#\/schema\/logo\/image\/"}}]}</script>
<!-- / Yoast SEO plugin. -->

Congrès de la Fonction Publique - EBP Website

Le Congrès de la Fonction Publique vise à fournir une réponse claire aux questions actuelles relatives au droit de la fonction publique. L’événement s’adresse à toute personne qui souhaite enrichir ses connaissances en matière de gestion des ressources humaines dans le secteur public et rencontrer des experts dans ce domaine. Voir aussi&nbsp;: National Tender Day ... Lire la suite
