{"id":16456,"date":"2025-03-05T15:44:38","date_gmt":"2025-03-05T14:44:38","guid":{"rendered":"https:\/\/www.ebp.be\/?post_type=verklarende_woordenl&#038;p=16456"},"modified":"2025-12-22T16:19:47","modified_gmt":"2025-12-22T15:19:47","slug":"interets-de-retard","status":"publish","type":"verklarende_woorden","link":"https:\/\/www.ebp.be\/fr\/verklarende_woorden\/interets-de-retard\/","title":{"rendered":"Int\u00e9r\u00eats de retard"},"content":{"rendered":"\n<p>Le pouvoir adjudicateur qui omet de payer certaines prestations \u00e0 temps dans le cadre d\u2019un march\u00e9 public, est redevable d\u2019int\u00e9r\u00eats, appel\u00e9s int\u00e9r\u00eats de retard. Ces int\u00e9r\u00eats ne peuvent \u00eatre sup\u00e9rieurs \u00e0 10% en plus du dernier taux d\u00e9biteur appliqu\u00e9.<\/p>\n\n\n\n<p>Un exemple :<\/p>\n\n\n\n<p>Supposons que la clause entre en vigueur parce que la date limite de paiement de la facture est d\u00e9pass\u00e9e de 60 jours. Et que le montant de la facture en souffrance se chiffre \u00e0 5.000 euros (TVAC). Les int\u00e9r\u00eats de retard s\u2019\u00e9l\u00e8veront donc \u00e0&nbsp;:<\/p>\n\n\n\n<p>365\/60 jours = 6.083<br>5000&nbsp;\u20ac&nbsp;\/ 6.083 = 821,96<br>821,96 * 10% = 82,96&nbsp;\u20ac d\u2019int\u00e9r\u00eats*<\/p>\n\n\n\n<p>*+ dommages et int\u00e9r\u00eats<\/p>\n\n\n\n<p><\/p>\n","protected":false},"excerpt":{"rendered":"<p>Le pouvoir adjudicateur qui omet de payer certaines prestations \u00e0 temps dans le cadre d\u2019un march\u00e9 public, est redevable d\u2019int\u00e9r\u00eats, appel\u00e9s int\u00e9r\u00eats de retard. Ces int\u00e9r\u00eats ne peuvent \u00eatre sup\u00e9rieurs \u00e0 10% en plus du dernier taux d\u00e9biteur appliqu\u00e9. Un exemple : Supposons que la clause entre en vigueur parce que la date limite de &#8230; <a title=\"Int\u00e9r\u00eats de retard\" class=\"read-more\" href=\"https:\/\/www.ebp.be\/fr\/verklarende_woorden\/interets-de-retard\/\" aria-label=\"En savoir plus sur Int\u00e9r\u00eats de retard\">Lire la suite<\/a><\/p>\n","protected":false},"featured_media":0,"template":"","letters":[272],"class_list":["post-16456","verklarende_woorden","type-verklarende_woorden","status-publish","hentry","letters-i"],"acf":[],"yoast_head":"<!-- This site is optimized with the Yoast SEO plugin v27.4 - https:\/\/yoast.com\/product\/yoast-seo-wordpress\/ -->\n<title>Int\u00e9r\u00eats de retard - EBP Website<\/title>\n<meta name=\"robots\" content=\"index, follow, max-snippet:-1, max-image-preview:large, max-video-preview:-1\" \/>\n<link rel=\"canonical\" href=\"https:\/\/www.ebp.be\/fr\/verklarende_woorden\/interets-de-retard\/\" \/>\n<meta property=\"og:locale\" content=\"fr_FR\" \/>\n<meta property=\"og:type\" content=\"article\" \/>\n<meta property=\"og:title\" content=\"Int\u00e9r\u00eats de retard - EBP Website\" \/>\n<meta property=\"og:description\" content=\"Le pouvoir adjudicateur qui omet de payer certaines prestations \u00e0 temps dans le cadre d\u2019un march\u00e9 public, est redevable d\u2019int\u00e9r\u00eats, appel\u00e9s int\u00e9r\u00eats de retard. Ces int\u00e9r\u00eats ne peuvent \u00eatre sup\u00e9rieurs \u00e0 10% en plus du dernier taux d\u00e9biteur appliqu\u00e9. Un exemple : Supposons que la clause entre en vigueur parce que la date limite de ... Lire la suite\" \/>\n<meta property=\"og:url\" content=\"https:\/\/www.ebp.be\/fr\/verklarende_woorden\/interets-de-retard\/\" \/>\n<meta property=\"og:site_name\" content=\"EBP Website\" \/>\n<meta property=\"article:modified_time\" content=\"2025-12-22T15:19:47+00:00\" \/>\n<meta name=\"twitter:card\" content=\"summary_large_image\" \/>\n<meta name=\"twitter:label1\" content=\"Dur\u00e9e de lecture estim\u00e9e\" \/>\n\t<meta name=\"twitter:data1\" content=\"1 minute\" \/>\n<script type=\"application\/ld+json\" class=\"yoast-schema-graph\">{\"@context\":\"https:\\\/\\\/schema.org\",\"@graph\":[{\"@type\":\"WebPage\",\"@id\":\"https:\\\/\\\/www.ebp.be\\\/fr\\\/verklarende_woorden\\\/interets-de-retard\\\/\",\"url\":\"https:\\\/\\\/www.ebp.be\\\/fr\\\/verklarende_woorden\\\/interets-de-retard\\\/\",\"name\":\"Int\u00e9r\u00eats de retard - EBP Website\",\"isPartOf\":{\"@id\":\"https:\\\/\\\/www.ebp.be\\\/fr\\\/#website\"},\"datePublished\":\"2025-03-05T14:44:38+00:00\",\"dateModified\":\"2025-12-22T15:19:47+00:00\",\"breadcrumb\":{\"@id\":\"https:\\\/\\\/www.ebp.be\\\/fr\\\/verklarende_woorden\\\/interets-de-retard\\\/#breadcrumb\"},\"inLanguage\":\"fr-FR\",\"potentialAction\":[{\"@type\":\"ReadAction\",\"target\":[\"https:\\\/\\\/www.ebp.be\\\/fr\\\/verklarende_woorden\\\/interets-de-retard\\\/\"]}]},{\"@type\":\"BreadcrumbList\",\"@id\":\"https:\\\/\\\/www.ebp.be\\\/fr\\\/verklarende_woorden\\\/interets-de-retard\\\/#breadcrumb\",\"itemListElement\":[{\"@type\":\"ListItem\",\"position\":1,\"name\":\"Home\",\"item\":\"https:\\\/\\\/www.ebp.be\\\/fr\\\/\"},{\"@type\":\"ListItem\",\"position\":2,\"name\":\"Int\u00e9r\u00eats de retard\"}]},{\"@type\":\"WebSite\",\"@id\":\"https:\\\/\\\/www.ebp.be\\\/fr\\\/#website\",\"url\":\"https:\\\/\\\/www.ebp.be\\\/fr\\\/\",\"name\":\"EBP Website\",\"description\":\"\",\"publisher\":{\"@id\":\"https:\\\/\\\/www.ebp.be\\\/fr\\\/#organization\"},\"potentialAction\":[{\"@type\":\"SearchAction\",\"target\":{\"@type\":\"EntryPoint\",\"urlTemplate\":\"https:\\\/\\\/www.ebp.be\\\/fr\\\/?s={search_term_string}\"},\"query-input\":{\"@type\":\"PropertyValueSpecification\",\"valueRequired\":true,\"valueName\":\"search_term_string\"}}],\"inLanguage\":\"fr-FR\"},{\"@type\":\"Organization\",\"@id\":\"https:\\\/\\\/www.ebp.be\\\/fr\\\/#organization\",\"name\":\"EBP Website\",\"url\":\"https:\\\/\\\/www.ebp.be\\\/fr\\\/\",\"logo\":{\"@type\":\"ImageObject\",\"inLanguage\":\"fr-FR\",\"@id\":\"https:\\\/\\\/www.ebp.be\\\/fr\\\/#\\\/schema\\\/logo\\\/image\\\/\",\"url\":\"https:\\\/\\\/www.ebp.be\\\/wp-content\\\/uploads\\\/2025\\\/02\\\/EBP_2024_CMYK_500x500.png\",\"contentUrl\":\"https:\\\/\\\/www.ebp.be\\\/wp-content\\\/uploads\\\/2025\\\/02\\\/EBP_2024_CMYK_500x500.png\",\"width\":500,\"height\":500,\"caption\":\"EBP Website\"},\"image\":{\"@id\":\"https:\\\/\\\/www.ebp.be\\\/fr\\\/#\\\/schema\\\/logo\\\/image\\\/\"}}]}<\/script>\n<!-- \/ Yoast SEO plugin. -->","yoast_head_json":{"title":"Int\u00e9r\u00eats de retard - EBP Website","robots":{"index":"index","follow":"follow","max-snippet":"max-snippet:-1","max-image-preview":"max-image-preview:large","max-video-preview":"max-video-preview:-1"},"canonical":"https:\/\/www.ebp.be\/fr\/verklarende_woorden\/interets-de-retard\/","og_locale":"fr_FR","og_type":"article","og_title":"Int\u00e9r\u00eats de retard - EBP Website","og_description":"Le pouvoir adjudicateur qui omet de payer certaines prestations \u00e0 temps dans le cadre d\u2019un march\u00e9 public, est redevable d\u2019int\u00e9r\u00eats, appel\u00e9s int\u00e9r\u00eats de retard. Ces int\u00e9r\u00eats ne peuvent \u00eatre sup\u00e9rieurs \u00e0 10% en plus du dernier taux d\u00e9biteur appliqu\u00e9. Un exemple : Supposons que la clause entre en vigueur parce que la date limite de ... Lire la suite","og_url":"https:\/\/www.ebp.be\/fr\/verklarende_woorden\/interets-de-retard\/","og_site_name":"EBP Website","article_modified_time":"2025-12-22T15:19:47+00:00","twitter_card":"summary_large_image","twitter_misc":{"Dur\u00e9e de lecture estim\u00e9e":"1 minute"},"schema":{"@context":"https:\/\/schema.org","@graph":[{"@type":"WebPage","@id":"https:\/\/www.ebp.be\/fr\/verklarende_woorden\/interets-de-retard\/","url":"https:\/\/www.ebp.be\/fr\/verklarende_woorden\/interets-de-retard\/","name":"Int\u00e9r\u00eats de retard - EBP Website","isPartOf":{"@id":"https:\/\/www.ebp.be\/fr\/#website"},"datePublished":"2025-03-05T14:44:38+00:00","dateModified":"2025-12-22T15:19:47+00:00","breadcrumb":{"@id":"https:\/\/www.ebp.be\/fr\/verklarende_woorden\/interets-de-retard\/#breadcrumb"},"inLanguage":"fr-FR","potentialAction":[{"@type":"ReadAction","target":["https:\/\/www.ebp.be\/fr\/verklarende_woorden\/interets-de-retard\/"]}]},{"@type":"BreadcrumbList","@id":"https:\/\/www.ebp.be\/fr\/verklarende_woorden\/interets-de-retard\/#breadcrumb","itemListElement":[{"@type":"ListItem","position":1,"name":"Home","item":"https:\/\/www.ebp.be\/fr\/"},{"@type":"ListItem","position":2,"name":"Int\u00e9r\u00eats de retard"}]},{"@type":"WebSite","@id":"https:\/\/www.ebp.be\/fr\/#website","url":"https:\/\/www.ebp.be\/fr\/","name":"EBP Website","description":"","publisher":{"@id":"https:\/\/www.ebp.be\/fr\/#organization"},"potentialAction":[{"@type":"SearchAction","target":{"@type":"EntryPoint","urlTemplate":"https:\/\/www.ebp.be\/fr\/?s={search_term_string}"},"query-input":{"@type":"PropertyValueSpecification","valueRequired":true,"valueName":"search_term_string"}}],"inLanguage":"fr-FR"},{"@type":"Organization","@id":"https:\/\/www.ebp.be\/fr\/#organization","name":"EBP Website","url":"https:\/\/www.ebp.be\/fr\/","logo":{"@type":"ImageObject","inLanguage":"fr-FR","@id":"https:\/\/www.ebp.be\/fr\/#\/schema\/logo\/image\/","url":"https:\/\/www.ebp.be\/wp-content\/uploads\/2025\/02\/EBP_2024_CMYK_500x500.png","contentUrl":"https:\/\/www.ebp.be\/wp-content\/uploads\/2025\/02\/EBP_2024_CMYK_500x500.png","width":500,"height":500,"caption":"EBP Website"},"image":{"@id":"https:\/\/www.ebp.be\/fr\/#\/schema\/logo\/image\/"}}]}},"_links":{"self":[{"href":"https:\/\/www.ebp.be\/fr\/wp-json\/wp\/v2\/verklarende_woorden\/16456","targetHints":{"allow":["GET"]}}],"collection":[{"href":"https:\/\/www.ebp.be\/fr\/wp-json\/wp\/v2\/verklarende_woorden"}],"about":[{"href":"https:\/\/www.ebp.be\/fr\/wp-json\/wp\/v2\/types\/verklarende_woorden"}],"wp:attachment":[{"href":"https:\/\/www.ebp.be\/fr\/wp-json\/wp\/v2\/media?parent=16456"}],"wp:term":[{"taxonomy":"letters","embeddable":true,"href":"https:\/\/www.ebp.be\/fr\/wp-json\/wp\/v2\/letters?post=16456"}],"curies":[{"name":"wp","href":"https:\/\/api.w.org\/{rel}","templated":true}]}}

Intérêts de retard

<p>Le pouvoir adjudicateur qui omet de payer certaines prestations à temps dans le cadre d’un marché public, est redevable d’intérêts, appelés intérêts de retard. Ces intérêts ne peuvent être supérieurs à 10% en plus du dernier taux débiteur appliqué.</p>



<p>Un exemple :</p>



<p>Supposons que la clause entre en vigueur parce que la date limite de paiement de la facture est dépassée de 60 jours. Et que le montant de la facture en souffrance se chiffre à 5.000 euros (TVAC). Les intérêts de retard s’élèveront donc à&nbsp;:</p>



<p>365/60 jours = 6.083<br>5000&nbsp;€&nbsp;/ 6.083 = 821,96<br>821,96 * 10% = 82,96&nbsp;€ d’intérêts*</p>



<p>*+ dommages et intérêts</p>



<p></p>

<p>Le pouvoir adjudicateur qui omet de payer certaines prestations à temps dans le cadre d’un marché public, est redevable d’intérêts, appelés intérêts de retard. Ces intérêts ne peuvent être supérieurs à 10% en plus du dernier taux débiteur appliqué. Un exemple : Supposons que la clause entre en vigueur parce que la date limite de &#8230; <a title="Intérêts de retard" class="read-more" href="https://www.ebp.be/fr/verklarende_woorden/interets-de-retard/" aria-label="En savoir plus sur Intérêts de retard">Lire la suite</a></p>

<!-- This site is optimized with the Yoast SEO plugin v27.4 - https://yoast.com/product/yoast-seo-wordpress/ -->
<title>Intérêts de retard - EBP Website</title>
<meta name="robots" content="index, follow, max-snippet:-1, max-image-preview:large, max-video-preview:-1" />
<link rel="canonical" href="https://www.ebp.be/fr/verklarende_woorden/interets-de-retard/" />
<meta property="og:locale" content="fr_FR" />
<meta property="og:type" content="article" />
<meta property="og:title" content="Intérêts de retard - EBP Website" />
<meta property="og:description" content="Le pouvoir adjudicateur qui omet de payer certaines prestations à temps dans le cadre d’un marché public, est redevable d’intérêts, appelés intérêts de retard. Ces intérêts ne peuvent être supérieurs à 10% en plus du dernier taux débiteur appliqué. Un exemple : Supposons que la clause entre en vigueur parce que la date limite de ... Lire la suite" />
<meta property="og:url" content="https://www.ebp.be/fr/verklarende_woorden/interets-de-retard/" />
<meta property="og:site_name" content="EBP Website" />
<meta property="article:modified_time" content="2025-12-22T15:19:47+00:00" />
<meta name="twitter:card" content="summary_large_image" />
<meta name="twitter:label1" content="Durée de lecture estimée" />
	<meta name="twitter:data1" content="1 minute" />
<script type="application/ld+json" class="yoast-schema-graph">{"@context":"https:\/\/schema.org","@graph":[{"@type":"WebPage","@id":"https:\/\/www.ebp.be\/fr\/verklarende_woorden\/interets-de-retard\/","url":"https:\/\/www.ebp.be\/fr\/verklarende_woorden\/interets-de-retard\/","name":"Intérêts de retard - EBP Website","isPartOf":{"@id":"https:\/\/www.ebp.be\/fr\/#website"},"datePublished":"2025-03-05T14:44:38+00:00","dateModified":"2025-12-22T15:19:47+00:00","breadcrumb":{"@id":"https:\/\/www.ebp.be\/fr\/verklarende_woorden\/interets-de-retard\/#breadcrumb"},"inLanguage":"fr-FR","potentialAction":[{"@type":"ReadAction","target":["https:\/\/www.ebp.be\/fr\/verklarende_woorden\/interets-de-retard\/"]}]},{"@type":"BreadcrumbList","@id":"https:\/\/www.ebp.be\/fr\/verklarende_woorden\/interets-de-retard\/#breadcrumb","itemListElement":[{"@type":"ListItem","position":1,"name":"Home","item":"https:\/\/www.ebp.be\/fr\/"},{"@type":"ListItem","position":2,"name":"Intérêts de retard"}]},{"@type":"WebSite","@id":"https:\/\/www.ebp.be\/fr\/#website","url":"https:\/\/www.ebp.be\/fr\/","name":"EBP Website","description":"","publisher":{"@id":"https:\/\/www.ebp.be\/fr\/#organization"},"potentialAction":[{"@type":"SearchAction","target":{"@type":"EntryPoint","urlTemplate":"https:\/\/www.ebp.be\/fr\/?s={search_term_string}"},"query-input":{"@type":"PropertyValueSpecification","valueRequired":true,"valueName":"search_term_string"}}],"inLanguage":"fr-FR"},{"@type":"Organization","@id":"https:\/\/www.ebp.be\/fr\/#organization","name":"EBP Website","url":"https:\/\/www.ebp.be\/fr\/","logo":{"@type":"ImageObject","inLanguage":"fr-FR","@id":"https:\/\/www.ebp.be\/fr\/#\/schema\/logo\/image\/","url":"https:\/\/www.ebp.be\/wp-content\/uploads\/2025\/02\/EBP_2024_CMYK_500x500.png","contentUrl":"https:\/\/www.ebp.be\/wp-content\/uploads\/2025\/02\/EBP_2024_CMYK_500x500.png","width":500,"height":500,"caption":"EBP Website"},"image":{"@id":"https:\/\/www.ebp.be\/fr\/#\/schema\/logo\/image\/"}}]}</script>
<!-- / Yoast SEO plugin. -->

Intérêts de retard - EBP Website

Le pouvoir adjudicateur qui omet de payer certaines prestations à temps dans le cadre d’un marché public, est redevable d’intérêts, appelés intérêts de retard. Ces intérêts ne peuvent être supérieurs à 10% en plus du dernier taux débiteur appliqué. Un exemple : Supposons que la clause entre en vigueur parce que la date limite de ... Lire la suite
