{"id":16458,"date":"2025-03-05T15:45:39","date_gmt":"2025-03-05T14:45:39","guid":{"rendered":"https:\/\/www.ebp.be\/?post_type=verklarende_woordenl&#038;p=16458"},"modified":"2025-12-22T16:19:47","modified_gmt":"2025-12-22T15:19:47","slug":"laccord-sur-les-marches-publics-amp","status":"publish","type":"verklarende_woorden","link":"https:\/\/www.ebp.be\/fr\/verklarende_woorden\/laccord-sur-les-marches-publics-amp\/","title":{"rendered":"L&rsquo;Accord sur les march\u00e9s publics &#8211; AMP"},"content":{"rendered":"\n<p>L\u2019Accord sur les march\u00e9s publics (AMP)[1] est \u00e0 ce jour le seul accord juridiquement contraignant de l\u2019OMC qui traite des march\u00e9s publics. Sa version actuelle a \u00e9t\u00e9 n\u00e9goci\u00e9e en 1994 en parall\u00e8le avec le cycle de l\u2019Uruguay, et elle est entr\u00e9e en vigueur le 1er janvier 1996 (ci-apr\u00e8s l\u2019\u00abAMP de 1994\u00bb).<\/p>\n\n\n\n<p>Les parties \u00e0 l\u2019AMP de 1994 sont : l\u2019Arm\u00e9nie, le Canada, l\u2019Union europ\u00e9enne pour ce qui est de ses 27 \u00c9tats membres, Hong-Kong \u2013 Chine, l\u2019Islande, Isra\u00ebl, le Japon, la Cor\u00e9e, le Liechtenstein, les Pays-Bas pour ce qui est d\u2019Aruba, la Norv\u00e8ge, Singapour, la Suisse, le Taipei chinois et les \u00c9tats-Unis. Il est administr\u00e9 par le comit\u00e9 des march\u00e9s publics (ci-apr\u00e8s \u00able comit\u00e9\u00bb).<\/p>\n\n\n\n<p>L\u2019AMP de 1994 int\u00e9grait l\u2019engagement d\u2019entamer des n\u00e9gociations tant sur le texte que sur le champ d\u2019application de l\u2019accord \u00e0 compter de son adoption en 1994 (article XXIV:7, point b)). \u00c0 cette fin, des n\u00e9gociations ont \u00e9t\u00e9 lanc\u00e9es en 1999.<\/p>\n\n\n\n<p>L\u2019objectif de ces n\u00e9gociations \u00e9tait triple: i) am\u00e9liorer et mettre \u00e0 jour l\u2019AMP de 1994 \u00e0 la lumi\u00e8re des \u00e9volutions des technologies de l\u2019information et des m\u00e9thodes de passation des march\u00e9s publics; ii) \u00e9largir le champ d\u2019application de l\u2019AMP de 1994; et iii) supprimer les mesures discriminatoires qui subsistaient.<\/p>\n\n\n\n<p><\/p>\n","protected":false},"excerpt":{"rendered":"<p>L\u2019Accord sur les march\u00e9s publics (AMP)[1] est \u00e0 ce jour le seul accord juridiquement contraignant de l\u2019OMC qui traite des march\u00e9s publics. Sa version actuelle a \u00e9t\u00e9 n\u00e9goci\u00e9e en 1994 en parall\u00e8le avec le cycle de l\u2019Uruguay, et elle est entr\u00e9e en vigueur le 1er janvier 1996 (ci-apr\u00e8s l\u2019\u00abAMP de 1994\u00bb). Les parties \u00e0 l\u2019AMP &#8230; <a title=\"L&rsquo;Accord sur les march\u00e9s publics &#8211; AMP\" class=\"read-more\" href=\"https:\/\/www.ebp.be\/fr\/verklarende_woorden\/laccord-sur-les-marches-publics-amp\/\" aria-label=\"En savoir plus sur L&rsquo;Accord sur les march\u00e9s publics &#8211; AMP\">Lire la suite<\/a><\/p>\n","protected":false},"featured_media":0,"template":"","letters":[275],"class_list":["post-16458","verklarende_woorden","type-verklarende_woorden","status-publish","hentry","letters-l"],"acf":[],"yoast_head":"<!-- This site is optimized with the Yoast SEO plugin v27.4 - https:\/\/yoast.com\/product\/yoast-seo-wordpress\/ -->\n<title>L&#039;Accord sur les march\u00e9s publics - AMP - EBP Website<\/title>\n<meta name=\"robots\" content=\"index, follow, max-snippet:-1, max-image-preview:large, max-video-preview:-1\" \/>\n<link rel=\"canonical\" href=\"https:\/\/www.ebp.be\/fr\/verklarende_woorden\/laccord-sur-les-marches-publics-amp\/\" \/>\n<meta property=\"og:locale\" content=\"fr_FR\" \/>\n<meta property=\"og:type\" content=\"article\" \/>\n<meta property=\"og:title\" content=\"L&#039;Accord sur les march\u00e9s publics - AMP - EBP Website\" \/>\n<meta property=\"og:description\" content=\"L\u2019Accord sur les march\u00e9s publics (AMP)[1] est \u00e0 ce jour le seul accord juridiquement contraignant de l\u2019OMC qui traite des march\u00e9s publics. Sa version actuelle a \u00e9t\u00e9 n\u00e9goci\u00e9e en 1994 en parall\u00e8le avec le cycle de l\u2019Uruguay, et elle est entr\u00e9e en vigueur le 1er janvier 1996 (ci-apr\u00e8s l\u2019\u00abAMP de 1994\u00bb). Les parties \u00e0 l\u2019AMP ... Lire la suite\" \/>\n<meta property=\"og:url\" content=\"https:\/\/www.ebp.be\/fr\/verklarende_woorden\/laccord-sur-les-marches-publics-amp\/\" \/>\n<meta property=\"og:site_name\" content=\"EBP Website\" \/>\n<meta property=\"article:modified_time\" content=\"2025-12-22T15:19:47+00:00\" \/>\n<meta name=\"twitter:card\" content=\"summary_large_image\" \/>\n<meta name=\"twitter:label1\" content=\"Dur\u00e9e de lecture estim\u00e9e\" \/>\n\t<meta name=\"twitter:data1\" content=\"1 minute\" \/>\n<script type=\"application\/ld+json\" class=\"yoast-schema-graph\">{\"@context\":\"https:\\\/\\\/schema.org\",\"@graph\":[{\"@type\":\"WebPage\",\"@id\":\"https:\\\/\\\/www.ebp.be\\\/fr\\\/verklarende_woorden\\\/laccord-sur-les-marches-publics-amp\\\/\",\"url\":\"https:\\\/\\\/www.ebp.be\\\/fr\\\/verklarende_woorden\\\/laccord-sur-les-marches-publics-amp\\\/\",\"name\":\"L'Accord sur les march\u00e9s publics - AMP - EBP Website\",\"isPartOf\":{\"@id\":\"https:\\\/\\\/www.ebp.be\\\/fr\\\/#website\"},\"datePublished\":\"2025-03-05T14:45:39+00:00\",\"dateModified\":\"2025-12-22T15:19:47+00:00\",\"breadcrumb\":{\"@id\":\"https:\\\/\\\/www.ebp.be\\\/fr\\\/verklarende_woorden\\\/laccord-sur-les-marches-publics-amp\\\/#breadcrumb\"},\"inLanguage\":\"fr-FR\",\"potentialAction\":[{\"@type\":\"ReadAction\",\"target\":[\"https:\\\/\\\/www.ebp.be\\\/fr\\\/verklarende_woorden\\\/laccord-sur-les-marches-publics-amp\\\/\"]}]},{\"@type\":\"BreadcrumbList\",\"@id\":\"https:\\\/\\\/www.ebp.be\\\/fr\\\/verklarende_woorden\\\/laccord-sur-les-marches-publics-amp\\\/#breadcrumb\",\"itemListElement\":[{\"@type\":\"ListItem\",\"position\":1,\"name\":\"Home\",\"item\":\"https:\\\/\\\/www.ebp.be\\\/fr\\\/\"},{\"@type\":\"ListItem\",\"position\":2,\"name\":\"L&#8217;Accord sur les march\u00e9s publics &#8211; AMP\"}]},{\"@type\":\"WebSite\",\"@id\":\"https:\\\/\\\/www.ebp.be\\\/fr\\\/#website\",\"url\":\"https:\\\/\\\/www.ebp.be\\\/fr\\\/\",\"name\":\"EBP Website\",\"description\":\"\",\"publisher\":{\"@id\":\"https:\\\/\\\/www.ebp.be\\\/fr\\\/#organization\"},\"potentialAction\":[{\"@type\":\"SearchAction\",\"target\":{\"@type\":\"EntryPoint\",\"urlTemplate\":\"https:\\\/\\\/www.ebp.be\\\/fr\\\/?s={search_term_string}\"},\"query-input\":{\"@type\":\"PropertyValueSpecification\",\"valueRequired\":true,\"valueName\":\"search_term_string\"}}],\"inLanguage\":\"fr-FR\"},{\"@type\":\"Organization\",\"@id\":\"https:\\\/\\\/www.ebp.be\\\/fr\\\/#organization\",\"name\":\"EBP Website\",\"url\":\"https:\\\/\\\/www.ebp.be\\\/fr\\\/\",\"logo\":{\"@type\":\"ImageObject\",\"inLanguage\":\"fr-FR\",\"@id\":\"https:\\\/\\\/www.ebp.be\\\/fr\\\/#\\\/schema\\\/logo\\\/image\\\/\",\"url\":\"https:\\\/\\\/www.ebp.be\\\/wp-content\\\/uploads\\\/2025\\\/02\\\/EBP_2024_CMYK_500x500.png\",\"contentUrl\":\"https:\\\/\\\/www.ebp.be\\\/wp-content\\\/uploads\\\/2025\\\/02\\\/EBP_2024_CMYK_500x500.png\",\"width\":500,\"height\":500,\"caption\":\"EBP Website\"},\"image\":{\"@id\":\"https:\\\/\\\/www.ebp.be\\\/fr\\\/#\\\/schema\\\/logo\\\/image\\\/\"}}]}<\/script>\n<!-- \/ Yoast SEO plugin. -->","yoast_head_json":{"title":"L'Accord sur les march\u00e9s publics - AMP - EBP Website","robots":{"index":"index","follow":"follow","max-snippet":"max-snippet:-1","max-image-preview":"max-image-preview:large","max-video-preview":"max-video-preview:-1"},"canonical":"https:\/\/www.ebp.be\/fr\/verklarende_woorden\/laccord-sur-les-marches-publics-amp\/","og_locale":"fr_FR","og_type":"article","og_title":"L'Accord sur les march\u00e9s publics - AMP - EBP Website","og_description":"L\u2019Accord sur les march\u00e9s publics (AMP)[1] est \u00e0 ce jour le seul accord juridiquement contraignant de l\u2019OMC qui traite des march\u00e9s publics. Sa version actuelle a \u00e9t\u00e9 n\u00e9goci\u00e9e en 1994 en parall\u00e8le avec le cycle de l\u2019Uruguay, et elle est entr\u00e9e en vigueur le 1er janvier 1996 (ci-apr\u00e8s l\u2019\u00abAMP de 1994\u00bb). Les parties \u00e0 l\u2019AMP ... Lire la suite","og_url":"https:\/\/www.ebp.be\/fr\/verklarende_woorden\/laccord-sur-les-marches-publics-amp\/","og_site_name":"EBP Website","article_modified_time":"2025-12-22T15:19:47+00:00","twitter_card":"summary_large_image","twitter_misc":{"Dur\u00e9e de lecture estim\u00e9e":"1 minute"},"schema":{"@context":"https:\/\/schema.org","@graph":[{"@type":"WebPage","@id":"https:\/\/www.ebp.be\/fr\/verklarende_woorden\/laccord-sur-les-marches-publics-amp\/","url":"https:\/\/www.ebp.be\/fr\/verklarende_woorden\/laccord-sur-les-marches-publics-amp\/","name":"L'Accord sur les march\u00e9s publics - AMP - EBP Website","isPartOf":{"@id":"https:\/\/www.ebp.be\/fr\/#website"},"datePublished":"2025-03-05T14:45:39+00:00","dateModified":"2025-12-22T15:19:47+00:00","breadcrumb":{"@id":"https:\/\/www.ebp.be\/fr\/verklarende_woorden\/laccord-sur-les-marches-publics-amp\/#breadcrumb"},"inLanguage":"fr-FR","potentialAction":[{"@type":"ReadAction","target":["https:\/\/www.ebp.be\/fr\/verklarende_woorden\/laccord-sur-les-marches-publics-amp\/"]}]},{"@type":"BreadcrumbList","@id":"https:\/\/www.ebp.be\/fr\/verklarende_woorden\/laccord-sur-les-marches-publics-amp\/#breadcrumb","itemListElement":[{"@type":"ListItem","position":1,"name":"Home","item":"https:\/\/www.ebp.be\/fr\/"},{"@type":"ListItem","position":2,"name":"L&#8217;Accord sur les march\u00e9s publics &#8211; AMP"}]},{"@type":"WebSite","@id":"https:\/\/www.ebp.be\/fr\/#website","url":"https:\/\/www.ebp.be\/fr\/","name":"EBP Website","description":"","publisher":{"@id":"https:\/\/www.ebp.be\/fr\/#organization"},"potentialAction":[{"@type":"SearchAction","target":{"@type":"EntryPoint","urlTemplate":"https:\/\/www.ebp.be\/fr\/?s={search_term_string}"},"query-input":{"@type":"PropertyValueSpecification","valueRequired":true,"valueName":"search_term_string"}}],"inLanguage":"fr-FR"},{"@type":"Organization","@id":"https:\/\/www.ebp.be\/fr\/#organization","name":"EBP Website","url":"https:\/\/www.ebp.be\/fr\/","logo":{"@type":"ImageObject","inLanguage":"fr-FR","@id":"https:\/\/www.ebp.be\/fr\/#\/schema\/logo\/image\/","url":"https:\/\/www.ebp.be\/wp-content\/uploads\/2025\/02\/EBP_2024_CMYK_500x500.png","contentUrl":"https:\/\/www.ebp.be\/wp-content\/uploads\/2025\/02\/EBP_2024_CMYK_500x500.png","width":500,"height":500,"caption":"EBP Website"},"image":{"@id":"https:\/\/www.ebp.be\/fr\/#\/schema\/logo\/image\/"}}]}},"_links":{"self":[{"href":"https:\/\/www.ebp.be\/fr\/wp-json\/wp\/v2\/verklarende_woorden\/16458","targetHints":{"allow":["GET"]}}],"collection":[{"href":"https:\/\/www.ebp.be\/fr\/wp-json\/wp\/v2\/verklarende_woorden"}],"about":[{"href":"https:\/\/www.ebp.be\/fr\/wp-json\/wp\/v2\/types\/verklarende_woorden"}],"wp:attachment":[{"href":"https:\/\/www.ebp.be\/fr\/wp-json\/wp\/v2\/media?parent=16458"}],"wp:term":[{"taxonomy":"letters","embeddable":true,"href":"https:\/\/www.ebp.be\/fr\/wp-json\/wp\/v2\/letters?post=16458"}],"curies":[{"name":"wp","href":"https:\/\/api.w.org\/{rel}","templated":true}]}}

L&rsquo;Accord sur les marchés publics &#8211; AMP

<p>L’Accord sur les marchés publics (AMP)[1] est à ce jour le seul accord juridiquement contraignant de l’OMC qui traite des marchés publics. Sa version actuelle a été négociée en 1994 en parallèle avec le cycle de l’Uruguay, et elle est entrée en vigueur le 1er janvier 1996 (ci-après l’«AMP de 1994»).</p>



<p>Les parties à l’AMP de 1994 sont : l’Arménie, le Canada, l’Union européenne pour ce qui est de ses 27 États membres, Hong-Kong – Chine, l’Islande, Israël, le Japon, la Corée, le Liechtenstein, les Pays-Bas pour ce qui est d’Aruba, la Norvège, Singapour, la Suisse, le Taipei chinois et les États-Unis. Il est administré par le comité des marchés publics (ci-après «le comité»).</p>



<p>L’AMP de 1994 intégrait l’engagement d’entamer des négociations tant sur le texte que sur le champ d’application de l’accord à compter de son adoption en 1994 (article XXIV:7, point b)). À cette fin, des négociations ont été lancées en 1999.</p>



<p>L’objectif de ces négociations était triple: i) améliorer et mettre à jour l’AMP de 1994 à la lumière des évolutions des technologies de l’information et des méthodes de passation des marchés publics; ii) élargir le champ d’application de l’AMP de 1994; et iii) supprimer les mesures discriminatoires qui subsistaient.</p>



<p></p>

<p>L’Accord sur les marchés publics (AMP)[1] est à ce jour le seul accord juridiquement contraignant de l’OMC qui traite des marchés publics. Sa version actuelle a été négociée en 1994 en parallèle avec le cycle de l’Uruguay, et elle est entrée en vigueur le 1er janvier 1996 (ci-après l’«AMP de 1994»). Les parties à l’AMP &#8230; <a title="L&rsquo;Accord sur les marchés publics &#8211; AMP" class="read-more" href="https://www.ebp.be/fr/verklarende_woorden/laccord-sur-les-marches-publics-amp/" aria-label="En savoir plus sur L&rsquo;Accord sur les marchés publics &#8211; AMP">Lire la suite</a></p>

<!-- This site is optimized with the Yoast SEO plugin v27.4 - https://yoast.com/product/yoast-seo-wordpress/ -->
<title>L&#039;Accord sur les marchés publics - AMP - EBP Website</title>
<meta name="robots" content="index, follow, max-snippet:-1, max-image-preview:large, max-video-preview:-1" />
<link rel="canonical" href="https://www.ebp.be/fr/verklarende_woorden/laccord-sur-les-marches-publics-amp/" />
<meta property="og:locale" content="fr_FR" />
<meta property="og:type" content="article" />
<meta property="og:title" content="L&#039;Accord sur les marchés publics - AMP - EBP Website" />
<meta property="og:description" content="L’Accord sur les marchés publics (AMP)[1] est à ce jour le seul accord juridiquement contraignant de l’OMC qui traite des marchés publics. Sa version actuelle a été négociée en 1994 en parallèle avec le cycle de l’Uruguay, et elle est entrée en vigueur le 1er janvier 1996 (ci-après l’«AMP de 1994»). Les parties à l’AMP ... Lire la suite" />
<meta property="og:url" content="https://www.ebp.be/fr/verklarende_woorden/laccord-sur-les-marches-publics-amp/" />
<meta property="og:site_name" content="EBP Website" />
<meta property="article:modified_time" content="2025-12-22T15:19:47+00:00" />
<meta name="twitter:card" content="summary_large_image" />
<meta name="twitter:label1" content="Durée de lecture estimée" />
	<meta name="twitter:data1" content="1 minute" />
<script type="application/ld+json" class="yoast-schema-graph">{"@context":"https:\/\/schema.org","@graph":[{"@type":"WebPage","@id":"https:\/\/www.ebp.be\/fr\/verklarende_woorden\/laccord-sur-les-marches-publics-amp\/","url":"https:\/\/www.ebp.be\/fr\/verklarende_woorden\/laccord-sur-les-marches-publics-amp\/","name":"L'Accord sur les marchés publics - AMP - EBP Website","isPartOf":{"@id":"https:\/\/www.ebp.be\/fr\/#website"},"datePublished":"2025-03-05T14:45:39+00:00","dateModified":"2025-12-22T15:19:47+00:00","breadcrumb":{"@id":"https:\/\/www.ebp.be\/fr\/verklarende_woorden\/laccord-sur-les-marches-publics-amp\/#breadcrumb"},"inLanguage":"fr-FR","potentialAction":[{"@type":"ReadAction","target":["https:\/\/www.ebp.be\/fr\/verklarende_woorden\/laccord-sur-les-marches-publics-amp\/"]}]},{"@type":"BreadcrumbList","@id":"https:\/\/www.ebp.be\/fr\/verklarende_woorden\/laccord-sur-les-marches-publics-amp\/#breadcrumb","itemListElement":[{"@type":"ListItem","position":1,"name":"Home","item":"https:\/\/www.ebp.be\/fr\/"},{"@type":"ListItem","position":2,"name":"L&#8217;Accord sur les marchés publics &#8211; AMP"}]},{"@type":"WebSite","@id":"https:\/\/www.ebp.be\/fr\/#website","url":"https:\/\/www.ebp.be\/fr\/","name":"EBP Website","description":"","publisher":{"@id":"https:\/\/www.ebp.be\/fr\/#organization"},"potentialAction":[{"@type":"SearchAction","target":{"@type":"EntryPoint","urlTemplate":"https:\/\/www.ebp.be\/fr\/?s={search_term_string}"},"query-input":{"@type":"PropertyValueSpecification","valueRequired":true,"valueName":"search_term_string"}}],"inLanguage":"fr-FR"},{"@type":"Organization","@id":"https:\/\/www.ebp.be\/fr\/#organization","name":"EBP Website","url":"https:\/\/www.ebp.be\/fr\/","logo":{"@type":"ImageObject","inLanguage":"fr-FR","@id":"https:\/\/www.ebp.be\/fr\/#\/schema\/logo\/image\/","url":"https:\/\/www.ebp.be\/wp-content\/uploads\/2025\/02\/EBP_2024_CMYK_500x500.png","contentUrl":"https:\/\/www.ebp.be\/wp-content\/uploads\/2025\/02\/EBP_2024_CMYK_500x500.png","width":500,"height":500,"caption":"EBP Website"},"image":{"@id":"https:\/\/www.ebp.be\/fr\/#\/schema\/logo\/image\/"}}]}</script>
<!-- / Yoast SEO plugin. -->

L'Accord sur les marchés publics - AMP - EBP Website

L’Accord sur les marchés publics (AMP)[1] est à ce jour le seul accord juridiquement contraignant de l’OMC qui traite des marchés publics. Sa version actuelle a été négociée en 1994 en parallèle avec le cycle de l’Uruguay, et elle est entrée en vigueur le 1er janvier 1996 (ci-après l’«AMP de 1994»). Les parties à l’AMP ... Lire la suite

L&#8217;Accord sur les marchés publics &#8211; AMP
