{"id":16644,"date":"2025-03-06T11:17:44","date_gmt":"2025-03-06T10:17:44","guid":{"rendered":"https:\/\/www.ebp.be\/?post_type=verklarende_woordenl&#038;p=16644"},"modified":"2025-12-22T16:19:47","modified_gmt":"2025-12-22T15:19:47","slug":"prix-forfaitaires","status":"publish","type":"verklarende_woorden","link":"https:\/\/www.ebp.be\/fr\/verklarende_woorden\/prix-forfaitaires\/","title":{"rendered":"Prix forfaitaires"},"content":{"rendered":"\n<p>Les march\u00e9s publics sont pass\u00e9s \u00e0 forfait.<\/p>\n\n\n\n<p>&nbsp;Le caract\u00e8re forfaitaire des march\u00e9s publics ne fait pas obstacle \u00e0 la r\u00e9vision des prix en fonction de facteurs d\u00e9termin\u00e9s d\u2019ordre \u00e9conomique ou social.<\/p>\n\n\n\n<p>&nbsp;La r\u00e9vision doit rencontrer l\u2019\u00e9volution des prix des principaux composants du prix de revient. Le Roi fixe les modalit\u00e9s de la r\u00e9vision et peut rendre celle-ci obligatoire pour les march\u00e9s qui atteignent certains montants ou certains d\u00e9lais d\u2019ex\u00e9cution qu\u2019Il fixe.<\/p>\n\n\n\n<p>&nbsp;Si l\u2019entrepreneur, le fournisseur ou le prestataire de services a recours \u00e0 des sous-traitants, ceux-ci doivent, s\u2019il y a lieu, se voir appliquer la r\u00e9vision de leurs prix suivant les modalit\u00e9s \u00e0 fixer par le Roi et dans la mesure correspondant \u00e0 la nature des prestations qu\u2019ils ex\u00e9cutent.<\/p>\n\n\n\n<figure class=\"wp-block-embed is-type-wp-embed is-provider-code-commande-publique wp-block-embed-code-commande-publique\"><div class=\"wp-block-embed__wrapper\">\n<blockquote class=\"wp-embedded-content\" data-secret=\"kSjAqNf5IB\"><a href=\"https:\/\/www.code-commande-publique.com\/prix-des-marches-art-l2112-6-et-r2112-5-a-r2112-18\/prix-forfaitaire-des-marches\/\">Prix forfaitaire des march\u00e9s publics (R 2112-6)<\/a><\/blockquote><iframe class=\"wp-embedded-content\" sandbox=\"allow-scripts\" security=\"restricted\" style=\"position: absolute; visibility: hidden;\" title=\"\u00ab\u00a0Prix forfaitaire des march\u00e9s publics (R 2112-6)\u00a0\u00bb &#8212; Code : Commande Publique\" src=\"https:\/\/www.code-commande-publique.com\/prix-des-marches-art-l2112-6-et-r2112-5-a-r2112-18\/prix-forfaitaire-des-marches\/embed\/#?secret=WucmqcO7ad#?secret=kSjAqNf5IB\" data-secret=\"kSjAqNf5IB\" width=\"600\" height=\"338\" frameborder=\"0\" marginwidth=\"0\" marginheight=\"0\" scrolling=\"no\"><\/iframe>\n<\/div><\/figure>\n","protected":false},"excerpt":{"rendered":"<p>Les march\u00e9s publics sont pass\u00e9s \u00e0 forfait. &nbsp;Le caract\u00e8re forfaitaire des march\u00e9s publics ne fait pas obstacle \u00e0 la r\u00e9vision des prix en fonction de facteurs d\u00e9termin\u00e9s d\u2019ordre \u00e9conomique ou social. &nbsp;La r\u00e9vision doit rencontrer l\u2019\u00e9volution des prix des principaux composants du prix de revient. Le Roi fixe les modalit\u00e9s de la r\u00e9vision et peut &#8230; <a title=\"Prix forfaitaires\" class=\"read-more\" href=\"https:\/\/www.ebp.be\/fr\/verklarende_woorden\/prix-forfaitaires\/\" aria-label=\"En savoir plus sur Prix forfaitaires\">Lire la suite<\/a><\/p>\n","protected":false},"featured_media":0,"template":"","letters":[279],"class_list":["post-16644","verklarende_woorden","type-verklarende_woorden","status-publish","hentry","letters-p"],"acf":[],"yoast_head":"<!-- This site is optimized with the Yoast SEO plugin v27.4 - https:\/\/yoast.com\/product\/yoast-seo-wordpress\/ -->\n<title>Prix forfaitaires - EBP Website<\/title>\n<meta name=\"robots\" content=\"index, follow, max-snippet:-1, max-image-preview:large, max-video-preview:-1\" \/>\n<link rel=\"canonical\" href=\"https:\/\/www.ebp.be\/fr\/verklarende_woorden\/prix-forfaitaires\/\" \/>\n<meta property=\"og:locale\" content=\"fr_FR\" \/>\n<meta property=\"og:type\" content=\"article\" \/>\n<meta property=\"og:title\" content=\"Prix forfaitaires - EBP Website\" \/>\n<meta property=\"og:description\" content=\"Les march\u00e9s publics sont pass\u00e9s \u00e0 forfait. &nbsp;Le caract\u00e8re forfaitaire des march\u00e9s publics ne fait pas obstacle \u00e0 la r\u00e9vision des prix en fonction de facteurs d\u00e9termin\u00e9s d\u2019ordre \u00e9conomique ou social. &nbsp;La r\u00e9vision doit rencontrer l\u2019\u00e9volution des prix des principaux composants du prix de revient. Le Roi fixe les modalit\u00e9s de la r\u00e9vision et peut ... Lire la suite\" \/>\n<meta property=\"og:url\" content=\"https:\/\/www.ebp.be\/fr\/verklarende_woorden\/prix-forfaitaires\/\" \/>\n<meta property=\"og:site_name\" content=\"EBP Website\" \/>\n<meta property=\"article:modified_time\" content=\"2025-12-22T15:19:47+00:00\" \/>\n<meta name=\"twitter:card\" content=\"summary_large_image\" \/>\n<meta name=\"twitter:label1\" content=\"Dur\u00e9e de lecture estim\u00e9e\" \/>\n\t<meta name=\"twitter:data1\" content=\"1 minute\" \/>\n<script type=\"application\/ld+json\" class=\"yoast-schema-graph\">{\"@context\":\"https:\\\/\\\/schema.org\",\"@graph\":[{\"@type\":\"WebPage\",\"@id\":\"https:\\\/\\\/www.ebp.be\\\/fr\\\/verklarende_woorden\\\/prix-forfaitaires\\\/\",\"url\":\"https:\\\/\\\/www.ebp.be\\\/fr\\\/verklarende_woorden\\\/prix-forfaitaires\\\/\",\"name\":\"Prix forfaitaires - EBP Website\",\"isPartOf\":{\"@id\":\"https:\\\/\\\/www.ebp.be\\\/fr\\\/#website\"},\"datePublished\":\"2025-03-06T10:17:44+00:00\",\"dateModified\":\"2025-12-22T15:19:47+00:00\",\"breadcrumb\":{\"@id\":\"https:\\\/\\\/www.ebp.be\\\/fr\\\/verklarende_woorden\\\/prix-forfaitaires\\\/#breadcrumb\"},\"inLanguage\":\"fr-FR\",\"potentialAction\":[{\"@type\":\"ReadAction\",\"target\":[\"https:\\\/\\\/www.ebp.be\\\/fr\\\/verklarende_woorden\\\/prix-forfaitaires\\\/\"]}]},{\"@type\":\"BreadcrumbList\",\"@id\":\"https:\\\/\\\/www.ebp.be\\\/fr\\\/verklarende_woorden\\\/prix-forfaitaires\\\/#breadcrumb\",\"itemListElement\":[{\"@type\":\"ListItem\",\"position\":1,\"name\":\"Home\",\"item\":\"https:\\\/\\\/www.ebp.be\\\/fr\\\/\"},{\"@type\":\"ListItem\",\"position\":2,\"name\":\"Prix forfaitaires\"}]},{\"@type\":\"WebSite\",\"@id\":\"https:\\\/\\\/www.ebp.be\\\/fr\\\/#website\",\"url\":\"https:\\\/\\\/www.ebp.be\\\/fr\\\/\",\"name\":\"EBP Website\",\"description\":\"\",\"publisher\":{\"@id\":\"https:\\\/\\\/www.ebp.be\\\/fr\\\/#organization\"},\"potentialAction\":[{\"@type\":\"SearchAction\",\"target\":{\"@type\":\"EntryPoint\",\"urlTemplate\":\"https:\\\/\\\/www.ebp.be\\\/fr\\\/?s={search_term_string}\"},\"query-input\":{\"@type\":\"PropertyValueSpecification\",\"valueRequired\":true,\"valueName\":\"search_term_string\"}}],\"inLanguage\":\"fr-FR\"},{\"@type\":\"Organization\",\"@id\":\"https:\\\/\\\/www.ebp.be\\\/fr\\\/#organization\",\"name\":\"EBP Website\",\"url\":\"https:\\\/\\\/www.ebp.be\\\/fr\\\/\",\"logo\":{\"@type\":\"ImageObject\",\"inLanguage\":\"fr-FR\",\"@id\":\"https:\\\/\\\/www.ebp.be\\\/fr\\\/#\\\/schema\\\/logo\\\/image\\\/\",\"url\":\"https:\\\/\\\/www.ebp.be\\\/wp-content\\\/uploads\\\/2025\\\/02\\\/EBP_2024_CMYK_500x500.png\",\"contentUrl\":\"https:\\\/\\\/www.ebp.be\\\/wp-content\\\/uploads\\\/2025\\\/02\\\/EBP_2024_CMYK_500x500.png\",\"width\":500,\"height\":500,\"caption\":\"EBP Website\"},\"image\":{\"@id\":\"https:\\\/\\\/www.ebp.be\\\/fr\\\/#\\\/schema\\\/logo\\\/image\\\/\"}}]}<\/script>\n<!-- \/ Yoast SEO plugin. -->","yoast_head_json":{"title":"Prix forfaitaires - EBP Website","robots":{"index":"index","follow":"follow","max-snippet":"max-snippet:-1","max-image-preview":"max-image-preview:large","max-video-preview":"max-video-preview:-1"},"canonical":"https:\/\/www.ebp.be\/fr\/verklarende_woorden\/prix-forfaitaires\/","og_locale":"fr_FR","og_type":"article","og_title":"Prix forfaitaires - EBP Website","og_description":"Les march\u00e9s publics sont pass\u00e9s \u00e0 forfait. &nbsp;Le caract\u00e8re forfaitaire des march\u00e9s publics ne fait pas obstacle \u00e0 la r\u00e9vision des prix en fonction de facteurs d\u00e9termin\u00e9s d\u2019ordre \u00e9conomique ou social. &nbsp;La r\u00e9vision doit rencontrer l\u2019\u00e9volution des prix des principaux composants du prix de revient. Le Roi fixe les modalit\u00e9s de la r\u00e9vision et peut ... Lire la suite","og_url":"https:\/\/www.ebp.be\/fr\/verklarende_woorden\/prix-forfaitaires\/","og_site_name":"EBP Website","article_modified_time":"2025-12-22T15:19:47+00:00","twitter_card":"summary_large_image","twitter_misc":{"Dur\u00e9e de lecture estim\u00e9e":"1 minute"},"schema":{"@context":"https:\/\/schema.org","@graph":[{"@type":"WebPage","@id":"https:\/\/www.ebp.be\/fr\/verklarende_woorden\/prix-forfaitaires\/","url":"https:\/\/www.ebp.be\/fr\/verklarende_woorden\/prix-forfaitaires\/","name":"Prix forfaitaires - EBP Website","isPartOf":{"@id":"https:\/\/www.ebp.be\/fr\/#website"},"datePublished":"2025-03-06T10:17:44+00:00","dateModified":"2025-12-22T15:19:47+00:00","breadcrumb":{"@id":"https:\/\/www.ebp.be\/fr\/verklarende_woorden\/prix-forfaitaires\/#breadcrumb"},"inLanguage":"fr-FR","potentialAction":[{"@type":"ReadAction","target":["https:\/\/www.ebp.be\/fr\/verklarende_woorden\/prix-forfaitaires\/"]}]},{"@type":"BreadcrumbList","@id":"https:\/\/www.ebp.be\/fr\/verklarende_woorden\/prix-forfaitaires\/#breadcrumb","itemListElement":[{"@type":"ListItem","position":1,"name":"Home","item":"https:\/\/www.ebp.be\/fr\/"},{"@type":"ListItem","position":2,"name":"Prix forfaitaires"}]},{"@type":"WebSite","@id":"https:\/\/www.ebp.be\/fr\/#website","url":"https:\/\/www.ebp.be\/fr\/","name":"EBP Website","description":"","publisher":{"@id":"https:\/\/www.ebp.be\/fr\/#organization"},"potentialAction":[{"@type":"SearchAction","target":{"@type":"EntryPoint","urlTemplate":"https:\/\/www.ebp.be\/fr\/?s={search_term_string}"},"query-input":{"@type":"PropertyValueSpecification","valueRequired":true,"valueName":"search_term_string"}}],"inLanguage":"fr-FR"},{"@type":"Organization","@id":"https:\/\/www.ebp.be\/fr\/#organization","name":"EBP Website","url":"https:\/\/www.ebp.be\/fr\/","logo":{"@type":"ImageObject","inLanguage":"fr-FR","@id":"https:\/\/www.ebp.be\/fr\/#\/schema\/logo\/image\/","url":"https:\/\/www.ebp.be\/wp-content\/uploads\/2025\/02\/EBP_2024_CMYK_500x500.png","contentUrl":"https:\/\/www.ebp.be\/wp-content\/uploads\/2025\/02\/EBP_2024_CMYK_500x500.png","width":500,"height":500,"caption":"EBP Website"},"image":{"@id":"https:\/\/www.ebp.be\/fr\/#\/schema\/logo\/image\/"}}]}},"_links":{"self":[{"href":"https:\/\/www.ebp.be\/fr\/wp-json\/wp\/v2\/verklarende_woorden\/16644","targetHints":{"allow":["GET"]}}],"collection":[{"href":"https:\/\/www.ebp.be\/fr\/wp-json\/wp\/v2\/verklarende_woorden"}],"about":[{"href":"https:\/\/www.ebp.be\/fr\/wp-json\/wp\/v2\/types\/verklarende_woorden"}],"wp:attachment":[{"href":"https:\/\/www.ebp.be\/fr\/wp-json\/wp\/v2\/media?parent=16644"}],"wp:term":[{"taxonomy":"letters","embeddable":true,"href":"https:\/\/www.ebp.be\/fr\/wp-json\/wp\/v2\/letters?post=16644"}],"curies":[{"name":"wp","href":"https:\/\/api.w.org\/{rel}","templated":true}]}}

<p>Les marchés publics sont passés à forfait.</p>



<p>&nbsp;Le caractère forfaitaire des marchés publics ne fait pas obstacle à la révision des prix en fonction de facteurs déterminés d’ordre économique ou social.</p>



<p>&nbsp;La révision doit rencontrer l’évolution des prix des principaux composants du prix de revient. Le Roi fixe les modalités de la révision et peut rendre celle-ci obligatoire pour les marchés qui atteignent certains montants ou certains délais d’exécution qu’Il fixe.</p>



<p>&nbsp;Si l’entrepreneur, le fournisseur ou le prestataire de services a recours à des sous-traitants, ceux-ci doivent, s’il y a lieu, se voir appliquer la révision de leurs prix suivant les modalités à fixer par le Roi et dans la mesure correspondant à la nature des prestations qu’ils exécutent.</p>



<figure class="wp-block-embed is-type-wp-embed is-provider-code-commande-publique wp-block-embed-code-commande-publique"><div class="wp-block-embed__wrapper">
<blockquote class="wp-embedded-content" data-secret="kSjAqNf5IB"><a href="https://www.code-commande-publique.com/prix-des-marches-art-l2112-6-et-r2112-5-a-r2112-18/prix-forfaitaire-des-marches/">Prix forfaitaire des marchés publics (R 2112-6)</a></blockquote><iframe class="wp-embedded-content" sandbox="allow-scripts" security="restricted" style="position: absolute; visibility: hidden;" title="« Prix forfaitaire des marchés publics (R 2112-6) » &#8212; Code : Commande Publique" src="https://www.code-commande-publique.com/prix-des-marches-art-l2112-6-et-r2112-5-a-r2112-18/prix-forfaitaire-des-marches/embed/#?secret=WucmqcO7ad#?secret=kSjAqNf5IB" data-secret="kSjAqNf5IB" width="600" height="338" frameborder="0" marginwidth="0" marginheight="0" scrolling="no"></iframe>
</div></figure>

<p>Les marchés publics sont passés à forfait. &nbsp;Le caractère forfaitaire des marchés publics ne fait pas obstacle à la révision des prix en fonction de facteurs déterminés d’ordre économique ou social. &nbsp;La révision doit rencontrer l’évolution des prix des principaux composants du prix de revient. Le Roi fixe les modalités de la révision et peut &#8230; <a title="Prix forfaitaires" class="read-more" href="https://www.ebp.be/fr/verklarende_woorden/prix-forfaitaires/" aria-label="En savoir plus sur Prix forfaitaires">Lire la suite</a></p>

<!-- This site is optimized with the Yoast SEO plugin v27.4 - https://yoast.com/product/yoast-seo-wordpress/ -->
<title>Prix forfaitaires - EBP Website</title>
<meta name="robots" content="index, follow, max-snippet:-1, max-image-preview:large, max-video-preview:-1" />
<link rel="canonical" href="https://www.ebp.be/fr/verklarende_woorden/prix-forfaitaires/" />
<meta property="og:locale" content="fr_FR" />
<meta property="og:type" content="article" />
<meta property="og:title" content="Prix forfaitaires - EBP Website" />
<meta property="og:description" content="Les marchés publics sont passés à forfait. &nbsp;Le caractère forfaitaire des marchés publics ne fait pas obstacle à la révision des prix en fonction de facteurs déterminés d’ordre économique ou social. &nbsp;La révision doit rencontrer l’évolution des prix des principaux composants du prix de revient. Le Roi fixe les modalités de la révision et peut ... Lire la suite" />
<meta property="og:url" content="https://www.ebp.be/fr/verklarende_woorden/prix-forfaitaires/" />
<meta property="og:site_name" content="EBP Website" />
<meta property="article:modified_time" content="2025-12-22T15:19:47+00:00" />
<meta name="twitter:card" content="summary_large_image" />
<meta name="twitter:label1" content="Durée de lecture estimée" />
	<meta name="twitter:data1" content="1 minute" />
<script type="application/ld+json" class="yoast-schema-graph">{"@context":"https:\/\/schema.org","@graph":[{"@type":"WebPage","@id":"https:\/\/www.ebp.be\/fr\/verklarende_woorden\/prix-forfaitaires\/","url":"https:\/\/www.ebp.be\/fr\/verklarende_woorden\/prix-forfaitaires\/","name":"Prix forfaitaires - EBP Website","isPartOf":{"@id":"https:\/\/www.ebp.be\/fr\/#website"},"datePublished":"2025-03-06T10:17:44+00:00","dateModified":"2025-12-22T15:19:47+00:00","breadcrumb":{"@id":"https:\/\/www.ebp.be\/fr\/verklarende_woorden\/prix-forfaitaires\/#breadcrumb"},"inLanguage":"fr-FR","potentialAction":[{"@type":"ReadAction","target":["https:\/\/www.ebp.be\/fr\/verklarende_woorden\/prix-forfaitaires\/"]}]},{"@type":"BreadcrumbList","@id":"https:\/\/www.ebp.be\/fr\/verklarende_woorden\/prix-forfaitaires\/#breadcrumb","itemListElement":[{"@type":"ListItem","position":1,"name":"Home","item":"https:\/\/www.ebp.be\/fr\/"},{"@type":"ListItem","position":2,"name":"Prix forfaitaires"}]},{"@type":"WebSite","@id":"https:\/\/www.ebp.be\/fr\/#website","url":"https:\/\/www.ebp.be\/fr\/","name":"EBP Website","description":"","publisher":{"@id":"https:\/\/www.ebp.be\/fr\/#organization"},"potentialAction":[{"@type":"SearchAction","target":{"@type":"EntryPoint","urlTemplate":"https:\/\/www.ebp.be\/fr\/?s={search_term_string}"},"query-input":{"@type":"PropertyValueSpecification","valueRequired":true,"valueName":"search_term_string"}}],"inLanguage":"fr-FR"},{"@type":"Organization","@id":"https:\/\/www.ebp.be\/fr\/#organization","name":"EBP Website","url":"https:\/\/www.ebp.be\/fr\/","logo":{"@type":"ImageObject","inLanguage":"fr-FR","@id":"https:\/\/www.ebp.be\/fr\/#\/schema\/logo\/image\/","url":"https:\/\/www.ebp.be\/wp-content\/uploads\/2025\/02\/EBP_2024_CMYK_500x500.png","contentUrl":"https:\/\/www.ebp.be\/wp-content\/uploads\/2025\/02\/EBP_2024_CMYK_500x500.png","width":500,"height":500,"caption":"EBP Website"},"image":{"@id":"https:\/\/www.ebp.be\/fr\/#\/schema\/logo\/image\/"}}]}</script>
<!-- / Yoast SEO plugin. -->

Les marchés publics sont passés à forfait. &nbsp;Le caractère forfaitaire des marchés publics ne fait pas obstacle à la révision des prix en fonction de facteurs déterminés d’ordre économique ou social. &nbsp;La révision doit rencontrer l’évolution des prix des principaux composants du prix de revient. Le Roi fixe les modalités de la révision et peut ... Lire la suite
