{"id":16656,"date":"2025-03-06T11:29:24","date_gmt":"2025-03-06T10:29:24","guid":{"rendered":"https:\/\/www.ebp.be\/?post_type=verklarende_woordenl&#038;p=16656"},"modified":"2025-12-22T16:19:47","modified_gmt":"2025-12-22T15:19:47","slug":"responsable-du-traitement-des-donnees-ou-responsable-conjoint-du-traitement","status":"publish","type":"verklarende_woorden","link":"https:\/\/www.ebp.be\/fr\/verklarende_woorden\/responsable-du-traitement-des-donnees-ou-responsable-conjoint-du-traitement\/","title":{"rendered":"Responsable du traitement des donn\u00e9es ou Responsable conjoint du traitement"},"content":{"rendered":"\n<p>Le responsable du traitement des donn\u00e9es d\u00e9termine les finalit\u00e9s et les moyens du traitement des donn\u00e9es \u00e0 caract\u00e8re personnel. L\u2019adjudicateur est souvent le responsable (conjoint) du traitement. Les adjudicataires peuvent \u00eatre aussi bien le sous-traitant des donn\u00e9es que le responsable du traitement des donn\u00e9es, ou les deux.<\/p>\n","protected":false},"excerpt":{"rendered":"<p>Le responsable du traitement des donn\u00e9es d\u00e9termine les finalit\u00e9s et les moyens du traitement des donn\u00e9es \u00e0 caract\u00e8re personnel. L\u2019adjudicateur est souvent le responsable (conjoint) du traitement. Les adjudicataires peuvent \u00eatre aussi bien le sous-traitant des donn\u00e9es que le responsable du traitement des donn\u00e9es, ou les deux.<\/p>\n","protected":false},"featured_media":0,"template":"","letters":[281],"class_list":["post-16656","verklarende_woorden","type-verklarende_woorden","status-publish","hentry","letters-r"],"acf":[],"yoast_head":"<!-- This site is optimized with the Yoast SEO plugin v27.4 - https:\/\/yoast.com\/product\/yoast-seo-wordpress\/ -->\n<title>Responsable du traitement des donn\u00e9es ou Responsable conjoint du traitement - EBP Website<\/title>\n<meta name=\"robots\" content=\"index, follow, max-snippet:-1, max-image-preview:large, max-video-preview:-1\" \/>\n<link rel=\"canonical\" href=\"https:\/\/www.ebp.be\/fr\/verklarende_woorden\/responsable-du-traitement-des-donnees-ou-responsable-conjoint-du-traitement\/\" \/>\n<meta property=\"og:locale\" content=\"fr_FR\" \/>\n<meta property=\"og:type\" content=\"article\" \/>\n<meta property=\"og:title\" content=\"Responsable du traitement des donn\u00e9es ou Responsable conjoint du traitement - EBP Website\" \/>\n<meta property=\"og:description\" content=\"Le responsable du traitement des donn\u00e9es d\u00e9termine les finalit\u00e9s et les moyens du traitement des donn\u00e9es \u00e0 caract\u00e8re personnel. L\u2019adjudicateur est souvent le responsable (conjoint) du traitement. Les adjudicataires peuvent \u00eatre aussi bien le sous-traitant des donn\u00e9es que le responsable du traitement des donn\u00e9es, ou les deux.\" \/>\n<meta property=\"og:url\" content=\"https:\/\/www.ebp.be\/fr\/verklarende_woorden\/responsable-du-traitement-des-donnees-ou-responsable-conjoint-du-traitement\/\" \/>\n<meta property=\"og:site_name\" content=\"EBP Website\" \/>\n<meta property=\"article:modified_time\" content=\"2025-12-22T15:19:47+00:00\" \/>\n<meta name=\"twitter:card\" content=\"summary_large_image\" \/>\n<meta name=\"twitter:label1\" content=\"Dur\u00e9e de lecture estim\u00e9e\" \/>\n\t<meta name=\"twitter:data1\" content=\"1 minute\" \/>\n<script type=\"application\/ld+json\" class=\"yoast-schema-graph\">{\"@context\":\"https:\\\/\\\/schema.org\",\"@graph\":[{\"@type\":\"WebPage\",\"@id\":\"https:\\\/\\\/www.ebp.be\\\/fr\\\/verklarende_woorden\\\/responsable-du-traitement-des-donnees-ou-responsable-conjoint-du-traitement\\\/\",\"url\":\"https:\\\/\\\/www.ebp.be\\\/fr\\\/verklarende_woorden\\\/responsable-du-traitement-des-donnees-ou-responsable-conjoint-du-traitement\\\/\",\"name\":\"Responsable du traitement des donn\u00e9es ou Responsable conjoint du traitement - EBP Website\",\"isPartOf\":{\"@id\":\"https:\\\/\\\/www.ebp.be\\\/fr\\\/#website\"},\"datePublished\":\"2025-03-06T10:29:24+00:00\",\"dateModified\":\"2025-12-22T15:19:47+00:00\",\"breadcrumb\":{\"@id\":\"https:\\\/\\\/www.ebp.be\\\/fr\\\/verklarende_woorden\\\/responsable-du-traitement-des-donnees-ou-responsable-conjoint-du-traitement\\\/#breadcrumb\"},\"inLanguage\":\"fr-FR\",\"potentialAction\":[{\"@type\":\"ReadAction\",\"target\":[\"https:\\\/\\\/www.ebp.be\\\/fr\\\/verklarende_woorden\\\/responsable-du-traitement-des-donnees-ou-responsable-conjoint-du-traitement\\\/\"]}]},{\"@type\":\"BreadcrumbList\",\"@id\":\"https:\\\/\\\/www.ebp.be\\\/fr\\\/verklarende_woorden\\\/responsable-du-traitement-des-donnees-ou-responsable-conjoint-du-traitement\\\/#breadcrumb\",\"itemListElement\":[{\"@type\":\"ListItem\",\"position\":1,\"name\":\"Home\",\"item\":\"https:\\\/\\\/www.ebp.be\\\/fr\\\/\"},{\"@type\":\"ListItem\",\"position\":2,\"name\":\"Responsable du traitement des donn\u00e9es ou Responsable conjoint du traitement\"}]},{\"@type\":\"WebSite\",\"@id\":\"https:\\\/\\\/www.ebp.be\\\/fr\\\/#website\",\"url\":\"https:\\\/\\\/www.ebp.be\\\/fr\\\/\",\"name\":\"EBP Website\",\"description\":\"\",\"publisher\":{\"@id\":\"https:\\\/\\\/www.ebp.be\\\/fr\\\/#organization\"},\"potentialAction\":[{\"@type\":\"SearchAction\",\"target\":{\"@type\":\"EntryPoint\",\"urlTemplate\":\"https:\\\/\\\/www.ebp.be\\\/fr\\\/?s={search_term_string}\"},\"query-input\":{\"@type\":\"PropertyValueSpecification\",\"valueRequired\":true,\"valueName\":\"search_term_string\"}}],\"inLanguage\":\"fr-FR\"},{\"@type\":\"Organization\",\"@id\":\"https:\\\/\\\/www.ebp.be\\\/fr\\\/#organization\",\"name\":\"EBP Website\",\"url\":\"https:\\\/\\\/www.ebp.be\\\/fr\\\/\",\"logo\":{\"@type\":\"ImageObject\",\"inLanguage\":\"fr-FR\",\"@id\":\"https:\\\/\\\/www.ebp.be\\\/fr\\\/#\\\/schema\\\/logo\\\/image\\\/\",\"url\":\"https:\\\/\\\/www.ebp.be\\\/wp-content\\\/uploads\\\/2025\\\/02\\\/EBP_2024_CMYK_500x500.png\",\"contentUrl\":\"https:\\\/\\\/www.ebp.be\\\/wp-content\\\/uploads\\\/2025\\\/02\\\/EBP_2024_CMYK_500x500.png\",\"width\":500,\"height\":500,\"caption\":\"EBP Website\"},\"image\":{\"@id\":\"https:\\\/\\\/www.ebp.be\\\/fr\\\/#\\\/schema\\\/logo\\\/image\\\/\"}}]}<\/script>\n<!-- \/ Yoast SEO plugin. -->","yoast_head_json":{"title":"Responsable du traitement des donn\u00e9es ou Responsable conjoint du traitement - EBP Website","robots":{"index":"index","follow":"follow","max-snippet":"max-snippet:-1","max-image-preview":"max-image-preview:large","max-video-preview":"max-video-preview:-1"},"canonical":"https:\/\/www.ebp.be\/fr\/verklarende_woorden\/responsable-du-traitement-des-donnees-ou-responsable-conjoint-du-traitement\/","og_locale":"fr_FR","og_type":"article","og_title":"Responsable du traitement des donn\u00e9es ou Responsable conjoint du traitement - EBP Website","og_description":"Le responsable du traitement des donn\u00e9es d\u00e9termine les finalit\u00e9s et les moyens du traitement des donn\u00e9es \u00e0 caract\u00e8re personnel. L\u2019adjudicateur est souvent le responsable (conjoint) du traitement. Les adjudicataires peuvent \u00eatre aussi bien le sous-traitant des donn\u00e9es que le responsable du traitement des donn\u00e9es, ou les deux.","og_url":"https:\/\/www.ebp.be\/fr\/verklarende_woorden\/responsable-du-traitement-des-donnees-ou-responsable-conjoint-du-traitement\/","og_site_name":"EBP Website","article_modified_time":"2025-12-22T15:19:47+00:00","twitter_card":"summary_large_image","twitter_misc":{"Dur\u00e9e de lecture estim\u00e9e":"1 minute"},"schema":{"@context":"https:\/\/schema.org","@graph":[{"@type":"WebPage","@id":"https:\/\/www.ebp.be\/fr\/verklarende_woorden\/responsable-du-traitement-des-donnees-ou-responsable-conjoint-du-traitement\/","url":"https:\/\/www.ebp.be\/fr\/verklarende_woorden\/responsable-du-traitement-des-donnees-ou-responsable-conjoint-du-traitement\/","name":"Responsable du traitement des donn\u00e9es ou Responsable conjoint du traitement - EBP Website","isPartOf":{"@id":"https:\/\/www.ebp.be\/fr\/#website"},"datePublished":"2025-03-06T10:29:24+00:00","dateModified":"2025-12-22T15:19:47+00:00","breadcrumb":{"@id":"https:\/\/www.ebp.be\/fr\/verklarende_woorden\/responsable-du-traitement-des-donnees-ou-responsable-conjoint-du-traitement\/#breadcrumb"},"inLanguage":"fr-FR","potentialAction":[{"@type":"ReadAction","target":["https:\/\/www.ebp.be\/fr\/verklarende_woorden\/responsable-du-traitement-des-donnees-ou-responsable-conjoint-du-traitement\/"]}]},{"@type":"BreadcrumbList","@id":"https:\/\/www.ebp.be\/fr\/verklarende_woorden\/responsable-du-traitement-des-donnees-ou-responsable-conjoint-du-traitement\/#breadcrumb","itemListElement":[{"@type":"ListItem","position":1,"name":"Home","item":"https:\/\/www.ebp.be\/fr\/"},{"@type":"ListItem","position":2,"name":"Responsable du traitement des donn\u00e9es ou Responsable conjoint du traitement"}]},{"@type":"WebSite","@id":"https:\/\/www.ebp.be\/fr\/#website","url":"https:\/\/www.ebp.be\/fr\/","name":"EBP Website","description":"","publisher":{"@id":"https:\/\/www.ebp.be\/fr\/#organization"},"potentialAction":[{"@type":"SearchAction","target":{"@type":"EntryPoint","urlTemplate":"https:\/\/www.ebp.be\/fr\/?s={search_term_string}"},"query-input":{"@type":"PropertyValueSpecification","valueRequired":true,"valueName":"search_term_string"}}],"inLanguage":"fr-FR"},{"@type":"Organization","@id":"https:\/\/www.ebp.be\/fr\/#organization","name":"EBP Website","url":"https:\/\/www.ebp.be\/fr\/","logo":{"@type":"ImageObject","inLanguage":"fr-FR","@id":"https:\/\/www.ebp.be\/fr\/#\/schema\/logo\/image\/","url":"https:\/\/www.ebp.be\/wp-content\/uploads\/2025\/02\/EBP_2024_CMYK_500x500.png","contentUrl":"https:\/\/www.ebp.be\/wp-content\/uploads\/2025\/02\/EBP_2024_CMYK_500x500.png","width":500,"height":500,"caption":"EBP Website"},"image":{"@id":"https:\/\/www.ebp.be\/fr\/#\/schema\/logo\/image\/"}}]}},"_links":{"self":[{"href":"https:\/\/www.ebp.be\/fr\/wp-json\/wp\/v2\/verklarende_woorden\/16656","targetHints":{"allow":["GET"]}}],"collection":[{"href":"https:\/\/www.ebp.be\/fr\/wp-json\/wp\/v2\/verklarende_woorden"}],"about":[{"href":"https:\/\/www.ebp.be\/fr\/wp-json\/wp\/v2\/types\/verklarende_woorden"}],"wp:attachment":[{"href":"https:\/\/www.ebp.be\/fr\/wp-json\/wp\/v2\/media?parent=16656"}],"wp:term":[{"taxonomy":"letters","embeddable":true,"href":"https:\/\/www.ebp.be\/fr\/wp-json\/wp\/v2\/letters?post=16656"}],"curies":[{"name":"wp","href":"https:\/\/api.w.org\/{rel}","templated":true}]}}

Responsable du traitement des données ou Responsable conjoint du traitement

<p>Le responsable du traitement des données détermine les finalités et les moyens du traitement des données à caractère personnel. L’adjudicateur est souvent le responsable (conjoint) du traitement. Les adjudicataires peuvent être aussi bien le sous-traitant des données que le responsable du traitement des données, ou les deux.</p>

<!-- This site is optimized with the Yoast SEO plugin v27.4 - https://yoast.com/product/yoast-seo-wordpress/ -->
<title>Responsable du traitement des données ou Responsable conjoint du traitement - EBP Website</title>
<meta name="robots" content="index, follow, max-snippet:-1, max-image-preview:large, max-video-preview:-1" />
<link rel="canonical" href="https://www.ebp.be/fr/verklarende_woorden/responsable-du-traitement-des-donnees-ou-responsable-conjoint-du-traitement/" />
<meta property="og:locale" content="fr_FR" />
<meta property="og:type" content="article" />
<meta property="og:title" content="Responsable du traitement des données ou Responsable conjoint du traitement - EBP Website" />
<meta property="og:description" content="Le responsable du traitement des données détermine les finalités et les moyens du traitement des données à caractère personnel. L’adjudicateur est souvent le responsable (conjoint) du traitement. Les adjudicataires peuvent être aussi bien le sous-traitant des données que le responsable du traitement des données, ou les deux." />
<meta property="og:url" content="https://www.ebp.be/fr/verklarende_woorden/responsable-du-traitement-des-donnees-ou-responsable-conjoint-du-traitement/" />
<meta property="og:site_name" content="EBP Website" />
<meta property="article:modified_time" content="2025-12-22T15:19:47+00:00" />
<meta name="twitter:card" content="summary_large_image" />
<meta name="twitter:label1" content="Durée de lecture estimée" />
	<meta name="twitter:data1" content="1 minute" />
<script type="application/ld+json" class="yoast-schema-graph">{"@context":"https:\/\/schema.org","@graph":[{"@type":"WebPage","@id":"https:\/\/www.ebp.be\/fr\/verklarende_woorden\/responsable-du-traitement-des-donnees-ou-responsable-conjoint-du-traitement\/","url":"https:\/\/www.ebp.be\/fr\/verklarende_woorden\/responsable-du-traitement-des-donnees-ou-responsable-conjoint-du-traitement\/","name":"Responsable du traitement des données ou Responsable conjoint du traitement - EBP Website","isPartOf":{"@id":"https:\/\/www.ebp.be\/fr\/#website"},"datePublished":"2025-03-06T10:29:24+00:00","dateModified":"2025-12-22T15:19:47+00:00","breadcrumb":{"@id":"https:\/\/www.ebp.be\/fr\/verklarende_woorden\/responsable-du-traitement-des-donnees-ou-responsable-conjoint-du-traitement\/#breadcrumb"},"inLanguage":"fr-FR","potentialAction":[{"@type":"ReadAction","target":["https:\/\/www.ebp.be\/fr\/verklarende_woorden\/responsable-du-traitement-des-donnees-ou-responsable-conjoint-du-traitement\/"]}]},{"@type":"BreadcrumbList","@id":"https:\/\/www.ebp.be\/fr\/verklarende_woorden\/responsable-du-traitement-des-donnees-ou-responsable-conjoint-du-traitement\/#breadcrumb","itemListElement":[{"@type":"ListItem","position":1,"name":"Home","item":"https:\/\/www.ebp.be\/fr\/"},{"@type":"ListItem","position":2,"name":"Responsable du traitement des données ou Responsable conjoint du traitement"}]},{"@type":"WebSite","@id":"https:\/\/www.ebp.be\/fr\/#website","url":"https:\/\/www.ebp.be\/fr\/","name":"EBP Website","description":"","publisher":{"@id":"https:\/\/www.ebp.be\/fr\/#organization"},"potentialAction":[{"@type":"SearchAction","target":{"@type":"EntryPoint","urlTemplate":"https:\/\/www.ebp.be\/fr\/?s={search_term_string}"},"query-input":{"@type":"PropertyValueSpecification","valueRequired":true,"valueName":"search_term_string"}}],"inLanguage":"fr-FR"},{"@type":"Organization","@id":"https:\/\/www.ebp.be\/fr\/#organization","name":"EBP Website","url":"https:\/\/www.ebp.be\/fr\/","logo":{"@type":"ImageObject","inLanguage":"fr-FR","@id":"https:\/\/www.ebp.be\/fr\/#\/schema\/logo\/image\/","url":"https:\/\/www.ebp.be\/wp-content\/uploads\/2025\/02\/EBP_2024_CMYK_500x500.png","contentUrl":"https:\/\/www.ebp.be\/wp-content\/uploads\/2025\/02\/EBP_2024_CMYK_500x500.png","width":500,"height":500,"caption":"EBP Website"},"image":{"@id":"https:\/\/www.ebp.be\/fr\/#\/schema\/logo\/image\/"}}]}</script>
<!-- / Yoast SEO plugin. -->

Responsable du traitement des données ou Responsable conjoint du traitement - EBP Website

Le responsable du traitement des données détermine les finalités et les moyens du traitement des données à caractère personnel. L’adjudicateur est souvent le responsable (conjoint) du traitement. Les adjudicataires peuvent être aussi bien le sous-traitant des données que le responsable du traitement des données, ou les deux.
