{"id":16788,"date":"2025-03-06T13:04:48","date_gmt":"2025-03-06T12:04:48","guid":{"rendered":"https:\/\/www.ebp.be\/?post_type=verklarende_woordenl&#038;p=16788"},"modified":"2025-12-22T16:19:46","modified_gmt":"2025-12-22T15:19:46","slug":"art-48-de-la-loi-relative-aux-marches-publics","status":"publish","type":"verklarende_woorden","link":"https:\/\/www.ebp.be\/fr\/verklarende_woorden\/art-48-de-la-loi-relative-aux-marches-publics\/","title":{"rendered":"Art. 48 de la loi relative aux march\u00e9s publics"},"content":{"rendered":"\n<p>Deux ou plusieurs pouvoirs adjudicateurs, peuvent convenir de passer conjointement certains march\u00e9s sp\u00e9cifiques.<\/p>\n\n\n\n<p>Lorsqu\u2019une proc\u00e9dure de passation est men\u00e9e conjointement, ceux-ci sont solidairement responsables de l\u2019ex\u00e9cution des obligations qui leur incombent.<\/p>\n\n\n\n<p>Ils ne sont solidairement responsables que des parties men\u00e9es conjointement. Chaque pouvoir adjudicateur est seul responsable de l\u2019ex\u00e9cution des obligations qui lui incombent pour les parties de la proc\u00e9dure dont il se charge en son nom propre et pour son propre compte.<\/p>\n\n\n\n<p>Le Roi peut fixer des modalit\u00e9s mat\u00e9rielles et proc\u00e9durales additionnelles applicables \u00e0 l\u2019ex\u00e9cution de ces march\u00e9s conjoints.<\/p>\n","protected":false},"excerpt":{"rendered":"<p>Deux ou plusieurs pouvoirs adjudicateurs, peuvent convenir de passer conjointement certains march\u00e9s sp\u00e9cifiques. Lorsqu\u2019une proc\u00e9dure de passation est men\u00e9e conjointement, ceux-ci sont solidairement responsables de l\u2019ex\u00e9cution des obligations qui leur incombent. Ils ne sont solidairement responsables que des parties men\u00e9es conjointement. Chaque pouvoir adjudicateur est seul responsable de l\u2019ex\u00e9cution des obligations qui lui incombent pour &#8230; <a title=\"Art. 48 de la loi relative aux march\u00e9s publics\" class=\"read-more\" href=\"https:\/\/www.ebp.be\/fr\/verklarende_woorden\/art-48-de-la-loi-relative-aux-marches-publics\/\" aria-label=\"En savoir plus sur Art. 48 de la loi relative aux march\u00e9s publics\">Lire la suite<\/a><\/p>\n","protected":false},"featured_media":0,"template":"","letters":[294],"class_list":["post-16788","verklarende_woorden","type-verklarende_woorden","status-publish","hentry","letters-mp"],"acf":[],"yoast_head":"<!-- This site is optimized with the Yoast SEO plugin v27.4 - https:\/\/yoast.com\/product\/yoast-seo-wordpress\/ -->\n<title>Art. 48 de la loi relative aux march\u00e9s publics - EBP Website<\/title>\n<meta name=\"robots\" content=\"index, follow, max-snippet:-1, max-image-preview:large, max-video-preview:-1\" \/>\n<link rel=\"canonical\" href=\"https:\/\/www.ebp.be\/fr\/verklarende_woorden\/art-48-de-la-loi-relative-aux-marches-publics\/\" \/>\n<meta property=\"og:locale\" content=\"fr_FR\" \/>\n<meta property=\"og:type\" content=\"article\" \/>\n<meta property=\"og:title\" content=\"Art. 48 de la loi relative aux march\u00e9s publics - EBP Website\" \/>\n<meta property=\"og:description\" content=\"Deux ou plusieurs pouvoirs adjudicateurs, peuvent convenir de passer conjointement certains march\u00e9s sp\u00e9cifiques. Lorsqu\u2019une proc\u00e9dure de passation est men\u00e9e conjointement, ceux-ci sont solidairement responsables de l\u2019ex\u00e9cution des obligations qui leur incombent. Ils ne sont solidairement responsables que des parties men\u00e9es conjointement. Chaque pouvoir adjudicateur est seul responsable de l\u2019ex\u00e9cution des obligations qui lui incombent pour ... Lire la suite\" \/>\n<meta property=\"og:url\" content=\"https:\/\/www.ebp.be\/fr\/verklarende_woorden\/art-48-de-la-loi-relative-aux-marches-publics\/\" \/>\n<meta property=\"og:site_name\" content=\"EBP Website\" \/>\n<meta property=\"article:modified_time\" content=\"2025-12-22T15:19:46+00:00\" \/>\n<meta name=\"twitter:card\" content=\"summary_large_image\" \/>\n<meta name=\"twitter:label1\" content=\"Dur\u00e9e de lecture estim\u00e9e\" \/>\n\t<meta name=\"twitter:data1\" content=\"1 minute\" \/>\n<script type=\"application\/ld+json\" class=\"yoast-schema-graph\">{\"@context\":\"https:\\\/\\\/schema.org\",\"@graph\":[{\"@type\":\"WebPage\",\"@id\":\"https:\\\/\\\/www.ebp.be\\\/fr\\\/verklarende_woorden\\\/art-48-de-la-loi-relative-aux-marches-publics\\\/\",\"url\":\"https:\\\/\\\/www.ebp.be\\\/fr\\\/verklarende_woorden\\\/art-48-de-la-loi-relative-aux-marches-publics\\\/\",\"name\":\"Art. 48 de la loi relative aux march\u00e9s publics - EBP Website\",\"isPartOf\":{\"@id\":\"https:\\\/\\\/www.ebp.be\\\/fr\\\/#website\"},\"datePublished\":\"2025-03-06T12:04:48+00:00\",\"dateModified\":\"2025-12-22T15:19:46+00:00\",\"breadcrumb\":{\"@id\":\"https:\\\/\\\/www.ebp.be\\\/fr\\\/verklarende_woorden\\\/art-48-de-la-loi-relative-aux-marches-publics\\\/#breadcrumb\"},\"inLanguage\":\"fr-FR\",\"potentialAction\":[{\"@type\":\"ReadAction\",\"target\":[\"https:\\\/\\\/www.ebp.be\\\/fr\\\/verklarende_woorden\\\/art-48-de-la-loi-relative-aux-marches-publics\\\/\"]}]},{\"@type\":\"BreadcrumbList\",\"@id\":\"https:\\\/\\\/www.ebp.be\\\/fr\\\/verklarende_woorden\\\/art-48-de-la-loi-relative-aux-marches-publics\\\/#breadcrumb\",\"itemListElement\":[{\"@type\":\"ListItem\",\"position\":1,\"name\":\"Home\",\"item\":\"https:\\\/\\\/www.ebp.be\\\/fr\\\/\"},{\"@type\":\"ListItem\",\"position\":2,\"name\":\"Art. 48 de la loi relative aux march\u00e9s publics\"}]},{\"@type\":\"WebSite\",\"@id\":\"https:\\\/\\\/www.ebp.be\\\/fr\\\/#website\",\"url\":\"https:\\\/\\\/www.ebp.be\\\/fr\\\/\",\"name\":\"EBP Website\",\"description\":\"\",\"publisher\":{\"@id\":\"https:\\\/\\\/www.ebp.be\\\/fr\\\/#organization\"},\"potentialAction\":[{\"@type\":\"SearchAction\",\"target\":{\"@type\":\"EntryPoint\",\"urlTemplate\":\"https:\\\/\\\/www.ebp.be\\\/fr\\\/?s={search_term_string}\"},\"query-input\":{\"@type\":\"PropertyValueSpecification\",\"valueRequired\":true,\"valueName\":\"search_term_string\"}}],\"inLanguage\":\"fr-FR\"},{\"@type\":\"Organization\",\"@id\":\"https:\\\/\\\/www.ebp.be\\\/fr\\\/#organization\",\"name\":\"EBP Website\",\"url\":\"https:\\\/\\\/www.ebp.be\\\/fr\\\/\",\"logo\":{\"@type\":\"ImageObject\",\"inLanguage\":\"fr-FR\",\"@id\":\"https:\\\/\\\/www.ebp.be\\\/fr\\\/#\\\/schema\\\/logo\\\/image\\\/\",\"url\":\"https:\\\/\\\/www.ebp.be\\\/wp-content\\\/uploads\\\/2025\\\/02\\\/EBP_2024_CMYK_500x500.png\",\"contentUrl\":\"https:\\\/\\\/www.ebp.be\\\/wp-content\\\/uploads\\\/2025\\\/02\\\/EBP_2024_CMYK_500x500.png\",\"width\":500,\"height\":500,\"caption\":\"EBP Website\"},\"image\":{\"@id\":\"https:\\\/\\\/www.ebp.be\\\/fr\\\/#\\\/schema\\\/logo\\\/image\\\/\"}}]}<\/script>\n<!-- \/ Yoast SEO plugin. -->","yoast_head_json":{"title":"Art. 48 de la loi relative aux march\u00e9s publics - EBP Website","robots":{"index":"index","follow":"follow","max-snippet":"max-snippet:-1","max-image-preview":"max-image-preview:large","max-video-preview":"max-video-preview:-1"},"canonical":"https:\/\/www.ebp.be\/fr\/verklarende_woorden\/art-48-de-la-loi-relative-aux-marches-publics\/","og_locale":"fr_FR","og_type":"article","og_title":"Art. 48 de la loi relative aux march\u00e9s publics - EBP Website","og_description":"Deux ou plusieurs pouvoirs adjudicateurs, peuvent convenir de passer conjointement certains march\u00e9s sp\u00e9cifiques. Lorsqu\u2019une proc\u00e9dure de passation est men\u00e9e conjointement, ceux-ci sont solidairement responsables de l\u2019ex\u00e9cution des obligations qui leur incombent. Ils ne sont solidairement responsables que des parties men\u00e9es conjointement. Chaque pouvoir adjudicateur est seul responsable de l\u2019ex\u00e9cution des obligations qui lui incombent pour ... Lire la suite","og_url":"https:\/\/www.ebp.be\/fr\/verklarende_woorden\/art-48-de-la-loi-relative-aux-marches-publics\/","og_site_name":"EBP Website","article_modified_time":"2025-12-22T15:19:46+00:00","twitter_card":"summary_large_image","twitter_misc":{"Dur\u00e9e de lecture estim\u00e9e":"1 minute"},"schema":{"@context":"https:\/\/schema.org","@graph":[{"@type":"WebPage","@id":"https:\/\/www.ebp.be\/fr\/verklarende_woorden\/art-48-de-la-loi-relative-aux-marches-publics\/","url":"https:\/\/www.ebp.be\/fr\/verklarende_woorden\/art-48-de-la-loi-relative-aux-marches-publics\/","name":"Art. 48 de la loi relative aux march\u00e9s publics - EBP Website","isPartOf":{"@id":"https:\/\/www.ebp.be\/fr\/#website"},"datePublished":"2025-03-06T12:04:48+00:00","dateModified":"2025-12-22T15:19:46+00:00","breadcrumb":{"@id":"https:\/\/www.ebp.be\/fr\/verklarende_woorden\/art-48-de-la-loi-relative-aux-marches-publics\/#breadcrumb"},"inLanguage":"fr-FR","potentialAction":[{"@type":"ReadAction","target":["https:\/\/www.ebp.be\/fr\/verklarende_woorden\/art-48-de-la-loi-relative-aux-marches-publics\/"]}]},{"@type":"BreadcrumbList","@id":"https:\/\/www.ebp.be\/fr\/verklarende_woorden\/art-48-de-la-loi-relative-aux-marches-publics\/#breadcrumb","itemListElement":[{"@type":"ListItem","position":1,"name":"Home","item":"https:\/\/www.ebp.be\/fr\/"},{"@type":"ListItem","position":2,"name":"Art. 48 de la loi relative aux march\u00e9s publics"}]},{"@type":"WebSite","@id":"https:\/\/www.ebp.be\/fr\/#website","url":"https:\/\/www.ebp.be\/fr\/","name":"EBP Website","description":"","publisher":{"@id":"https:\/\/www.ebp.be\/fr\/#organization"},"potentialAction":[{"@type":"SearchAction","target":{"@type":"EntryPoint","urlTemplate":"https:\/\/www.ebp.be\/fr\/?s={search_term_string}"},"query-input":{"@type":"PropertyValueSpecification","valueRequired":true,"valueName":"search_term_string"}}],"inLanguage":"fr-FR"},{"@type":"Organization","@id":"https:\/\/www.ebp.be\/fr\/#organization","name":"EBP Website","url":"https:\/\/www.ebp.be\/fr\/","logo":{"@type":"ImageObject","inLanguage":"fr-FR","@id":"https:\/\/www.ebp.be\/fr\/#\/schema\/logo\/image\/","url":"https:\/\/www.ebp.be\/wp-content\/uploads\/2025\/02\/EBP_2024_CMYK_500x500.png","contentUrl":"https:\/\/www.ebp.be\/wp-content\/uploads\/2025\/02\/EBP_2024_CMYK_500x500.png","width":500,"height":500,"caption":"EBP Website"},"image":{"@id":"https:\/\/www.ebp.be\/fr\/#\/schema\/logo\/image\/"}}]}},"_links":{"self":[{"href":"https:\/\/www.ebp.be\/fr\/wp-json\/wp\/v2\/verklarende_woorden\/16788","targetHints":{"allow":["GET"]}}],"collection":[{"href":"https:\/\/www.ebp.be\/fr\/wp-json\/wp\/v2\/verklarende_woorden"}],"about":[{"href":"https:\/\/www.ebp.be\/fr\/wp-json\/wp\/v2\/types\/verklarende_woorden"}],"wp:attachment":[{"href":"https:\/\/www.ebp.be\/fr\/wp-json\/wp\/v2\/media?parent=16788"}],"wp:term":[{"taxonomy":"letters","embeddable":true,"href":"https:\/\/www.ebp.be\/fr\/wp-json\/wp\/v2\/letters?post=16788"}],"curies":[{"name":"wp","href":"https:\/\/api.w.org\/{rel}","templated":true}]}}

Art. 48 de la loi relative aux marchés publics

<p>Deux ou plusieurs pouvoirs adjudicateurs, peuvent convenir de passer conjointement certains marchés spécifiques.</p>



<p>Lorsqu’une procédure de passation est menée conjointement, ceux-ci sont solidairement responsables de l’exécution des obligations qui leur incombent.</p>



<p>Ils ne sont solidairement responsables que des parties menées conjointement. Chaque pouvoir adjudicateur est seul responsable de l’exécution des obligations qui lui incombent pour les parties de la procédure dont il se charge en son nom propre et pour son propre compte.</p>



<p>Le Roi peut fixer des modalités matérielles et procédurales additionnelles applicables à l’exécution de ces marchés conjoints.</p>

<p>Deux ou plusieurs pouvoirs adjudicateurs, peuvent convenir de passer conjointement certains marchés spécifiques. Lorsqu’une procédure de passation est menée conjointement, ceux-ci sont solidairement responsables de l’exécution des obligations qui leur incombent. Ils ne sont solidairement responsables que des parties menées conjointement. Chaque pouvoir adjudicateur est seul responsable de l’exécution des obligations qui lui incombent pour &#8230; <a title="Art. 48 de la loi relative aux marchés publics" class="read-more" href="https://www.ebp.be/fr/verklarende_woorden/art-48-de-la-loi-relative-aux-marches-publics/" aria-label="En savoir plus sur Art. 48 de la loi relative aux marchés publics">Lire la suite</a></p>

<!-- This site is optimized with the Yoast SEO plugin v27.4 - https://yoast.com/product/yoast-seo-wordpress/ -->
<title>Art. 48 de la loi relative aux marchés publics - EBP Website</title>
<meta name="robots" content="index, follow, max-snippet:-1, max-image-preview:large, max-video-preview:-1" />
<link rel="canonical" href="https://www.ebp.be/fr/verklarende_woorden/art-48-de-la-loi-relative-aux-marches-publics/" />
<meta property="og:locale" content="fr_FR" />
<meta property="og:type" content="article" />
<meta property="og:title" content="Art. 48 de la loi relative aux marchés publics - EBP Website" />
<meta property="og:description" content="Deux ou plusieurs pouvoirs adjudicateurs, peuvent convenir de passer conjointement certains marchés spécifiques. Lorsqu’une procédure de passation est menée conjointement, ceux-ci sont solidairement responsables de l’exécution des obligations qui leur incombent. Ils ne sont solidairement responsables que des parties menées conjointement. Chaque pouvoir adjudicateur est seul responsable de l’exécution des obligations qui lui incombent pour ... Lire la suite" />
<meta property="og:url" content="https://www.ebp.be/fr/verklarende_woorden/art-48-de-la-loi-relative-aux-marches-publics/" />
<meta property="og:site_name" content="EBP Website" />
<meta property="article:modified_time" content="2025-12-22T15:19:46+00:00" />
<meta name="twitter:card" content="summary_large_image" />
<meta name="twitter:label1" content="Durée de lecture estimée" />
	<meta name="twitter:data1" content="1 minute" />
<script type="application/ld+json" class="yoast-schema-graph">{"@context":"https:\/\/schema.org","@graph":[{"@type":"WebPage","@id":"https:\/\/www.ebp.be\/fr\/verklarende_woorden\/art-48-de-la-loi-relative-aux-marches-publics\/","url":"https:\/\/www.ebp.be\/fr\/verklarende_woorden\/art-48-de-la-loi-relative-aux-marches-publics\/","name":"Art. 48 de la loi relative aux marchés publics - EBP Website","isPartOf":{"@id":"https:\/\/www.ebp.be\/fr\/#website"},"datePublished":"2025-03-06T12:04:48+00:00","dateModified":"2025-12-22T15:19:46+00:00","breadcrumb":{"@id":"https:\/\/www.ebp.be\/fr\/verklarende_woorden\/art-48-de-la-loi-relative-aux-marches-publics\/#breadcrumb"},"inLanguage":"fr-FR","potentialAction":[{"@type":"ReadAction","target":["https:\/\/www.ebp.be\/fr\/verklarende_woorden\/art-48-de-la-loi-relative-aux-marches-publics\/"]}]},{"@type":"BreadcrumbList","@id":"https:\/\/www.ebp.be\/fr\/verklarende_woorden\/art-48-de-la-loi-relative-aux-marches-publics\/#breadcrumb","itemListElement":[{"@type":"ListItem","position":1,"name":"Home","item":"https:\/\/www.ebp.be\/fr\/"},{"@type":"ListItem","position":2,"name":"Art. 48 de la loi relative aux marchés publics"}]},{"@type":"WebSite","@id":"https:\/\/www.ebp.be\/fr\/#website","url":"https:\/\/www.ebp.be\/fr\/","name":"EBP Website","description":"","publisher":{"@id":"https:\/\/www.ebp.be\/fr\/#organization"},"potentialAction":[{"@type":"SearchAction","target":{"@type":"EntryPoint","urlTemplate":"https:\/\/www.ebp.be\/fr\/?s={search_term_string}"},"query-input":{"@type":"PropertyValueSpecification","valueRequired":true,"valueName":"search_term_string"}}],"inLanguage":"fr-FR"},{"@type":"Organization","@id":"https:\/\/www.ebp.be\/fr\/#organization","name":"EBP Website","url":"https:\/\/www.ebp.be\/fr\/","logo":{"@type":"ImageObject","inLanguage":"fr-FR","@id":"https:\/\/www.ebp.be\/fr\/#\/schema\/logo\/image\/","url":"https:\/\/www.ebp.be\/wp-content\/uploads\/2025\/02\/EBP_2024_CMYK_500x500.png","contentUrl":"https:\/\/www.ebp.be\/wp-content\/uploads\/2025\/02\/EBP_2024_CMYK_500x500.png","width":500,"height":500,"caption":"EBP Website"},"image":{"@id":"https:\/\/www.ebp.be\/fr\/#\/schema\/logo\/image\/"}}]}</script>
<!-- / Yoast SEO plugin. -->

Art. 48 de la loi relative aux marchés publics - EBP Website

Deux ou plusieurs pouvoirs adjudicateurs, peuvent convenir de passer conjointement certains marchés spécifiques. Lorsqu’une procédure de passation est menée conjointement, ceux-ci sont solidairement responsables de l’exécution des obligations qui leur incombent. Ils ne sont solidairement responsables que des parties menées conjointement. Chaque pouvoir adjudicateur est seul responsable de l’exécution des obligations qui lui incombent pour ... Lire la suite
